000
CDUS43 KTOP 090635
CLITOP


CLIMATE REPORT
NATIONAL WEATHER SERVICE TOPEKA KS
135 AM CDT FRI JUN 9 2017


...................................

...THE TOPEKA KS CLIMATE SUMMARY FOR JUNE 8 2017...

CLIMATE NORMAL PERIOD 1981 TO 2010
CLIMATE RECORD PERIOD 1887 TO 2017


WEATHER ITEM   OBSERVED TIME   RECORD YEAR NORMAL DEPARTURE LAST
                VALUE   (LST)  VALUE       VALUE  FROM      YEAR
                                                  NORMAL
..................................................................
TEMPERATURE (F)
 YESTERDAY
  MAXIMUM         83    429 PM 101    1911  83      0       89
  MINIMUM         57    510 AM  47    1913  62     -5       62
  AVERAGE         70                        72     -2       76

PRECIPITATION (IN)
  YESTERDAY        0.00          2.17 1994   0.19  -0.19     0.00
  MONTH TO DATE    0.31                      1.41  -1.10     0.75
  SINCE JUN 1      0.31                      1.41  -1.10     0.75
  SINCE JAN 1     15.46                     14.52   0.94    20.06

SNOWFALL (IN)
  YESTERDAY        0.0           T    1993   0.0    0.0      0.0
  MONTH TO DATE    0.0                       0.0    0.0      0.0
  SINCE JAN 1      3.5                      11.3   -7.8      3.7
  SINCE JUL 1      6.6                      17.8  -11.2      4.9
  SNOW DEPTH       0

DEGREE DAYS
 HEATING
  YESTERDAY        0                         0      0        0
  MONTH TO DATE    0                         6     -6        0
  SINCE JUN 1      0                         6     -6        0
  SINCE JUL 1   4007                      5019  -1012     4002

 COOLING
  YESTERDAY        5                         8     -3       11
  MONTH TO DATE   67                        54     13       61
  SINCE JUN 1     67                        54     13       61
  SINCE JAN 1    196                       180     16      153
..................................................................


WIND (MPH)
  HIGHEST WIND SPEED    13   HIGHEST WIND DIRECTION     S (200)
  HIGHEST GUST SPEED    18   HIGHEST GUST DIRECTION     S (180)
  AVERAGE WIND SPEED     2.9


SKY COVER
  AVERAGE SKY COVER 0.0


WEATHER CONDITIONS
 THE FOLLOWING WEATHER WAS RECORDED YESTERDAY.
  NO SIGNIFICANT WEATHER WAS OBSERVED.


RELATIVE HUMIDITY (PERCENT)
 HIGHEST   100           200 AM
 LOWEST     33           400 PM
 AVERAGE    67

..........................................................


THE TOPEKA KS CLIMATE NORMALS FOR TODAY
                         NORMAL    RECORD    YEAR
 MAXIMUM TEMPERATURE (F)   83       100      1934
                                             1933
 MINIMUM TEMPERATURE (F)   62        49      1988
                                             1955


SUNRISE AND SUNSET
JUNE  9 2017..........SUNRISE   556 AM CDT   SUNSET   848 PM CDT
JUNE 10 2017..........SUNRISE   556 AM CDT   SUNSET   848 PM CDT


-  INDICATES NEGATIVE NUMBERS.
R  INDICATES RECORD WAS SET OR TIED.
MM INDICATES DATA IS MISSING.
T  INDICATES TRACE AMOUNT.




$$
