000
CDUS43 KTOP 072235
CLITOP


CLIMATE REPORT
NATIONAL WEATHER SERVICE TOPEKA KS
435 PM CST TUE MAR 7 2017


...................................

...THE TOPEKA KS CLIMATE SUMMARY FOR MARCH 7 2017...
VALID TODAY AS OF 430 PM LOCAL TIME.

CLIMATE NORMAL PERIOD 1981 TO 2010
CLIMATE RECORD PERIOD 1887 TO 2017


WEATHER ITEM   OBSERVED TIME   RECORD YEAR NORMAL DEPARTURE LAST
                VALUE   (LST)  VALUE       VALUE  FROM      YEAR
                                                  NORMAL
..................................................................
TEMPERATURE (F)
 TODAY
  MAXIMUM         62    359 PM  84    1974  53      9       72
  MINIMUM         38    716 AM   1    1996  30      8       64
                                      1943
  AVERAGE         50                        42      8       68

PRECIPITATION (IN)
  TODAY            0.00          2.22 1921   0.07  -0.07     0.00
  MONTH TO DATE    0.15                      0.46  -0.31     0.01
  SINCE MAR 1      0.15                      0.46  -0.31     0.01
  SINCE JAN 1      1.54                      2.64  -1.10     1.28

SNOWFALL (IN)
  TODAY            0.0           7.5  1931   0.1   -0.1      0.0
  MONTH TO DATE    T                         0.5   -0.5       T
  SINCE JAN 1      2.2                       9.9   -7.7      2.3
  SINCE JUL 1      5.3                      16.4  -11.1      3.5
  SNOW DEPTH       0

DEGREE DAYS
 HEATING
  TODAY           15                        23     -8        0
  MONTH TO DATE  100                       172    -72      104
  SINCE MAR 1    100                       172    -72      104
  SINCE JUL 1   3281                      4139   -858     3356

 COOLING
  TODAY            0                         0      0        3
  MONTH TO DATE    0                         0      0        3
  SINCE MAR 1      0                         0      0        3
  SINCE JAN 1      0                         0      0        3
..................................................................


WIND (MPH)
  HIGHEST WIND SPEED    26   HIGHEST WIND DIRECTION     W (250)
  HIGHEST GUST SPEED    40   HIGHEST GUST DIRECTION     W (250)
  AVERAGE WIND SPEED    13.1



WEATHER CONDITIONS
 THE FOLLOWING WEATHER WAS RECORDED TODAY.
  NO SIGNIFICANT WEATHER WAS OBSERVED.


RELATIVE HUMIDITY (PERCENT)
 HIGHEST    59           400 AM
 LOWEST     12           300 PM
 AVERAGE    36

..........................................................


THE TOPEKA KS CLIMATE NORMALS FOR TOMORROW
                         NORMAL    RECORD    YEAR
 MAXIMUM TEMPERATURE (F)   53        82      1977
 MINIMUM TEMPERATURE (F)   31        -4      1967


SUNRISE AND SUNSET
MARCH  7 2017.........SUNRISE   646 AM CST   SUNSET   622 PM CST
MARCH  8 2017.........SUNRISE   644 AM CST   SUNSET   623 PM CST


-  INDICATES NEGATIVE NUMBERS.
R  INDICATES RECORD WAS SET OR TIED.
MM INDICATES DATA IS MISSING.
T  INDICATES TRACE AMOUNT.




$$
