000
CDUS43 KTOP 070631
CLITOP


CLIMATE REPORT
NATIONAL WEATHER SERVICE TOPEKA KS
131 AM CDT SAT MAY 7 2016


...................................

...THE TOPEKA KS CLIMATE SUMMARY FOR MAY 6 2016...

CLIMATE NORMAL PERIOD 1981 TO 2010
CLIMATE RECORD PERIOD 1887 TO 2016


WEATHER ITEM   OBSERVED TIME   RECORD YEAR NORMAL DEPARTURE LAST
                VALUE   (LST)  VALUE       VALUE  FROM      YEAR
                                                  NORMAL
..................................................................
TEMPERATURE (F)
 YESTERDAY
  MAXIMUM         83    408 PM  92    1916  73     10       73
  MINIMUM         48    415 AM  30    1944  51     -3       63
  AVERAGE         66                        62      4       68

PRECIPITATION (IN)
  YESTERDAY        0.00          5.10 2007   0.16  -0.16     0.24
  MONTH TO DATE    T                         0.92  -0.92     1.13
  SINCE MAR 1      9.22                      6.94   2.28     4.30
  SINCE JAN 1     10.49                      9.12   1.37     6.29

SNOWFALL (IN)
  YESTERDAY        0.0           T    2001   0.0    0.0      0.0
  MONTH TO DATE    0.0                       0.0    0.0      0.0
  SINCE JAN 1      3.7                      11.3   -7.6      7.9
  SINCE JUL 1      4.9                      17.8  -12.9     10.3
  SNOW DEPTH       0

DEGREE DAYS
 HEATING
  YESTERDAY        0                         5     -5        0
  MONTH TO DATE   42                        33      9        4
  SINCE MAR 1    679                       983   -304      785
  SINCE JUL 1   3931                      4950  -1019     4786

 COOLING
  YESTERDAY        1                         2     -1        3
  MONTH TO DATE    1                        10     -9       28
  SINCE MAR 1     19                        38    -19       33
  SINCE JAN 1     19                        38    -19       33
..................................................................


WIND (MPH)
  HIGHEST WIND SPEED    16   HIGHEST WIND DIRECTION     S (170)
  HIGHEST GUST SPEED    22   HIGHEST GUST DIRECTION     S (180)
  AVERAGE WIND SPEED     5.8


SKY COVER
  AVERAGE SKY COVER 0.0


WEATHER CONDITIONS
 THE FOLLOWING WEATHER WAS RECORDED YESTERDAY.
  NO SIGNIFICANT WEATHER WAS OBSERVED.


RELATIVE HUMIDITY (PERCENT)
 HIGHEST    96           100 AM
 LOWEST     28           200 PM
 AVERAGE    62

..........................................................


THE TOPEKA KS CLIMATE NORMALS FOR TODAY
                         NORMAL    RECORD    YEAR
 MAXIMUM TEMPERATURE (F)   73        94      1934
 MINIMUM TEMPERATURE (F)   51        32      1989
                                             1890


SUNRISE AND SUNSET
MAY  7 2016...........SUNRISE   617 AM CDT   SUNSET   822 PM CDT
MAY  8 2016...........SUNRISE   616 AM CDT   SUNSET   823 PM CDT


-  INDICATES NEGATIVE NUMBERS.
R  INDICATES RECORD WAS SET OR TIED.
MM INDICATES DATA IS MISSING.
T  INDICATES TRACE AMOUNT.




$$
