000
CDUS43 KTOP 052239
CLITOP


CLIMATE REPORT
NATIONAL WEATHER SERVICE TOPEKA KS
439 PM CST SUN MAR 5 2017


...................................

...THE TOPEKA KS CLIMATE SUMMARY FOR MARCH 5 2017...
VALID TODAY AS OF 430 PM LOCAL TIME.

CLIMATE NORMAL PERIOD 1981 TO 2010
CLIMATE RECORD PERIOD 1887 TO 2017


WEATHER ITEM   OBSERVED TIME   RECORD YEAR NORMAL DEPARTURE LAST
                VALUE   (LST)  VALUE       VALUE  FROM      YEAR
                                                  NORMAL
..................................................................
TEMPERATURE (F)
 TODAY
  MAXIMUM         62    359 PM  86    2009  52     10       69
  MINIMUM         54    705 AM  -1    1960  30     24       31
  AVERAGE         58                        41     17       50

PRECIPITATION (IN)
  TODAY            0.00          0.99 1992   0.07  -0.07     0.00
  MONTH TO DATE    0.00                      0.32  -0.32     0.01
  SINCE MAR 1      0.00                      0.32  -0.32     0.01
  SINCE JAN 1      1.39                      2.50  -1.11     1.28

SNOWFALL (IN)
  TODAY            0.0           5.2  1947   0.1   -0.1      0.0
  MONTH TO DATE    0.0                       0.4   -0.4       T
  SINCE JAN 1      2.2                       9.8   -7.6      2.3
  SINCE JUL 1      5.3                      16.3  -11.0      3.5
  SNOW DEPTH       0

DEGREE DAYS
 HEATING
  TODAY            7                        24    -17       15
  MONTH TO DATE   84                       125    -41       98
  SINCE MAR 1     84                       125    -41       98
  SINCE JUL 1   3265                      4092   -827     3350

 COOLING
  TODAY            0                         0      0        0
  MONTH TO DATE    0                         0      0        0
  SINCE MAR 1      0                         0      0        0
  SINCE JAN 1      0                         0      0        0
..................................................................


WIND (MPH)
  HIGHEST WIND SPEED    24   HIGHEST WIND DIRECTION     S (180)
  HIGHEST GUST SPEED    35   HIGHEST GUST DIRECTION     S (190)
  AVERAGE WIND SPEED    14.9



WEATHER CONDITIONS
 THE FOLLOWING WEATHER WAS RECORDED TODAY.
  NO SIGNIFICANT WEATHER WAS OBSERVED.


RELATIVE HUMIDITY (PERCENT)
 HIGHEST    86          1000 AM
 LOWEST     53          1200 AM
 AVERAGE    70

..........................................................


THE TOPEKA KS CLIMATE NORMALS FOR TOMORROW
                         NORMAL    RECORD    YEAR
 MAXIMUM TEMPERATURE (F)   52        79      1925
 MINIMUM TEMPERATURE (F)   30        -5      1960


SUNRISE AND SUNSET
MARCH  5 2017.........SUNRISE   649 AM CST   SUNSET   620 PM CST
MARCH  6 2017.........SUNRISE   647 AM CST   SUNSET   621 PM CST


-  INDICATES NEGATIVE NUMBERS.
R  INDICATES RECORD WAS SET OR TIED.
MM INDICATES DATA IS MISSING.
T  INDICATES TRACE AMOUNT.




$$
