000
CDUS43 KTOP 030635
CLITOP


CLIMATE REPORT
NATIONAL WEATHER SERVICE TOPEKA KS
135 AM CDT TUE OCT 3 2017


...................................

...THE TOPEKA KS CLIMATE SUMMARY FOR OCTOBER 2 2017...

CLIMATE NORMAL PERIOD 1981 TO 2010
CLIMATE RECORD PERIOD 1887 TO 2017


WEATHER ITEM   OBSERVED TIME   RECORD YEAR NORMAL DEPARTURE LAST
                VALUE   (LST)  VALUE       VALUE  FROM      YEAR
                                                  NORMAL
..................................................................
TEMPERATURE (F)
 YESTERDAY
  MAXIMUM         88    332 PM  95    1963  74     14       78
                                      1953
  MINIMUM         65    312 AM  32    2004  49     16       50
  AVERAGE         77                        61     16       64

PRECIPITATION (IN)
  YESTERDAY        0.00          2.10 1941   0.13  -0.13     0.00
  MONTH TO DATE    0.00                      0.25  -0.25     0.00
  SINCE SEP 1      1.78                      3.91  -2.13     7.78
  SINCE JAN 1     35.25                     30.48   4.77    40.67

SNOWFALL (IN)
  YESTERDAY        0.0           0.0    MM   0.0    0.0      0.0
  MONTH TO DATE    0.0                       0.0    0.0      0.0
  SINCE JAN 1      3.5                      11.3   -7.8      3.7
  SINCE JUL 1      T                         0.0    0.0       T
  SNOW DEPTH       0

DEGREE DAYS
 HEATING
  YESTERDAY        0                         6     -6        1
  MONTH TO DATE    0                        11    -11        5
  SINCE SEP 1     13                        76    -63       25
  SINCE JUL 1     13                        78    -65       25

 COOLING
  YESTERDAY       12                         2     10        0
  MONTH TO DATE   19                         4     15        0
  SINCE SEP 1    247                       169     78      244
  SINCE JAN 1   1437                      1397     40     1645
..................................................................


WIND (MPH)
  HIGHEST WIND SPEED    28   HIGHEST WIND DIRECTION     S (160)
  HIGHEST GUST SPEED    34   HIGHEST GUST DIRECTION    SE (150)
  AVERAGE WIND SPEED    13.8


SKY COVER
  AVERAGE SKY COVER 0.1


WEATHER CONDITIONS
 THE FOLLOWING WEATHER WAS RECORDED YESTERDAY.
  NO SIGNIFICANT WEATHER WAS OBSERVED.


RELATIVE HUMIDITY (PERCENT)
 HIGHEST    84           800 AM
 LOWEST     46           100 PM
 AVERAGE    65

..........................................................


THE TOPEKA KS CLIMATE NORMALS FOR TODAY
                         NORMAL    RECORD    YEAR
 MAXIMUM TEMPERATURE (F)   73        96      2006
                                             1954
 MINIMUM TEMPERATURE (F)   49        28      1888


SUNRISE AND SUNSET
OCTOBER  3 2017.......SUNRISE   721 AM CDT   SUNSET   702 PM CDT
OCTOBER  4 2017.......SUNRISE   722 AM CDT   SUNSET   700 PM CDT


-  INDICATES NEGATIVE NUMBERS.
R  INDICATES RECORD WAS SET OR TIED.
MM INDICATES DATA IS MISSING.
T  INDICATES TRACE AMOUNT.




$$
