000
CDUS43 KTOP 220638
CLITOP


CLIMATE REPORT
NATIONAL WEATHER SERVICE TOPEKA KS
137 AM CDT MON JUN 22 2015


...................................

...THE TOPEKA KS CLIMATE SUMMARY FOR JUNE 21 2015...

CLIMATE NORMAL PERIOD 1981 TO 2010
CLIMATE RECORD PERIOD 1887 TO 2015


WEATHER ITEM   OBSERVED TIME   RECORD YEAR NORMAL DEPARTURE LAST
                VALUE   (LST)  VALUE       VALUE  FROM      YEAR
                                                  NORMAL
..................................................................
TEMPERATURE (F)
 YESTERDAY
  MAXIMUM         92    356 PM 100    1937  86      6       91
  MINIMUM         74    245 AM  48    1972  65      9       71
  AVERAGE         83                        76      7       81

PRECIPITATION (IN)
  YESTERDAY        T             4.15 1984   0.19  -0.19     0.00
  MONTH TO DATE    5.16                      3.84   1.32     5.82
  SINCE JUN 1      5.16                      3.84   1.32     5.82
  SINCE JAN 1     19.75                     16.95   2.80    13.29

SNOWFALL (IN)
  YESTERDAY        0.0           T    1986   0.0    0.0      0.0
  MONTH TO DATE    0.0                       0.0    0.0      0.0
  SINCE JAN 1      7.9                      11.3   -3.4     23.1
  SINCE JUL 1     10.3                      17.8   -7.5     27.4
  SNOW DEPTH       0

DEGREE DAYS
 HEATING
  YESTERDAY        0                         0      0        0
  MONTH TO DATE    0                         6     -6        0
  SINCE JUN 1      0                         6     -6        0
  SINCE JUL 1   4874                      5019   -145     5440

 COOLING
  YESTERDAY       18                        11      7       16
  MONTH TO DATE  239                       176     63      217
  SINCE JUN 1    239                       176     63      217
  SINCE JAN 1    321                       302     19      434
..................................................................


WIND (MPH)
  HIGHEST WIND SPEED    26   HIGHEST WIND DIRECTION     S (170)
  HIGHEST GUST SPEED    33   HIGHEST GUST DIRECTION     S (160)
  AVERAGE WIND SPEED     9.2


SKY COVER
  AVERAGE SKY COVER 0.2


WEATHER CONDITIONS
 THE FOLLOWING WEATHER WAS RECORDED YESTERDAY.
  LIGHT RAIN


RELATIVE HUMIDITY (PERCENT)
 HIGHEST    87           200 AM
 LOWEST     56           400 PM
 AVERAGE    72

..........................................................


THE TOPEKA KS CLIMATE NORMALS FOR TODAY
                         NORMAL    RECORD    YEAR
 MAXIMUM TEMPERATURE (F)   87       101      1933
 MINIMUM TEMPERATURE (F)   66        45      1889


SUNRISE AND SUNSET
JUNE 22 2015..........SUNRISE   557 AM CDT   SUNSET   852 PM CDT
JUNE 23 2015..........SUNRISE   557 AM CDT   SUNSET   852 PM CDT


-  INDICATES NEGATIVE NUMBERS.
R  INDICATES RECORD WAS SET OR TIED.
MM INDICATES DATA IS MISSING.
T  INDICATES TRACE AMOUNT.




$$
