000
CDUS43 KTOP 080634
CLITOP


CLIMATE REPORT
NATIONAL WEATHER SERVICE TOPEKA KS
1233 AM CST MON DEC 8 2014


...................................

...THE TOPEKA KS CLIMATE SUMMARY FOR DECEMBER 7 2014...

CLIMATE NORMAL PERIOD 1981 TO 2010
CLIMATE RECORD PERIOD 1887 TO 2014


WEATHER ITEM   OBSERVED TIME   RECORD YEAR NORMAL DEPARTURE LAST
                VALUE   (LST)  VALUE       VALUE  FROM      YEAR
                                                  NORMAL
..................................................................
TEMPERATURE (F)
 YESTERDAY
  MAXIMUM         45   1129 PM  70    1894  44      1       23
  MINIMUM         35    326 AM  -1    1917  24     11        2
  AVERAGE         40                        34      6       13

PRECIPITATION (IN)
  YESTERDAY        0.03          2.55 1980   0.05  -0.02      T
  MONTH TO DATE    1.07                      0.36   0.71     0.04
  SINCE DEC 1      1.07                      0.36   0.71     0.04
  SINCE JAN 1     29.95                     35.47  -5.52    33.49

SNOWFALL (IN)
  YESTERDAY        0.0           6.2  2005   0.2   -0.2        T
  MONTH TO DATE    0.0                       1.0   -1.0      0.2
  SINCE JAN 1     23.5                      13.6    9.9     24.4
  SINCE JUL 1      0.4                       2.3   -1.9      0.2
  SNOW DEPTH       0

DEGREE DAYS
 HEATING
  YESTERDAY       25                        31     -6       52
  MONTH TO DATE  203                       210     -7      245
  SINCE DEC 1    203                       210     -7      245
  SINCE JUL 1   1234                      1204     30     1241

 COOLING
  YESTERDAY        0                         0      0        0
  MONTH TO DATE    0                         0      0        0
  SINCE DEC 1      0                         0      0        0
  SINCE JAN 1   1611                      1422    189     1586
..................................................................


WIND (MPH)
  HIGHEST WIND SPEED    15   HIGHEST WIND DIRECTION     S (170)
  HIGHEST GUST SPEED    21   HIGHEST GUST DIRECTION    SE (150)
  AVERAGE WIND SPEED     7.3


SKY COVER
  AVERAGE SKY COVER 1.0


WEATHER CONDITIONS
 THE FOLLOWING WEATHER WAS RECORDED YESTERDAY.
  RAIN
  LIGHT RAIN
  FOG


RELATIVE HUMIDITY (PERCENT)
 HIGHEST   100           700 AM
 LOWEST     82           200 PM
 AVERAGE    91

..........................................................


THE TOPEKA KS CLIMATE NORMALS FOR TODAY
                         NORMAL    RECORD    YEAR
 MAXIMUM TEMPERATURE (F)   43        70      1946
 MINIMUM TEMPERATURE (F)   24        -6      2005
                                             1917


SUNRISE AND SUNSET
DECEMBER  8 2014......SUNRISE   729 AM CST   SUNSET   500 PM CST
DECEMBER  9 2014......SUNRISE   730 AM CST   SUNSET   500 PM CST


-  INDICATES NEGATIVE NUMBERS.
R  INDICATES RECORD WAS SET OR TIED.
MM INDICATES DATA IS MISSING.
T  INDICATES TRACE AMOUNT.




$$
