000
CDUS43 KTOP 100652
CLITOP


CLIMATE REPORT
NATIONAL WEATHER SERVICE TOPEKA KS
150 AM CDT TUE OCT 10 2017


...................................

...THE TOPEKA KS CLIMATE SUMMARY FOR OCTOBER 9 2017...

CLIMATE NORMAL PERIOD 1981 TO 2010
CLIMATE RECORD PERIOD 1887 TO 2017


WEATHER ITEM   OBSERVED TIME   RECORD YEAR NORMAL DEPARTURE LAST
                VALUE   (LST)  VALUE       VALUE  FROM      YEAR
                                                  NORMAL
..................................................................
TEMPERATURE (F)
 YESTERDAY
  MAXIMUM         73    309 PM  92    1954  71      2       71
  MINIMUM         50    406 AM  25    2000  47      3       44
  AVERAGE         62                        59      3       58

PRECIPITATION (IN)
  YESTERDAY        T             3.34 1985   0.09  -0.09     0.00
  MONTH TO DATE    0.98                      1.00  -0.02     0.76
  SINCE SEP 1      2.76                      4.66  -1.90     8.54
  SINCE JAN 1     36.23                     31.23   5.00    41.43

SNOWFALL (IN)
  YESTERDAY        0.0           0.8  1970   0.0    0.0      0.0
  MONTH TO DATE    0.0                       0.0    0.0      0.0
  SINCE JAN 1      3.5                      11.3   -7.8      3.7
  SINCE JUL 1      T                         0.0    0.0       T
  SNOW DEPTH       0

DEGREE DAYS
 HEATING
  YESTERDAY        3                         7     -4        7
  MONTH TO DATE    6                        57    -51       33
  SINCE SEP 1     19                       122   -103       53
  SINCE JUL 1     19                       124   -105       53

 COOLING
  YESTERDAY        0                         1     -1        0
  MONTH TO DATE   46                        15     31        9
  SINCE SEP 1    274                       180     94      253
  SINCE JAN 1   1464                      1408     56     1654
..................................................................


WIND (MPH)
  HIGHEST WIND SPEED    22   HIGHEST WIND DIRECTION     N (360)
  HIGHEST GUST SPEED    33   HIGHEST GUST DIRECTION     N (10)
  AVERAGE WIND SPEED    10.7


SKY COVER
  AVERAGE SKY COVER 0.4


WEATHER CONDITIONS
 THE FOLLOWING WEATHER WAS RECORDED YESTERDAY.
  LIGHT RAIN


RELATIVE HUMIDITY (PERCENT)
 HIGHEST   100           100 AM
 LOWEST     49           300 PM
 AVERAGE    75

..........................................................


THE TOPEKA KS CLIMATE NORMALS FOR TODAY
                         NORMAL    RECORD    YEAR
 MAXIMUM TEMPERATURE (F)   71        95      1963
 MINIMUM TEMPERATURE (F)   47        27      1925


SUNRISE AND SUNSET
OCTOBER 10 2017.......SUNRISE   727 AM CDT   SUNSET   651 PM CDT
OCTOBER 11 2017.......SUNRISE   728 AM CDT   SUNSET   649 PM CDT


-  INDICATES NEGATIVE NUMBERS.
R  INDICATES RECORD WAS SET OR TIED.
MM INDICATES DATA IS MISSING.
T  INDICATES TRACE AMOUNT.




$$
