000
CDUS43 KTOP 140634
CLITOP


CLIMATE REPORT
NATIONAL WEATHER SERVICE TOPEKA KS
1232 AM CST SAT JAN 14 2017


...................................

...THE TOPEKA KS CLIMATE SUMMARY FOR JANUARY 13 2017...

CLIMATE NORMAL PERIOD 1981 TO 2010
CLIMATE RECORD PERIOD 1887 TO 2017


WEATHER ITEM   OBSERVED TIME   RECORD YEAR NORMAL DEPARTURE LAST
                VALUE   (LST)  VALUE       VALUE  FROM      YEAR
                                                  NORMAL
..................................................................
TEMPERATURE (F)
 YESTERDAY
  MAXIMUM         28   1004 PM  70    1996  40    -12       54
  MINIMUM         18    134 AM -15    1916  19     -1       21
  AVERAGE         23                        30     -7       38

PRECIPITATION (IN)
  YESTERDAY        T             0.61 1940   0.02  -0.02     0.00
  MONTH TO DATE    0.33                      0.31   0.02     0.73
  SINCE DEC 1      1.38                      1.66  -0.28     3.44
  SINCE JAN 1      0.33                      0.31   0.02     0.73

SNOWFALL (IN)
  YESTERDAY        0.0           5.1  1979   0.1   -0.1      0.0
  MONTH TO DATE    2.2                       2.0    0.2       T
  SINCE JAN 1      2.2                       2.0    0.2       T
  SINCE JUL 1      5.3                       8.5   -3.2      1.2
  SNOW DEPTH       0

DEGREE DAYS
 HEATING
  YESTERDAY       42                        36      6       27
  MONTH TO DATE  506                       461     45      447
  SINCE DEC 1   1565                      1484     81     1218
  SINCE JUL 1   2138                      2478   -340     1954

 COOLING
  YESTERDAY        0                         0      0        0
  MONTH TO DATE    0                         0      0        0
  SINCE DEC 1      0                         0      0        0
  SINCE JAN 1      0                         0      0        0
..................................................................


WIND (MPH)
  HIGHEST WIND SPEED    17   HIGHEST WIND DIRECTION    NE (60)
  HIGHEST GUST SPEED    20   HIGHEST GUST DIRECTION    NE (60)
  AVERAGE WIND SPEED     8.5


SKY COVER
  AVERAGE SKY COVER 0.5


WEATHER CONDITIONS
 THE FOLLOWING WEATHER WAS RECORDED YESTERDAY.
  LT FREEZING RAIN


RELATIVE HUMIDITY (PERCENT)
 HIGHEST    75          1100 PM
 LOWEST     46          1200 PM
 AVERAGE    61

..........................................................


THE TOPEKA KS CLIMATE NORMALS FOR TODAY
                         NORMAL    RECORD    YEAR
 MAXIMUM TEMPERATURE (F)   40        66      1952
 MINIMUM TEMPERATURE (F)   19       -13      1979


SUNRISE AND SUNSET
JANUARY 14 2017.......SUNRISE   740 AM CST   SUNSET   524 PM CST
JANUARY 15 2017.......SUNRISE   740 AM CST   SUNSET   525 PM CST


-  INDICATES NEGATIVE NUMBERS.
R  INDICATES RECORD WAS SET OR TIED.
MM INDICATES DATA IS MISSING.
T  INDICATES TRACE AMOUNT.




$$
