000
CDUS43 KTOP 060631
CLITOP


CLIMATE REPORT
NATIONAL WEATHER SERVICE TOPEKA KS
131 AM CDT TUE JUN 6 2017


...................................

...THE TOPEKA KS CLIMATE SUMMARY FOR JUNE 5 2017...

CLIMATE NORMAL PERIOD 1981 TO 2010
CLIMATE RECORD PERIOD 1887 TO 2017


WEATHER ITEM   OBSERVED TIME   RECORD YEAR NORMAL DEPARTURE LAST
                VALUE   (LST)  VALUE       VALUE  FROM      YEAR
                                                  NORMAL
..................................................................
TEMPERATURE (F)
 YESTERDAY
  MAXIMUM         93    412 PM 102    1933  82     11       85
  MINIMUM         63    319 AM  43    1993  61      2       60
  AVERAGE         78                        71      7       73

PRECIPITATION (IN)
  YESTERDAY        0.00          2.32 1996   0.18  -0.18     0.00
  MONTH TO DATE    0.31                      0.86  -0.55     0.75
  SINCE JUN 1      0.31                      0.86  -0.55     0.75
  SINCE JAN 1     15.46                     13.97   1.49    20.06

SNOWFALL (IN)
  YESTERDAY        0.0           T    1996   0.0    0.0      0.0
  MONTH TO DATE    0.0                       0.0    0.0      0.0
  SINCE JAN 1      3.5                      11.3   -7.8      3.7
  SINCE JUL 1      6.6                      17.8  -11.2      4.9
  SNOW DEPTH       0

DEGREE DAYS
 HEATING
  YESTERDAY        0                         1     -1        0
  MONTH TO DATE    0                         5     -5        0
  SINCE JUN 1      0                         5     -5        0
  SINCE JUL 1   4007                      5018  -1011     4002

 COOLING
  YESTERDAY       13                         7      6        8
  MONTH TO DATE   49                        32     17       35
  SINCE JUN 1     49                        32     17       35
  SINCE JAN 1    178                       158     20      127
..................................................................


WIND (MPH)
  HIGHEST WIND SPEED    10   HIGHEST WIND DIRECTION     N (350)
  HIGHEST GUST SPEED    15   HIGHEST GUST DIRECTION     N (350)
  AVERAGE WIND SPEED     1.6


SKY COVER
  AVERAGE SKY COVER 0.2


WEATHER CONDITIONS
 THE FOLLOWING WEATHER WAS RECORDED YESTERDAY.
  FOG
  FOG W/VISIBILITY <= 1/4 MILE


RELATIVE HUMIDITY (PERCENT)
 HIGHEST   100          1200 AM
 LOWEST     32           500 PM
 AVERAGE    66

..........................................................


THE TOPEKA KS CLIMATE NORMALS FOR TODAY
                         NORMAL    RECORD    YEAR
 MAXIMUM TEMPERATURE (F)   82       104      1933
 MINIMUM TEMPERATURE (F)   61        44      1998


SUNRISE AND SUNSET
JUNE  6 2017..........SUNRISE   557 AM CDT   SUNSET   846 PM CDT
JUNE  7 2017..........SUNRISE   557 AM CDT   SUNSET   846 PM CDT


-  INDICATES NEGATIVE NUMBERS.
R  INDICATES RECORD WAS SET OR TIED.
MM INDICATES DATA IS MISSING.
T  INDICATES TRACE AMOUNT.




$$
