000
CDUS43 KTOP 290632
CLITOP


CLIMATE REPORT
NATIONAL WEATHER SERVICE TOPEKA KS
1231 AM CST WED NOV 29 2017


...................................

...THE TOPEKA KS CLIMATE SUMMARY FOR NOVEMBER 28 2017...

CLIMATE NORMAL PERIOD 1981 TO 2010
CLIMATE RECORD PERIOD 1887 TO 2017


WEATHER ITEM   OBSERVED TIME   RECORD YEAR NORMAL DEPARTURE LAST
                VALUE   (LST)  VALUE       VALUE  FROM      YEAR
                                                  NORMAL
..................................................................
TEMPERATURE (F)
 YESTERDAY
  MAXIMUM         61   1212 AM  73    2006  48     13       60
  MINIMUM         48   1159 PM   1    1887  27     21       45
  AVERAGE         55                        38     17       53

PRECIPITATION (IN)
  YESTERDAY        0.00          0.64 1997   0.05  -0.05     0.00
  MONTH TO DATE    0.10                      1.74  -1.64     0.19
  SINCE SEP 1      4.82                      8.43  -3.61     9.29
  SINCE JAN 1     38.29                     35.00   3.29    42.18

SNOWFALL (IN)
  YESTERDAY        0.0           4.2  1918   0.0    0.0      0.0
  MONTH TO DATE    T                         0.8   -0.8      0.0
  SINCE JAN 1      3.9                      12.4   -8.5      3.7
  SINCE JUL 1      0.4                       1.1   -0.7       T
  SNOW DEPTH       0

DEGREE DAYS
 HEATING
  YESTERDAY       10                        27    -17       12
  MONTH TO DATE  532                       580    -48      363
  SINCE SEP 1    787                       934   -147      519
  SINCE JUL 1    787                       936   -149      519

 COOLING
  YESTERDAY        0                         0      0        0
  MONTH TO DATE    0                         0      0       13
  SINCE SEP 1    283                       192     91      310
  SINCE JAN 1   1473                      1420     53     1711
..................................................................


WIND (MPH)
  HIGHEST WIND SPEED    25   HIGHEST WIND DIRECTION     S (180)
  HIGHEST GUST SPEED    37   HIGHEST GUST DIRECTION     S (180)
  AVERAGE WIND SPEED    12.6


SKY COVER
  AVERAGE SKY COVER 0.6


WEATHER CONDITIONS
 THE FOLLOWING WEATHER WAS RECORDED YESTERDAY.
  HAZE


RELATIVE HUMIDITY (PERCENT)
 HIGHEST    72           600 AM
 LOWEST     41           800 PM
 AVERAGE    57

..........................................................


THE TOPEKA KS CLIMATE NORMALS FOR TODAY
                         NORMAL    RECORD    YEAR
 MAXIMUM TEMPERATURE (F)   47        76      1933
 MINIMUM TEMPERATURE (F)   27         2      1976


SUNRISE AND SUNSET
NOVEMBER 29 2017......SUNRISE   721 AM CST   SUNSET   501 PM CST
NOVEMBER 30 2017......SUNRISE   722 AM CST   SUNSET   501 PM CST


-  INDICATES NEGATIVE NUMBERS.
R  INDICATES RECORD WAS SET OR TIED.
MM INDICATES DATA IS MISSING.
T  INDICATES TRACE AMOUNT.




$$
