000
CDUS43 KTOP 132234
CLITOP


CLIMATE REPORT
NATIONAL WEATHER SERVICE TOPEKA KS
432 PM CST TUE JAN 13 2015


...................................

...THE TOPEKA KS CLIMATE SUMMARY FOR JANUARY 13 2015...
VALID TODAY AS OF 0400 PM LOCAL TIME.

CLIMATE NORMAL PERIOD 1981 TO 2010
CLIMATE RECORD PERIOD 1887 TO 2015


WEATHER ITEM   OBSERVED TIME   RECORD YEAR NORMAL DEPARTURE LAST
                VALUE   (LST)  VALUE       VALUE  FROM      YEAR
                                                  NORMAL
..................................................................
TEMPERATURE (F)
 TODAY
  MAXIMUM         28    359 PM  70    1996  40    -12       49
  MINIMUM          4    803 AM -15    1916  19    -15       31
  AVERAGE         16                        30    -14       40

PRECIPITATION (IN)
  TODAY            0.00          0.61 1940   0.02  -0.02     0.00
  MONTH TO DATE    0.08                      0.31  -0.23     0.34
  SINCE DEC 1      2.35                      1.66   0.69     0.90
  SINCE JAN 1      0.08                      0.31  -0.23     0.34

SNOWFALL (IN)
  TODAY            0.0           5.1  1979   0.1   -0.1      0.0
  MONTH TO DATE    1.2                       2.0   -0.8      3.8
  SINCE JAN 1      1.2                       2.0   -0.8      3.8
  SINCE JUL 1      3.6                       8.5   -4.9      8.1
  SNOW DEPTH       0

DEGREE DAYS
 HEATING
  TODAY           49                        36     13       25
  MONTH TO DATE  567                       461    106      516
  SINCE DEC 1   1450                      1484    -34     1624
  SINCE JUL 1   2481                      2478      3     2620

 COOLING
  TODAY            0                         0      0        0
  MONTH TO DATE    0                         0      0        0
  SINCE DEC 1      0                         0      0        0
  SINCE JAN 1      0                         0      0        0
..................................................................


WIND (MPH)
  HIGHEST WIND SPEED    12   HIGHEST WIND DIRECTION    NE (30)
  HIGHEST GUST SPEED    15   HIGHEST GUST DIRECTION    NE (30)
  AVERAGE WIND SPEED     5.8



WEATHER CONDITIONS
 THE FOLLOWING WEATHER WAS RECORDED TODAY.
  NO SIGNIFICANT WEATHER WAS OBSERVED.


RELATIVE HUMIDITY (PERCENT)
 HIGHEST    86           800 AM
 LOWEST     39           400 PM
 AVERAGE    63

..........................................................


THE TOPEKA KS CLIMATE NORMALS FOR TOMORROW
                         NORMAL    RECORD    YEAR
 MAXIMUM TEMPERATURE (F)   40        66      1952
 MINIMUM TEMPERATURE (F)   19       -13      1979


SUNRISE AND SUNSET
JANUARY 13 2015.......SUNRISE   741 AM CST   SUNSET   522 PM CST
JANUARY 14 2015.......SUNRISE   740 AM CST   SUNSET   523 PM CST


-  INDICATES NEGATIVE NUMBERS.
R  INDICATES RECORD WAS SET OR TIED.
MM INDICATES DATA IS MISSING.
T  INDICATES TRACE AMOUNT.




$$
