000
CDUS43 KTOP 090635
CLITOP


CLIMATE REPORT
NATIONAL WEATHER SERVICE TOPEKA KS
135 AM CDT MON MAY 9 2016


...................................

...THE TOPEKA KS CLIMATE SUMMARY FOR MAY 8 2016...

CLIMATE NORMAL PERIOD 1981 TO 2010
CLIMATE RECORD PERIOD 1887 TO 2016


WEATHER ITEM   OBSERVED TIME   RECORD YEAR NORMAL DEPARTURE LAST
                VALUE   (LST)  VALUE       VALUE  FROM      YEAR
                                                  NORMAL
..................................................................
TEMPERATURE (F)
 YESTERDAY
  MAXIMUM         71    905 AM  95    1934  74     -3       69
  MINIMUM         63    552 AM  32    1980  52     11       60
  AVERAGE         67                        63      4       65

PRECIPITATION (IN)
  YESTERDAY        0.41          2.27 1993   0.16   0.25     0.01
  MONTH TO DATE    0.41                      1.23  -0.82     1.45
  SINCE MAR 1      9.63                      7.25   2.38     4.62
  SINCE JAN 1     10.90                      9.43   1.47     6.61

SNOWFALL (IN)
  YESTERDAY        0.0           T    2014   0.0    0.0      0.0
                                      2006
                                      1989
  MONTH TO DATE    0.0                       0.0    0.0      0.0
  SINCE JAN 1      3.7                      11.3   -7.6      7.9
  SINCE JUL 1      4.9                      17.8  -12.9     10.3
  SNOW DEPTH       0

DEGREE DAYS
 HEATING
  YESTERDAY        0                         4     -4        0
  MONTH TO DATE   42                        42      0        4
  SINCE MAR 1    679                       992   -313      785
  SINCE JUL 1   3931                      4959  -1028     4786

 COOLING
  YESTERDAY        2                         2      0        0
  MONTH TO DATE   12                        14     -2       32
  SINCE MAR 1     30                        42    -12       37
  SINCE JAN 1     30                        42    -12       37
..................................................................


WIND (MPH)
  HIGHEST WIND SPEED    24   HIGHEST WIND DIRECTION    SE (130)
  HIGHEST GUST SPEED    31   HIGHEST GUST DIRECTION    SE (130)
  AVERAGE WIND SPEED    10.4


SKY COVER
  AVERAGE SKY COVER 0.6


WEATHER CONDITIONS
 THE FOLLOWING WEATHER WAS RECORDED YESTERDAY.
  THUNDERSTORM
  HEAVY RAIN
  RAIN
  LIGHT RAIN
  FOG


RELATIVE HUMIDITY (PERCENT)
 HIGHEST    93          1000 PM
 LOWEST     57          1200 AM
 AVERAGE    75

..........................................................


THE TOPEKA KS CLIMATE NORMALS FOR TODAY
                         NORMAL    RECORD    YEAR
 MAXIMUM TEMPERATURE (F)   74        95      2011
 MINIMUM TEMPERATURE (F)   52        30      1980


SUNRISE AND SUNSET
MAY  9 2016...........SUNRISE   615 AM CDT   SUNSET   824 PM CDT
MAY 10 2016...........SUNRISE   614 AM CDT   SUNSET   825 PM CDT


-  INDICATES NEGATIVE NUMBERS.
R  INDICATES RECORD WAS SET OR TIED.
MM INDICATES DATA IS MISSING.
T  INDICATES TRACE AMOUNT.




$$
