000
CDUS43 KTOP 270634
CLITOP


CLIMATE REPORT
NATIONAL WEATHER SERVICE TOPEKA KS
133 AM CDT THU MAR 27 2014


...................................

...THE TOPEKA KS CLIMATE SUMMARY FOR MARCH 26 2014...

CLIMATE NORMAL PERIOD 1981 TO 2010
CLIMATE RECORD PERIOD 1887 TO 2014


WEATHER ITEM   OBSERVED TIME   RECORD YEAR NORMAL DEPARTURE LAST
                VALUE   (LST)  VALUE       VALUE  FROM      YEAR
                                                  NORMAL
..................................................................
TEMPERATURE (F)
 YESTERDAY
  MAXIMUM         61    117 PM  85    1991  60      1       38
                                      1910
  MINIMUM         27   1240 AM   5    1955  37    -10       20
  AVERAGE         44                        48     -4       29

PRECIPITATION (IN)
  YESTERDAY        0.10          1.92 1961   0.09   0.01     0.00
  MONTH TO DATE    0.73                      1.98  -1.25     1.98
  SINCE MAR 1      0.73                      1.98  -1.25     1.98
  SINCE JAN 1      2.39                      4.16  -1.77     4.42

SNOWFALL (IN)
  YESTERDAY       MM             1.1  1979   0.0   MM        0.0
  MONTH TO DATE    4.1                       1.4    2.7      7.9
  SINCE JAN 1     23.0                      10.8   12.2     23.9
  SINCE JUL 1     27.3                      17.3   10.0     29.3
  SNOW DEPTH       0

DEGREE DAYS
 HEATING
  YESTERDAY       21                        17      4       36
  MONTH TO DATE  645                       548     97      700
  SINCE MAR 1    645                       548     97      700
  SINCE JUL 1   4967                      4515    452     4257

 COOLING
  YESTERDAY        0                         0      0        0
  MONTH TO DATE    0                         0      0        0
  SINCE MAR 1      0                         0      0        0
  SINCE JAN 1      0                         0      0        0
..................................................................


WIND (MPH)
  HIGHEST WIND SPEED    31   HIGHEST WIND DIRECTION     S (200)
  HIGHEST GUST SPEED    46   HIGHEST GUST DIRECTION    SW (210)
  AVERAGE WIND SPEED    15.9


SKY COVER
  AVERAGE SKY COVER 0.5


WEATHER CONDITIONS
 THE FOLLOWING WEATHER WAS RECORDED YESTERDAY.
  RAIN
  LIGHT RAIN
  FOG
  HAZE


RELATIVE HUMIDITY (PERCENT)
 HIGHEST    83           600 PM
 LOWEST     27          1200 PM
 AVERAGE    55

..........................................................


THE TOPEKA KS CLIMATE NORMALS FOR TODAY
                         NORMAL    RECORD    YEAR
 MAXIMUM TEMPERATURE (F)   61        87      1895
 MINIMUM TEMPERATURE (F)   37        15      1913


SUNRISE AND SUNSET
MARCH 27 2014.........SUNRISE   715 AM CDT   SUNSET   741 PM CDT
MARCH 28 2014.........SUNRISE   713 AM CDT   SUNSET   742 PM CDT


-  INDICATES NEGATIVE NUMBERS.
R  INDICATES RECORD WAS SET OR TIED.
MM INDICATES DATA IS MISSING.
T  INDICATES TRACE AMOUNT.




$$
