000
CDUS43 KTOP 312143
CLITOP


CLIMATE REPORT
NATIONAL WEATHER SERVICE TOPEKA KS
440 PM CDT TUE OCT 31 2017


...................................

...THE TOPEKA KS CLIMATE SUMMARY FOR OCTOBER 31 2017...
VALID TODAY AS OF 0400 PM LOCAL TIME.

CLIMATE NORMAL PERIOD 1981 TO 2010
CLIMATE RECORD PERIOD 1887 TO 2017


WEATHER ITEM   OBSERVED TIME   RECORD YEAR NORMAL DEPARTURE LAST
                VALUE   (LST)  VALUE       VALUE  FROM      YEAR
                                                  NORMAL
..................................................................
TEMPERATURE (F)
 TODAY
  MAXIMUM         37   1135 AM  88    1950  63    -26       79
  MINIMUM         25    554 AM  19    1993  40    -15       55
  AVERAGE         31                        51    -20       67

PRECIPITATION (IN)
  TODAY            0.05          1.92 1998   0.08  -0.03     0.00
  MONTH TO DATE    2.92                      3.03  -0.11     1.32
  SINCE SEP 1      4.70                      6.69  -1.99     9.10
  SINCE JAN 1     38.17                     33.26   4.91    41.99

SNOWFALL (IN)
  TODAY            0.4           4.5  1912   0.0    0.4      0.0
  MONTH TO DATE    0.4                       0.3    0.1      0.0
  SINCE JAN 1      3.9                      11.6   -7.7      3.7
  SINCE JUL 1      0.4                       0.3    0.1       T
  SNOW DEPTH       T

DEGREE DAYS
 HEATING
  TODAY           34                        14     20        0
  MONTH TO DATE  242                       290    -48      136
  SINCE SEP 1    255                       354    -99      156
  SINCE JUL 1    255                       356   -101      156

 COOLING
  TODAY            0                         0      0        2
  MONTH TO DATE   55                        27     28       53
  SINCE SEP 1    283                       192     91      297
  SINCE JAN 1   1473                      1420     53     1698
..................................................................


WIND (MPH)
  HIGHEST WIND SPEED    14   HIGHEST WIND DIRECTION     S (180)
  HIGHEST GUST SPEED    17   HIGHEST GUST DIRECTION     S (180)
  AVERAGE WIND SPEED     3.3



WEATHER CONDITIONS
 THE FOLLOWING WEATHER WAS RECORDED TODAY.
  LIGHT SNOW
  FOG


RELATIVE HUMIDITY (PERCENT)
 HIGHEST   100           200 PM
 LOWEST     52          1100 AM
 AVERAGE    76

..........................................................


THE TOPEKA KS CLIMATE NORMALS FOR TOMORROW
                         NORMAL    RECORD    YEAR
 MAXIMUM TEMPERATURE (F)   62        82      1990
 MINIMUM TEMPERATURE (F)   39        20      1991


SUNRISE AND SUNSET
OCTOBER 31 2017.......SUNRISE   749 AM CDT   SUNSET   623 PM CDT
NOVEMBER  1 2017......SUNRISE   750 AM CDT   SUNSET   621 PM CDT


-  INDICATES NEGATIVE NUMBERS.
R  INDICATES RECORD WAS SET OR TIED.
MM INDICATES DATA IS MISSING.
T  INDICATES TRACE AMOUNT.




$$
