000
CDUS43 KTOP 272136
CLITOP


CLIMATE REPORT
NATIONAL WEATHER SERVICE TOPEKA KS
435 PM CDT FRI JUN 27 2014


...................................

...THE TOPEKA KS CLIMATE SUMMARY FOR JUNE 27 2014...
VALID TODAY AS OF 0400 PM LOCAL TIME.

CLIMATE NORMAL PERIOD 1981 TO 2010
CLIMATE RECORD PERIOD 1887 TO 2014


WEATHER ITEM   OBSERVED TIME   RECORD YEAR NORMAL DEPARTURE LAST
                VALUE   (LST)  VALUE       VALUE  FROM      YEAR
                                                  NORMAL
..................................................................
TEMPERATURE (F)
 TODAY
  MAXIMUM         83   1254 PM 106    1980  88     -5       87
  MINIMUM         75    533 AM  49    1968  67      8       72
  AVERAGE         79                        77      2       80

PRECIPITATION (IN)
  TODAY            T             1.84 1981   0.17  -0.17     0.46
  MONTH TO DATE    6.00                      4.90   1.10     3.15
  SINCE JUN 1      6.00                      4.90   1.10     3.15
  SINCE JAN 1     13.47                     18.01  -4.54    17.48

SNOWFALL (IN)
  TODAY            0.0           T    1953   0.0    0.0      0.0
  MONTH TO DATE    0.0                       0.0    0.0       T
  SINCE JAN 1     23.1                      11.3   11.8     24.2
  SINCE JUL 1     27.4                      17.8    9.6     29.6
  SNOW DEPTH       0

DEGREE DAYS
 HEATING
  TODAY            0                         0      0        0
  MONTH TO DATE    0                         6     -6        5
  SINCE JUN 1      0                         6     -6        5
  SINCE JUL 1   5440                      5019    421     4901

 COOLING
  TODAY           14                        12      2       15
  MONTH TO DATE  293                       246     47      306
  SINCE JUN 1    293                       246     47      306
  SINCE JAN 1    510                       372    138      451
..................................................................


WIND (MPH)
  HIGHEST WIND SPEED    24   HIGHEST WIND DIRECTION    SE (140)
  HIGHEST GUST SPEED    29   HIGHEST GUST DIRECTION    SE (140)
  AVERAGE WIND SPEED    11.5



WEATHER CONDITIONS
 THE FOLLOWING WEATHER WAS RECORDED TODAY.
  THUNDERSTORM
  LIGHT RAIN


RELATIVE HUMIDITY (PERCENT)
 HIGHEST    87           100 AM
 LOWEST     69          1200 PM
 AVERAGE    78

..........................................................


THE TOPEKA KS CLIMATE NORMALS FOR TOMORROW
                         NORMAL    RECORD    YEAR
 MAXIMUM TEMPERATURE (F)   88       106      2012
                                             1936
 MINIMUM TEMPERATURE (F)   67        52      1985


SUNRISE AND SUNSET
JUNE 27 2014..........SUNRISE   559 AM CDT   SUNSET   852 PM CDT
JUNE 28 2014..........SUNRISE   559 AM CDT   SUNSET   852 PM CDT


-  INDICATES NEGATIVE NUMBERS.
R  INDICATES RECORD WAS SET OR TIED.
MM INDICATES DATA IS MISSING.
T  INDICATES TRACE AMOUNT.




$$
