000
CDUS43 KTOP 140652
CLITOP


CLIMATE REPORT
NATIONAL WEATHER SERVICE TOPEKA KS
1250 AM CST MON NOV 14 2016


...................................

...THE TOPEKA KS CLIMATE SUMMARY FOR NOVEMBER 13 2016...

CLIMATE NORMAL PERIOD 1981 TO 2010
CLIMATE RECORD PERIOD 1887 TO 2016


WEATHER ITEM   OBSERVED TIME   RECORD YEAR NORMAL DEPARTURE LAST
                VALUE   (LST)  VALUE       VALUE  FROM      YEAR
                                                  NORMAL
..................................................................
TEMPERATURE (F)
 YESTERDAY
  MAXIMUM         65    329 PM  84    1999  56      9       65
  MINIMUM         29    604 AM   4    1986  34     -5       27
  AVERAGE         47                        45      2       46

PRECIPITATION (IN)
  YESTERDAY        0.00          3.48 1909   0.07  -0.07     0.00
  MONTH TO DATE    0.06                      0.93  -0.87      T
  SINCE SEP 1      9.16                      7.62   1.54     8.33
  SINCE JAN 1     42.05                     34.19   7.86    41.57

SNOWFALL (IN)
  YESTERDAY        0.0           1.5  1972   0.0    0.0      0.0
  MONTH TO DATE    0.0                       0.2   -0.2      0.0
  SINCE JAN 1      3.7                      11.8   -8.1      7.9
  SINCE JUL 1      T                         0.5   -0.5      0.0
  SNOW DEPTH       0

DEGREE DAYS
 HEATING
  YESTERDAY       18                        20     -2       19
  MONTH TO DATE  136                       221    -85      145
  SINCE SEP 1    292                       575   -283      392
  SINCE JUL 1    292                       577   -285      392

 COOLING
  YESTERDAY        0                         0      0        0
  MONTH TO DATE    7                         0      7        0
  SINCE SEP 1    304                       192    112      318
  SINCE JAN 1   1705                      1420    285     1536
..................................................................


WIND (MPH)
  HIGHEST WIND SPEED    16   HIGHEST WIND DIRECTION     S (180)
  HIGHEST GUST SPEED    23   HIGHEST GUST DIRECTION    SW (220)
  AVERAGE WIND SPEED     5.7


SKY COVER
  AVERAGE SKY COVER 0.0


WEATHER CONDITIONS
 THE FOLLOWING WEATHER WAS RECORDED YESTERDAY.
  NO SIGNIFICANT WEATHER WAS OBSERVED.


RELATIVE HUMIDITY (PERCENT)
 HIGHEST    89           800 AM
 LOWEST     40           200 PM
 AVERAGE    65

..........................................................


THE TOPEKA KS CLIMATE NORMALS FOR TODAY
                         NORMAL    RECORD    YEAR
 MAXIMUM TEMPERATURE (F)   56        77      1897
 MINIMUM TEMPERATURE (F)   34         6      1940


SUNRISE AND SUNSET
NOVEMBER 14 2016......SUNRISE   705 AM CST   SUNSET   509 PM CST
NOVEMBER 15 2016......SUNRISE   706 AM CST   SUNSET   508 PM CST


-  INDICATES NEGATIVE NUMBERS.
R  INDICATES RECORD WAS SET OR TIED.
MM INDICATES DATA IS MISSING.
T  INDICATES TRACE AMOUNT.




$$
