000
CDUS43 KTOP 252236
CLITOP


CLIMATE REPORT
NATIONAL WEATHER SERVICE TOPEKA KS
434 PM CST THU JAN 25 2018


...................................

...THE TOPEKA KS CLIMATE SUMMARY FOR JANUARY 25 2018...
VALID TODAY AS OF 0400 PM LOCAL TIME.

CLIMATE NORMAL PERIOD 1981 TO 2010
CLIMATE RECORD PERIOD 1887 TO 2018


WEATHER ITEM   OBSERVED TIME   RECORD YEAR NORMAL DEPARTURE LAST
                VALUE   (LST)  VALUE       VALUE  FROM      YEAR
                                                  NORMAL
..................................................................
TEMPERATURE (F)
 TODAY
  MAXIMUM         68R   257 PM  64    1944  40     28       40
  MINIMUM         29    736 AM -13    1905  20      9       29
  AVERAGE         49                        30     19       35

PRECIPITATION (IN)
  TODAY            0.00          0.80 1967   0.04  -0.04      T
  MONTH TO DATE    0.94                      0.65   0.29     1.28
  SINCE DEC 1      1.25                      2.00  -0.75     2.33
  SINCE JAN 1      0.94                      0.65   0.29     1.28

SNOWFALL (IN)
  TODAY            0.0           6.3  1991   0.1   -0.1       T
  MONTH TO DATE    3.1                       3.9   -0.8      2.2
  SINCE JAN 1      3.1                       3.9   -0.8      2.2
  SINCE JUL 1      5.2                      10.4   -5.2      5.3
  SNOW DEPTH       0

DEGREE DAYS
 HEATING
  TODAY           16                        35    -19       30
  MONTH TO DATE  931                       882     49      820
  SINCE DEC 1   1904                      1905     -1     1879
  SINCE JUL 1   2727                      2899   -172     2452

 COOLING
  TODAY            0                         0      0        0
  MONTH TO DATE    0                         0      0        0
  SINCE DEC 1      0                         0      0        0
  SINCE JAN 1      0                         0      0        0
..................................................................


WIND (MPH)
  HIGHEST WIND SPEED    22   HIGHEST WIND DIRECTION    SW (210)
  HIGHEST GUST SPEED    34   HIGHEST GUST DIRECTION    SW (220)
  AVERAGE WIND SPEED     8.0



WEATHER CONDITIONS
 THE FOLLOWING WEATHER WAS RECORDED TODAY.
  NO SIGNIFICANT WEATHER WAS OBSERVED.


RELATIVE HUMIDITY (PERCENT)
 HIGHEST    69           800 AM
 LOWEST     16           400 PM
 AVERAGE    43

..........................................................


THE TOPEKA KS CLIMATE NORMALS FOR TOMORROW
                         NORMAL    RECORD    YEAR
 MAXIMUM TEMPERATURE (F)   41        67      1944
 MINIMUM TEMPERATURE (F)   20       -10      1904


SUNRISE AND SUNSET
JANUARY 25 2018.......SUNRISE   735 AM CST   SUNSET   536 PM CST
JANUARY 26 2018.......SUNRISE   734 AM CST   SUNSET   537 PM CST


-  INDICATES NEGATIVE NUMBERS.
R  INDICATES RECORD WAS SET OR TIED.
MM INDICATES DATA IS MISSING.
T  INDICATES TRACE AMOUNT.

$$
