000
CDUS43 KTOP 260640
CLITOP


CLIMATE REPORT
NATIONAL WEATHER SERVICE TOPEKA KS
1239 AM CST TUE JAN 26 2016


...................................

...THE TOPEKA KS CLIMATE SUMMARY FOR JANUARY 25 2016...

CLIMATE NORMAL PERIOD 1981 TO 2010
CLIMATE RECORD PERIOD 1887 TO 2016


WEATHER ITEM   OBSERVED TIME   RECORD YEAR NORMAL DEPARTURE LAST
                VALUE   (LST)  VALUE       VALUE  FROM      YEAR
                                                  NORMAL
..................................................................
TEMPERATURE (F)
 YESTERDAY
  MAXIMUM         39    107 AM  64    1944  40     -1       49
  MINIMUM         30    442 AM -13    1905  20     10       28
  AVERAGE         35                        30      5       39

PRECIPITATION (IN)
  YESTERDAY        T             0.80 1967   0.04  -0.04      T
  MONTH TO DATE    0.90                      0.65   0.25     0.08
  SINCE DEC 1      3.61                      2.00   1.61     2.35
  SINCE JAN 1      0.90                      0.65   0.25     0.08

SNOWFALL (IN)
  YESTERDAY        0.0           6.3  1991   0.1   -0.1      0.0
  MONTH TO DATE    2.1                       3.9   -1.8      1.2
  SINCE JAN 1      2.1                       3.9   -1.8      1.2
  SINCE JUL 1      3.3                      10.4   -7.1      3.6
  SNOW DEPTH       0

DEGREE DAYS
 HEATING
  YESTERDAY       30                        35     -5       26
  MONTH TO DATE  907                       882     25      884
  SINCE DEC 1   1678                      1905   -227     1767
  SINCE JUL 1   2414                      2899   -485     2798

 COOLING
  YESTERDAY        0                         0      0        0
  MONTH TO DATE    0                         0      0        0
  SINCE DEC 1      0                         0      0        0
  SINCE JAN 1      0                         0      0        0
..................................................................


WIND (MPH)
  HIGHEST WIND SPEED    24   HIGHEST WIND DIRECTION    NW (320)
  HIGHEST GUST SPEED    32   HIGHEST GUST DIRECTION    NW (300)
  AVERAGE WIND SPEED    11.1


SKY COVER
  AVERAGE SKY COVER 0.7


WEATHER CONDITIONS
 THE FOLLOWING WEATHER WAS RECORDED YESTERDAY.
  LIGHT RAIN
  FOG
  HAZE


RELATIVE HUMIDITY (PERCENT)
 HIGHEST    92           400 AM
 LOWEST     63           900 PM
 AVERAGE    78

..........................................................


THE TOPEKA KS CLIMATE NORMALS FOR TODAY
                         NORMAL    RECORD    YEAR
 MAXIMUM TEMPERATURE (F)   41        67      1944
 MINIMUM TEMPERATURE (F)   20       -10      1904


SUNRISE AND SUNSET
JANUARY 26 2016.......SUNRISE   734 AM CST   SUNSET   536 PM CST
JANUARY 27 2016.......SUNRISE   734 AM CST   SUNSET   537 PM CST


-  INDICATES NEGATIVE NUMBERS.
R  INDICATES RECORD WAS SET OR TIED.
MM INDICATES DATA IS MISSING.
T  INDICATES TRACE AMOUNT.




$$
