000
CDUS43 KTOP 150633
CLITOP


CLIMATE REPORT
NATIONAL WEATHER SERVICE TOPEKA KS
1233 AM CST THU JAN 15 2015


...................................

...THE TOPEKA KS CLIMATE SUMMARY FOR JANUARY 14 2015...

CLIMATE NORMAL PERIOD 1981 TO 2010
CLIMATE RECORD PERIOD 1887 TO 2015


WEATHER ITEM   OBSERVED TIME   RECORD YEAR NORMAL DEPARTURE LAST
                VALUE   (LST)  VALUE       VALUE  FROM      YEAR
                                                  NORMAL
..................................................................
TEMPERATURE (F)
 YESTERDAY
  MAXIMUM         42    357 PM  66    1952  40      2       46
  MINIMUM         17   1130 PM -13    1979  19     -2       26
  AVERAGE         30                        30      0       36

PRECIPITATION (IN)
  YESTERDAY        0.00          0.57 1960   0.02  -0.02     0.00
  MONTH TO DATE    0.08                      0.33  -0.25     0.34
  SINCE DEC 1      2.35                      1.68   0.67     0.90
  SINCE JAN 1      0.08                      0.33  -0.25     0.34

SNOWFALL (IN)
  YESTERDAY        0.0           3.5  1940   0.2   -0.2      0.0
  MONTH TO DATE    1.2                       2.2   -1.0      3.8
  SINCE JAN 1      1.2                       2.2   -1.0      3.8
  SINCE JUL 1      3.6                       8.7   -5.1      8.1
  SNOW DEPTH       0

DEGREE DAYS
 HEATING
  YESTERDAY       35                        36     -1       29
  MONTH TO DATE  602                       497    105      545
  SINCE DEC 1   1485                      1520    -35     1653
  SINCE JUL 1   2516                      2514      2     2649

 COOLING
  YESTERDAY        0                         0      0        0
  MONTH TO DATE    0                         0      0        0
  SINCE DEC 1      0                         0      0        0
  SINCE JAN 1      0                         0      0        0
..................................................................


WIND (MPH)
  HIGHEST WIND SPEED    10   HIGHEST WIND DIRECTION     W (250)
  HIGHEST GUST SPEED    13   HIGHEST GUST DIRECTION     W (250)
  AVERAGE WIND SPEED     2.7


SKY COVER
  AVERAGE SKY COVER 0.5


WEATHER CONDITIONS
 THE FOLLOWING WEATHER WAS RECORDED YESTERDAY.
  NO SIGNIFICANT WEATHER WAS OBSERVED.


RELATIVE HUMIDITY (PERCENT)
 HIGHEST    84          1000 PM
 LOWEST     34           300 PM
 AVERAGE    59

..........................................................


THE TOPEKA KS CLIMATE NORMALS FOR TODAY
                         NORMAL    RECORD    YEAR
 MAXIMUM TEMPERATURE (F)   40        65      2012
                                             2006
 MINIMUM TEMPERATURE (F)   19       -20      1888


SUNRISE AND SUNSET
JANUARY 15 2015.......SUNRISE   740 AM CST   SUNSET   524 PM CST
JANUARY 16 2015.......SUNRISE   740 AM CST   SUNSET   525 PM CST


-  INDICATES NEGATIVE NUMBERS.
R  INDICATES RECORD WAS SET OR TIED.
MM INDICATES DATA IS MISSING.
T  INDICATES TRACE AMOUNT.




$$
