000
CDUS43 KTOP 232133
CLITOP


CLIMATE REPORT
NATIONAL WEATHER SERVICE TOPEKA KS
433 PM CDT SUN JUL 23 2017


...................................

...THE TOPEKA KS CLIMATE SUMMARY FOR JULY 23 2017...
VALID TODAY AS OF 0400 PM LOCAL TIME.

CLIMATE NORMAL PERIOD 1981 TO 2010
CLIMATE RECORD PERIOD 1887 TO 2017


WEATHER ITEM   OBSERVED TIME   RECORD YEAR NORMAL DEPARTURE LAST
                VALUE   (LST)  VALUE       VALUE  FROM      YEAR
                                                  NORMAL
..................................................................
TEMPERATURE (F)
 TODAY
  MAXIMUM         93    259 PM 106    2012  90      3       97
                                      2011
                                      1941
  MINIMUM         70    548 AM  54    1970  69      1       79
  AVERAGE         82                        79      3       88

PRECIPITATION (IN)
  TODAY            0.01          2.83 1911   0.11  -0.10     0.00
  MONTH TO DATE    3.83                      2.93   0.90     4.50
  SINCE JUN 1     10.42                      8.33   2.09     6.89
  SINCE JAN 1     25.57                     21.44   4.13    26.20

SNOWFALL (IN)
  TODAY            0.0           T    1937   0.0    0.0      0.0
  MONTH TO DATE    T                         0.0    0.0       T
  SINCE JAN 1      3.5                      11.3   -7.8      3.7
  SINCE JUL 1      T                         0.0    0.0       T
  SNOW DEPTH       0

DEGREE DAYS
 HEATING
  TODAY            0                         0      0        0
  MONTH TO DATE    0                         0      0        0
  SINCE JUN 1      0                         8     -8        0
  SINCE JUL 1      0                         0      0        0

 COOLING
  TODAY           17                        14      3       23
  MONTH TO DATE  385                       317     68      362
  SINCE JUN 1    709                       601    108      801
  SINCE JAN 1    838                       727    111      893
..................................................................


WIND (MPH)
  HIGHEST WIND SPEED    15   HIGHEST WIND DIRECTION    SE (150)
  HIGHEST GUST SPEED    17   HIGHEST GUST DIRECTION    SE (150)
  AVERAGE WIND SPEED     3.9



WEATHER CONDITIONS
 THE FOLLOWING WEATHER WAS RECORDED TODAY.
  LIGHT RAIN


RELATIVE HUMIDITY (PERCENT)
 HIGHEST   100           200 AM
 LOWEST     49           300 PM
 AVERAGE    75

..........................................................


THE TOPEKA KS CLIMATE NORMALS FOR TOMORROW
                         NORMAL    RECORD    YEAR
 MAXIMUM TEMPERATURE (F)   90       114      1936
 MINIMUM TEMPERATURE (F)   69        52      1978


SUNRISE AND SUNSET
JULY 23 2017..........SUNRISE   616 AM CDT   SUNSET   842 PM CDT
JULY 24 2017..........SUNRISE   616 AM CDT   SUNSET   841 PM CDT


-  INDICATES NEGATIVE NUMBERS.
R  INDICATES RECORD WAS SET OR TIED.
MM INDICATES DATA IS MISSING.
T  INDICATES TRACE AMOUNT.




$$
