000
CDUS43 KTOP 190638
CLITOP


CLIMATE REPORT
NATIONAL WEATHER SERVICE TOPEKA KS
1236 AM CST THU JAN 19 2017


...................................

...THE TOPEKA KS CLIMATE SUMMARY FOR JANUARY 18 2017...

CLIMATE NORMAL PERIOD 1981 TO 2010
CLIMATE RECORD PERIOD 1887 TO 2017


WEATHER ITEM   OBSERVED TIME   RECORD YEAR NORMAL DEPARTURE LAST
                VALUE   (LST)  VALUE       VALUE  FROM      YEAR
                                                  NORMAL
..................................................................
TEMPERATURE (F)
 YESTERDAY
  MAXIMUM         56    343 PM  71    1951  40     16       29
  MINIMUM         24    443 AM -13    1930  19      5        4
  AVERAGE         40                        30     10       17

PRECIPITATION (IN)
  YESTERDAY        0.00          1.14 1979   0.03  -0.03     0.00
  MONTH TO DATE    1.20                      0.44   0.76     0.73
  SINCE DEC 1      2.25                      1.79   0.46     3.44
  SINCE JAN 1      1.20                      0.44   0.76     0.73

SNOWFALL (IN)
  YESTERDAY        0.0           5.6  1962   0.2   -0.2      0.0
  MONTH TO DATE    2.2                       2.8   -0.6      0.2
  SINCE JAN 1      2.2                       2.8   -0.6      0.2
  SINCE JUL 1      5.3                       9.3   -4.0      1.4
  SNOW DEPTH       0

DEGREE DAYS
 HEATING
  YESTERDAY       25                        35    -10       48
  MONTH TO DATE  649                       637     12      641
  SINCE DEC 1   1708                      1660     48     1412
  SINCE JUL 1   2281                      2654   -373     2148

 COOLING
  YESTERDAY        0                         0      0        0
  MONTH TO DATE    0                         0      0        0
  SINCE DEC 1      0                         0      0        0
  SINCE JAN 1      0                         0      0        0
..................................................................


WIND (MPH)
  HIGHEST WIND SPEED    16   HIGHEST WIND DIRECTION    SE (120)
  HIGHEST GUST SPEED    19   HIGHEST GUST DIRECTION    SE (130)
  AVERAGE WIND SPEED     5.1


SKY COVER
  AVERAGE SKY COVER 0.1


WEATHER CONDITIONS
 THE FOLLOWING WEATHER WAS RECORDED YESTERDAY.
  FOG
  FOG W/VISIBILITY <= 1/4 MILE
  HAZE


RELATIVE HUMIDITY (PERCENT)
 HIGHEST    92          1200 AM
 LOWEST     43           300 PM
 AVERAGE    68

..........................................................


THE TOPEKA KS CLIMATE NORMALS FOR TODAY
                         NORMAL    RECORD    YEAR
 MAXIMUM TEMPERATURE (F)   40        67      2015
 MINIMUM TEMPERATURE (F)   19       -23      1892


SUNRISE AND SUNSET
JANUARY 19 2017.......SUNRISE   738 AM CST   SUNSET   529 PM CST
JANUARY 20 2017.......SUNRISE   738 AM CST   SUNSET   530 PM CST


-  INDICATES NEGATIVE NUMBERS.
R  INDICATES RECORD WAS SET OR TIED.
MM INDICATES DATA IS MISSING.
T  INDICATES TRACE AMOUNT.




$$
