000
CDUS43 KTOP 280634
CLITOP


CLIMATE REPORT
NATIONAL WEATHER SERVICE TOPEKA KS
133 AM CDT SAT MAR 28 2015


...................................

...THE TOPEKA KS CLIMATE SUMMARY FOR MARCH 27 2015...

CLIMATE NORMAL PERIOD 1981 TO 2010
CLIMATE RECORD PERIOD 1887 TO 2015


WEATHER ITEM   OBSERVED TIME   RECORD YEAR NORMAL DEPARTURE LAST
                VALUE   (LST)  VALUE       VALUE  FROM      YEAR
                                                  NORMAL
..................................................................
TEMPERATURE (F)
 YESTERDAY
  MAXIMUM         46    304 PM  87    1895  61    -15       75
  MINIMUM         36    909 AM  15    1913  37     -1       38
  AVERAGE         41                        49     -8       57

PRECIPITATION (IN)
  YESTERDAY        0.01          2.39 1905   0.10  -0.09      T
  MONTH TO DATE    0.77                      2.08  -1.31     0.73
  SINCE MAR 1      0.77                      2.08  -1.31     0.73
  SINCE JAN 1      2.76                      4.26  -1.50     2.39

SNOWFALL (IN)
  YESTERDAY        T             1.3  1970   0.1   -0.1      0.0
  MONTH TO DATE    T                         1.5   -1.5      4.1
  SINCE JAN 1      7.9                      10.9   -3.0     23.0
  SINCE JUL 1     10.3                      17.4   -7.1     27.3
  SNOW DEPTH       0

DEGREE DAYS
 HEATING
  YESTERDAY       24                        17      7        8
  MONTH TO DATE  508                       565    -57      653
  SINCE MAR 1    508                       565    -57      653
  SINCE JUL 1   4509                      4532    -23     4975

 COOLING
  YESTERDAY        0                         0      0        0
  MONTH TO DATE    0                         0      0        0
  SINCE MAR 1      0                         0      0        0
  SINCE JAN 1      0                         0      0        0
..................................................................


WIND (MPH)
  HIGHEST WIND SPEED    16   HIGHEST WIND DIRECTION     N (360)
  HIGHEST GUST SPEED    22   HIGHEST GUST DIRECTION     N (340)
  AVERAGE WIND SPEED     7.9


SKY COVER
  AVERAGE SKY COVER 0.6


WEATHER CONDITIONS
 THE FOLLOWING WEATHER WAS RECORDED YESTERDAY.
  LIGHT RAIN
  LIGHT SNOW


RELATIVE HUMIDITY (PERCENT)
 HIGHEST    92           200 AM
 LOWEST     31           300 PM
 AVERAGE    62

..........................................................


THE TOPEKA KS CLIMATE NORMALS FOR TODAY
                         NORMAL    RECORD    YEAR
 MAXIMUM TEMPERATURE (F)   61        91      1895
 MINIMUM TEMPERATURE (F)   37        16      1899


SUNRISE AND SUNSET
MARCH 28 2015.........SUNRISE   714 AM CDT   SUNSET   742 PM CDT
MARCH 29 2015.........SUNRISE   712 AM CDT   SUNSET   743 PM CDT


-  INDICATES NEGATIVE NUMBERS.
R  INDICATES RECORD WAS SET OR TIED.
MM INDICATES DATA IS MISSING.
T  INDICATES TRACE AMOUNT.




$$
