000
CDUS43 KTOP 210636
CLITOP


CLIMATE REPORT
NATIONAL WEATHER SERVICE TOPEKA KS
135 AM CDT SUN MAY 21 2017


...................................

...THE TOPEKA KS CLIMATE SUMMARY FOR MAY 20 2017...

CLIMATE NORMAL PERIOD 1981 TO 2010
CLIMATE RECORD PERIOD 1887 TO 2017


WEATHER ITEM   OBSERVED TIME   RECORD YEAR NORMAL DEPARTURE LAST
                VALUE   (LST)  VALUE       VALUE  FROM      YEAR
                                                  NORMAL
..................................................................
TEMPERATURE (F)
 YESTERDAY
  MAXIMUM         65    119 AM  91    1964  77    -12       67
                                      1937
                                      1933
  MINIMUM         50   1159 PM  36    1981  56     -6       56
  AVERAGE         58                        66     -8       62

PRECIPITATION (IN)
  YESTERDAY        0.04          2.37 1949   0.17  -0.13     0.02
  MONTH TO DATE    2.87                      3.15  -0.28     3.79
  SINCE MAR 1     12.94                      9.17   3.77    13.01
  SINCE JAN 1     14.33                     11.35   2.98    14.28

SNOWFALL (IN)
  YESTERDAY        0.0           0.0    MM   0.0    0.0      0.0
  MONTH TO DATE    T                         0.0    0.0       T
  SINCE JAN 1      3.5                      11.3   -7.8      3.7
  SINCE JUL 1      6.6                      17.8  -11.2      4.9
  SNOW DEPTH       0

DEGREE DAYS
 HEATING
  YESTERDAY        7                         2      5        3
  MONTH TO DATE   60                        80    -20      112
  SINCE MAR 1    805                      1030   -225      749
  SINCE JUL 1   3986                      4997  -1011     4001

 COOLING
  YESTERDAY        0                         4     -4        0
  MONTH TO DATE   66                        47     19       18
  SINCE MAR 1    103                        75     28       36
  SINCE JAN 1    103                        75     28       36
..................................................................


WIND (MPH)
  HIGHEST WIND SPEED    21   HIGHEST WIND DIRECTION     W (250)
  HIGHEST GUST SPEED    27   HIGHEST GUST DIRECTION    SE (140)
  AVERAGE WIND SPEED    12.9


SKY COVER
  AVERAGE SKY COVER 1.0


WEATHER CONDITIONS
 THE FOLLOWING WEATHER WAS RECORDED YESTERDAY.
  THUNDERSTORM
  LIGHT RAIN
  FOG


RELATIVE HUMIDITY (PERCENT)
 HIGHEST   100          1200 AM
 LOWEST     61           800 PM
 AVERAGE    81

..........................................................


THE TOPEKA KS CLIMATE NORMALS FOR TODAY
                         NORMAL    RECORD    YEAR
 MAXIMUM TEMPERATURE (F)   77        97      1956
 MINIMUM TEMPERATURE (F)   56        33      1968


SUNRISE AND SUNSET
MAY 21 2017...........SUNRISE   605 AM CDT   SUNSET   834 PM CDT
MAY 22 2017...........SUNRISE   604 AM CDT   SUNSET   835 PM CDT


-  INDICATES NEGATIVE NUMBERS.
R  INDICATES RECORD WAS SET OR TIED.
MM INDICATES DATA IS MISSING.
T  INDICATES TRACE AMOUNT.




$$
