000
CDUS43 KTOP 182133
CLITOP


CLIMATE REPORT
NATIONAL WEATHER SERVICE TOPEKA KS
432 PM CDT FRI JUL 18 2014


...................................

...THE TOPEKA KS CLIMATE SUMMARY FOR JULY 18 2014...
VALID TODAY AS OF 0400 PM LOCAL TIME.

CLIMATE NORMAL PERIOD 1981 TO 2010
CLIMATE RECORD PERIOD 1887 TO 2014


WEATHER ITEM   OBSERVED TIME   RECORD YEAR NORMAL DEPARTURE LAST
                VALUE   (LST)  VALUE       VALUE  FROM      YEAR
                                                  NORMAL
..................................................................
TEMPERATURE (F)
 TODAY
  MAXIMUM         81   1244 PM 110    1936  90     -9       98
  MINIMUM         61    409 AM  56    2009  69     -8       70
                                      1911
  AVERAGE         71                        79     -8       84

PRECIPITATION (IN)
  TODAY            0.00          3.01 1895   0.12  -0.12     0.00
  MONTH TO DATE    0.95                      2.35  -1.40     0.07
  SINCE JUN 1      7.18                      7.75  -0.57     3.22
  SINCE JAN 1     14.65                     20.86  -6.21    17.55

SNOWFALL (IN)
  TODAY            0.0           0.0    MM   0.0    0.0      0.0
  MONTH TO DATE    0.0                       0.0    0.0      0.0
  SINCE JAN 1     23.1                      11.3   11.8     24.2
  SINCE JUL 1      0.0                       0.0    0.0      0.0
  SNOW DEPTH       0

DEGREE DAYS
 HEATING
  TODAY            0                         0      0        0
  MONTH TO DATE    0                         0      0        0
  SINCE JUN 1      0                         8     -8        5
  SINCE JUL 1      0                         0      0        0

 COOLING
  TODAY            6                        14     -8       19
  MONTH TO DATE  183                       247    -64      276
  SINCE JUN 1    519                       531    -12      613
  SINCE JAN 1    736                       657     79      758
..................................................................


WIND (MPH)
  HIGHEST WIND SPEED    15   HIGHEST WIND DIRECTION    SE (140)
  HIGHEST GUST SPEED    20   HIGHEST GUST DIRECTION    SE (140)
  AVERAGE WIND SPEED     4.6



WEATHER CONDITIONS
 THE FOLLOWING WEATHER WAS RECORDED TODAY.
  NO SIGNIFICANT WEATHER WAS OBSERVED.


RELATIVE HUMIDITY (PERCENT)
 HIGHEST    93           300 AM
 LOWEST     45           100 PM
 AVERAGE    69

..........................................................


THE TOPEKA KS CLIMATE NORMALS FOR TOMORROW
                         NORMAL    RECORD    YEAR
 MAXIMUM TEMPERATURE (F)   90       110      1934
 MINIMUM TEMPERATURE (F)   69        57      2009
                                             1971
                                             1947


SUNRISE AND SUNSET
JULY 18 2014..........SUNRISE   611 AM CDT   SUNSET   846 PM CDT
JULY 19 2014..........SUNRISE   612 AM CDT   SUNSET   845 PM CDT


-  INDICATES NEGATIVE NUMBERS.
R  INDICATES RECORD WAS SET OR TIED.
MM INDICATES DATA IS MISSING.
T  INDICATES TRACE AMOUNT.




$$
