000
CDUS43 KTOP 130634
CLITOP


CLIMATE REPORT
NATIONAL WEATHER SERVICE TOPEKA KS
1234 AM CST SAT JAN 13 2018


...................................

...THE TOPEKA KS CLIMATE SUMMARY FOR JANUARY 12 2018...

CLIMATE NORMAL PERIOD 1981 TO 2010
CLIMATE RECORD PERIOD 1887 TO 2018


WEATHER ITEM   OBSERVED TIME   RECORD YEAR NORMAL DEPARTURE LAST
                VALUE   (LST)  VALUE       VALUE  FROM      YEAR
                                                  NORMAL
..................................................................
TEMPERATURE (F)
 YESTERDAY
  MAXIMUM         21    201 PM  68    1960  40    -19       30
  MINIMUM          6    807 AM -20    1974  19    -13       16
  AVERAGE         14                        30    -16       23

PRECIPITATION (IN)
  YESTERDAY        0.00          1.34 1910   0.02  -0.02      T
  MONTH TO DATE    0.56                      0.29   0.27     0.33
  SINCE DEC 1      0.87                      1.64  -0.77     1.38
  SINCE JAN 1      0.56                      0.29   0.27     0.33

SNOWFALL (IN)
  YESTERDAY        0.0           5.0  1890   0.2   -0.2       T
  MONTH TO DATE    0.4                       1.9   -1.5      2.2
  SINCE JAN 1      0.4                       1.9   -1.5      2.2
  SINCE JUL 1      2.5                       8.4   -5.9      5.3
  SNOW DEPTH       T

DEGREE DAYS
 HEATING
  YESTERDAY       51                        36     15       42
  MONTH TO DATE  481                       425     56      464
  SINCE DEC 1   1454                      1448      6     1523
  SINCE JUL 1   2277                      2442   -165     2096

 COOLING
  YESTERDAY        0                         0      0        0
  MONTH TO DATE    0                         0      0        0
  SINCE DEC 1      0                         0      0        0
  SINCE JAN 1      0                         0      0        0
..................................................................


WIND (MPH)
  HIGHEST WIND SPEED    16   HIGHEST WIND DIRECTION     N (360)
  HIGHEST GUST SPEED    22   HIGHEST GUST DIRECTION    NW (320)
  AVERAGE WIND SPEED    10.1


SKY COVER
  AVERAGE SKY COVER 0.3


WEATHER CONDITIONS
 THE FOLLOWING WEATHER WAS RECORDED YESTERDAY.
  NO SIGNIFICANT WEATHER WAS OBSERVED.


RELATIVE HUMIDITY (PERCENT)
 HIGHEST    76           600 AM
 LOWEST     56          1200 PM
 AVERAGE    66

..........................................................


THE TOPEKA KS CLIMATE NORMALS FOR TODAY
                         NORMAL    RECORD    YEAR
 MAXIMUM TEMPERATURE (F)   40        70      1996
 MINIMUM TEMPERATURE (F)   19       -15      1916


SUNRISE AND SUNSET
JANUARY 13 2018.......SUNRISE   741 AM CST   SUNSET   522 PM CST
JANUARY 14 2018.......SUNRISE   740 AM CST   SUNSET   523 PM CST


-  INDICATES NEGATIVE NUMBERS.
R  INDICATES RECORD WAS SET OR TIED.
MM INDICATES DATA IS MISSING.
T  INDICATES TRACE AMOUNT.




$$
