893
CDUS43 KTOP 140632
CLITOP


CLIMATE REPORT
NATIONAL WEATHER SERVICE TOPEKA KS
1232 AM CST SUN JAN 14 2018


...................................

...THE TOPEKA KS CLIMATE SUMMARY FOR JANUARY 13 2018...

CLIMATE NORMAL PERIOD 1981 TO 2010
CLIMATE RECORD PERIOD 1887 TO 2018


WEATHER ITEM   OBSERVED TIME   RECORD YEAR NORMAL DEPARTURE LAST
                VALUE   (LST)  VALUE       VALUE  FROM      YEAR
                                                  NORMAL
..................................................................
TEMPERATURE (F)
 YESTERDAY
  MAXIMUM         21    440 PM  70    1996  40    -19       28
  MINIMUM         13    829 AM -15    1916  19     -6       18
  AVERAGE         17                        30    -13       23

PRECIPITATION (IN)
  YESTERDAY        T             0.61 1940   0.02  -0.02      T
  MONTH TO DATE    0.56                      0.31   0.25     0.33
  SINCE DEC 1      0.87                      1.66  -0.79     1.38
  SINCE JAN 1      0.56                      0.31   0.25     0.33

SNOWFALL (IN)
  YESTERDAY        T             5.1  1979   0.1   -0.1      0.0
  MONTH TO DATE    0.4                       2.0   -1.6      2.2
  SINCE JAN 1      0.4                       2.0   -1.6      2.2
  SINCE JUL 1      2.5                       8.5   -6.0      5.3
  SNOW DEPTH       T

DEGREE DAYS
 HEATING
  YESTERDAY       48                        36     12       42
  MONTH TO DATE  529                       461     68      506
  SINCE DEC 1   1502                      1484     18     1565
  SINCE JUL 1   2325                      2478   -153     2138

 COOLING
  YESTERDAY        0                         0      0        0
  MONTH TO DATE    0                         0      0        0
  SINCE DEC 1      0                         0      0        0
  SINCE JAN 1      0                         0      0        0
..................................................................


WIND (MPH)
  HIGHEST WIND SPEED    16   HIGHEST WIND DIRECTION     N (10)
  HIGHEST GUST SPEED    23   HIGHEST GUST DIRECTION     N (10)
  AVERAGE WIND SPEED     6.9


SKY COVER
  AVERAGE SKY COVER 1.0


WEATHER CONDITIONS
 THE FOLLOWING WEATHER WAS RECORDED YESTERDAY.
  NO SIGNIFICANT WEATHER WAS OBSERVED.


RELATIVE HUMIDITY (PERCENT)
 HIGHEST    67           400 AM
 LOWEST     45           400 PM
 AVERAGE    56

..........................................................


THE TOPEKA KS CLIMATE NORMALS FOR TODAY
                         NORMAL    RECORD    YEAR
 MAXIMUM TEMPERATURE (F)   40        66      1952
 MINIMUM TEMPERATURE (F)   19       -13      1979


SUNRISE AND SUNSET
JANUARY 14 2018.......SUNRISE   740 AM CST   SUNSET   523 PM CST
JANUARY 15 2018.......SUNRISE   740 AM CST   SUNSET   524 PM CST


-  INDICATES NEGATIVE NUMBERS.
R  INDICATES RECORD WAS SET OR TIED.
MM INDICATES DATA IS MISSING.
T  INDICATES TRACE AMOUNT.




$$
