000
CDUS43 KTOP 080634
CLITOP


CLIMATE REPORT
NATIONAL WEATHER SERVICE TOPEKA KS
133 AM CDT TUE JUL 8 2014


...................................

...THE TOPEKA KS CLIMATE SUMMARY FOR JULY 7 2014...

CLIMATE NORMAL PERIOD 1981 TO 2010
CLIMATE RECORD PERIOD 1887 TO 2014


WEATHER ITEM   OBSERVED TIME   RECORD YEAR NORMAL DEPARTURE LAST
                VALUE   (LST)  VALUE       VALUE  FROM      YEAR
                                                  NORMAL
..................................................................
TEMPERATURE (F)
 YESTERDAY
  MAXIMUM         96    500 PM 109    1939  89      7       93
  MINIMUM         69   1122 PM  52    1908  68      1       72
  AVERAGE         83                        79      4       83

PRECIPITATION (IN)
  YESTERDAY        0.73          2.91 1899   0.13   0.60     0.01
  MONTH TO DATE    0.73                      0.98  -0.25     0.01
  SINCE JUN 1      6.96                      6.38   0.58     3.16
  SINCE JAN 1     14.43                     19.49  -5.06    17.49

SNOWFALL (IN)
  YESTERDAY        0.0           T    1939   0.0    0.0      0.0
  MONTH TO DATE    0.0                       0.0    0.0      0.0
  SINCE JAN 1     23.1                      11.3   11.8     24.2
  SINCE JUL 1      0.0                       0.0    0.0      0.0
  SNOW DEPTH       0

DEGREE DAYS
 HEATING
  YESTERDAY        0                         0      0        0
  MONTH TO DATE    0                         0      0        0
  SINCE JUN 1      0                         8     -8        5
  SINCE JUL 1      0                         0      0        0

 COOLING
  YESTERDAY       18                        14      4       18
  MONTH TO DATE   76                        93    -17       75
  SINCE JUN 1    412                       377     35      412
  SINCE JAN 1    629                       503    126      557
..................................................................


WIND (MPH)
  HIGHEST WIND SPEED    38   HIGHEST WIND DIRECTION     N (10)
  HIGHEST GUST SPEED    56   HIGHEST GUST DIRECTION     N (20)
  AVERAGE WIND SPEED     8.7


SKY COVER
  AVERAGE SKY COVER 0.1


WEATHER CONDITIONS
 THE FOLLOWING WEATHER WAS RECORDED YESTERDAY.
  THUNDERSTORM
  HEAVY RAIN
  RAIN
  LIGHT RAIN
  FOG


RELATIVE HUMIDITY (PERCENT)
 HIGHEST    85           100 AM
 LOWEST     43           300 PM
 AVERAGE    64

..........................................................


THE TOPEKA KS CLIMATE NORMALS FOR TODAY
                         NORMAL    RECORD    YEAR
 MAXIMUM TEMPERATURE (F)   89       104      1913
                                             1901
 MINIMUM TEMPERATURE (F)   68        53      1891


SUNRISE AND SUNSET
JULY  8 2014..........SUNRISE   604 AM CDT   SUNSET   851 PM CDT
JULY  9 2014..........SUNRISE   605 AM CDT   SUNSET   850 PM CDT


-  INDICATES NEGATIVE NUMBERS.
R  INDICATES RECORD WAS SET OR TIED.
MM INDICATES DATA IS MISSING.
T  INDICATES TRACE AMOUNT.




$$
