000
CDUS43 KTOP 050640
CLITOP


CLIMATE REPORT
NATIONAL WEATHER SERVICE TOPEKA KS
140 AM CDT SAT JUL 5 2014


...................................

...THE TOPEKA KS CLIMATE SUMMARY FOR JULY 4 2014...

CLIMATE NORMAL PERIOD 1981 TO 2010
CLIMATE RECORD PERIOD 1887 TO 2014


WEATHER ITEM   OBSERVED TIME   RECORD YEAR NORMAL DEPARTURE LAST
                VALUE   (LST)  VALUE       VALUE  FROM      YEAR
                                                  NORMAL
..................................................................
TEMPERATURE (F)
 YESTERDAY
  MAXIMUM         85    435 PM 110    1936  89     -4       89
  MINIMUM         59    451 AM  49    1972  68     -9       57
  AVERAGE         72                        78     -6       73

PRECIPITATION (IN)
  YESTERDAY        0.00          1.40 2010   0.14  -0.14     0.00
  MONTH TO DATE    0.00                      0.58  -0.58     0.00
  SINCE JUN 1      6.23                      5.98   0.25     3.15
  SINCE JAN 1     13.70                     19.09  -5.39    17.48

SNOWFALL (IN)
  YESTERDAY        0.0           T    1992   0.0    0.0      0.0
  MONTH TO DATE    0.0                       0.0    0.0      0.0
  SINCE JAN 1     23.1                      11.3   11.8     24.2
  SINCE JUL 1      0.0                       0.0    0.0      0.0
  SNOW DEPTH       0

DEGREE DAYS
 HEATING
  YESTERDAY        0                         0      0        0
  MONTH TO DATE    0                         0      0        0
  SINCE JUN 1      0                         8     -8        5
  SINCE JUL 1      0                         0      0        0

 COOLING
  YESTERDAY        7                        13     -6        8
  MONTH TO DATE   21                        52    -31       30
  SINCE JUN 1    357                       336     21      367
  SINCE JAN 1    574                       462    112      512
..................................................................


WIND (MPH)
  HIGHEST WIND SPEED    18   HIGHEST WIND DIRECTION    SE (130)
  HIGHEST GUST SPEED    25   HIGHEST GUST DIRECTION    SE (150)
  AVERAGE WIND SPEED     8.0


SKY COVER
  AVERAGE SKY COVER 0.0


WEATHER CONDITIONS
 THE FOLLOWING WEATHER WAS RECORDED YESTERDAY.
  NO SIGNIFICANT WEATHER WAS OBSERVED.


RELATIVE HUMIDITY (PERCENT)
 HIGHEST    90          1200 AM
 LOWEST     43          1200 PM
 AVERAGE    67

..........................................................


THE TOPEKA KS CLIMATE NORMALS FOR TODAY
                         NORMAL    RECORD    YEAR
 MAXIMUM TEMPERATURE (F)   89       107      1911
 MINIMUM TEMPERATURE (F)   68        43      1972


SUNRISE AND SUNSET
JULY  5 2014..........SUNRISE   602 AM CDT   SUNSET   852 PM CDT
JULY  6 2014..........SUNRISE   603 AM CDT   SUNSET   851 PM CDT


-  INDICATES NEGATIVE NUMBERS.
R  INDICATES RECORD WAS SET OR TIED.
MM INDICATES DATA IS MISSING.
T  INDICATES TRACE AMOUNT.




$$
