000
CDUS43 KTOP 110632
CLITOP


CLIMATE REPORT
NATIONAL WEATHER SERVICE TOPEKA KS
1232 AM CST SAT FEB 11 2017


...................................

...THE TOPEKA KS CLIMATE SUMMARY FOR FEBRUARY 10 2017...

CLIMATE NORMAL PERIOD 1981 TO 2010
CLIMATE RECORD PERIOD 1887 TO 2017


WEATHER ITEM   OBSERVED TIME   RECORD YEAR NORMAL DEPARTURE LAST
                VALUE   (LST)  VALUE       VALUE  FROM      YEAR
                                                  NORMAL
..................................................................
TEMPERATURE (F)
 YESTERDAY
  MAXIMUM         73    438 PM  78    1932  43     30       60
  MINIMUM         30   1200 AM  -9    2011  22      8       21
  AVERAGE         52                        33     19       41

PRECIPITATION (IN)
  YESTERDAY        0.00          1.20 1898   0.05  -0.05     0.00
  MONTH TO DATE    T                         0.43  -0.43     0.35
  SINCE DEC 1      2.33                      2.64  -0.31     3.96
  SINCE JAN 1      1.28                      1.29  -0.01     1.25

SNOWFALL (IN)
  YESTERDAY        0.0           4.4  1985   0.1   -0.1      0.0
  MONTH TO DATE    T                         1.8   -1.8       T
  SINCE JAN 1      2.2                       6.7   -4.5      2.1
  SINCE JUL 1      5.3                      13.2   -7.9      3.3
  SNOW DEPTH       0

DEGREE DAYS
 HEATING
  YESTERDAY       13                        32    -19       24
  MONTH TO DATE  291                       332    -41      278
  SINCE DEC 1   2325                      2448   -123     2098
  SINCE JUL 1   2898                      3442   -544     2834

 COOLING
  YESTERDAY        0                         0      0        0
  MONTH TO DATE    0                         0      0        0
  SINCE DEC 1      0                         0      0        0
  SINCE JAN 1      0                         0      0        0
..................................................................


WIND (MPH)
  HIGHEST WIND SPEED    22   HIGHEST WIND DIRECTION    SW (210)
  HIGHEST GUST SPEED    27   HIGHEST GUST DIRECTION    SW (220)
  AVERAGE WIND SPEED     9.8


SKY COVER
  AVERAGE SKY COVER 0.0


WEATHER CONDITIONS
 THE FOLLOWING WEATHER WAS RECORDED YESTERDAY.
  NO SIGNIFICANT WEATHER WAS OBSERVED.


RELATIVE HUMIDITY (PERCENT)
 HIGHEST    59           200 AM
 LOWEST     23           400 PM
 AVERAGE    41

..........................................................


THE TOPEKA KS CLIMATE NORMALS FOR TODAY
                         NORMAL    RECORD    YEAR
 MAXIMUM TEMPERATURE (F)   44        75      1951
 MINIMUM TEMPERATURE (F)   23       -19      1899


SUNRISE AND SUNSET
FEBRUARY 11 2017......SUNRISE   718 AM CST   SUNSET   556 PM CST
FEBRUARY 12 2017......SUNRISE   717 AM CST   SUNSET   557 PM CST


-  INDICATES NEGATIVE NUMBERS.
R  INDICATES RECORD WAS SET OR TIED.
MM INDICATES DATA IS MISSING.
T  INDICATES TRACE AMOUNT.




$$
