000
CDUS43 KTOP 240633
CLITOP


CLIMATE REPORT
NATIONAL WEATHER SERVICE TOPEKA KS
1232 AM CST FRI NOV 24 2017


...................................

...THE TOPEKA KS CLIMATE SUMMARY FOR NOVEMBER 23 2017...

CLIMATE NORMAL PERIOD 1981 TO 2010
CLIMATE RECORD PERIOD 1887 TO 2017


WEATHER ITEM   OBSERVED TIME   RECORD YEAR NORMAL DEPARTURE LAST
                VALUE   (LST)  VALUE       VALUE  FROM      YEAR
                                                  NORMAL
..................................................................
TEMPERATURE (F)
 YESTERDAY
  MAXIMUM         68    400 PM  75    1966  50     18       58
  MINIMUM         30    605 AM   4    1898  30      0       41
  AVERAGE         49                        40      9       50

PRECIPITATION (IN)
  YESTERDAY        0.00          1.26 1908   0.05  -0.05      T
  MONTH TO DATE    0.10                      1.47  -1.37     0.15
  SINCE SEP 1      4.82                      8.16  -3.34     9.25
  SINCE JAN 1     38.29                     34.73   3.56    42.14

SNOWFALL (IN)
  YESTERDAY        0.0           2.8  1983   0.0    0.0      0.0
  MONTH TO DATE    T                         0.5   -0.5      0.0
  SINCE JAN 1      3.9                      12.1   -8.2      3.7
  SINCE JUL 1      0.4                       0.8   -0.4       T
  SNOW DEPTH       0

DEGREE DAYS
 HEATING
  YESTERDAY       16                        25     -9       15
  MONTH TO DATE  481                       447     34      277
  SINCE SEP 1    736                       801    -65      433
  SINCE JUL 1    736                       803    -67      433

 COOLING
  YESTERDAY        0                         0      0        0
  MONTH TO DATE    0                         0      0       13
  SINCE SEP 1    283                       192     91      310
  SINCE JAN 1   1473                      1420     53     1711
..................................................................


WIND (MPH)
  HIGHEST WIND SPEED    10   HIGHEST WIND DIRECTION     S (190)
  HIGHEST GUST SPEED    14   HIGHEST GUST DIRECTION     S (190)
  AVERAGE WIND SPEED     3.5


SKY COVER
  AVERAGE SKY COVER 0.0


WEATHER CONDITIONS
 THE FOLLOWING WEATHER WAS RECORDED YESTERDAY.
  NO SIGNIFICANT WEATHER WAS OBSERVED.


RELATIVE HUMIDITY (PERCENT)
 HIGHEST    69           800 AM
 LOWEST     34           200 PM
 AVERAGE    52

..........................................................


THE TOPEKA KS CLIMATE NORMALS FOR TODAY
                         NORMAL    RECORD    YEAR
 MAXIMUM TEMPERATURE (F)   50        76      1990
 MINIMUM TEMPERATURE (F)   29         9      1898


SUNRISE AND SUNSET
NOVEMBER 24 2017......SUNRISE   716 AM CST   SUNSET   503 PM CST
NOVEMBER 25 2017......SUNRISE   717 AM CST   SUNSET   502 PM CST


-  INDICATES NEGATIVE NUMBERS.
R  INDICATES RECORD WAS SET OR TIED.
MM INDICATES DATA IS MISSING.
T  INDICATES TRACE AMOUNT.




$$
