000
CDUS43 KTOP 082233
CLITOP


CLIMATE REPORT
NATIONAL WEATHER SERVICE TOPEKA KS
432 PM CST WED NOV 8 2017


...................................

...THE TOPEKA KS CLIMATE SUMMARY FOR NOVEMBER 8 2017...
VALID TODAY AS OF 0400 PM LOCAL TIME.

CLIMATE NORMAL PERIOD 1981 TO 2010
CLIMATE RECORD PERIOD 1887 TO 2017


WEATHER ITEM   OBSERVED TIME   RECORD YEAR NORMAL DEPARTURE LAST
                VALUE   (LST)  VALUE       VALUE  FROM      YEAR
                                                  NORMAL
..................................................................
TEMPERATURE (F)
 TODAY
  MAXIMUM         53    357 PM  85    2006  59     -6       63
                                      1980
  MINIMUM         22    600 AM   4    1991  37    -15       38
  AVERAGE         38                        48    -10       51

PRECIPITATION (IN)
  TODAY            0.00          2.24 1977   0.07  -0.07     0.00
  MONTH TO DATE    T                         0.59  -0.59     0.06
  SINCE SEP 1      4.72                      7.28  -2.56     9.16
  SINCE JAN 1     38.19                     33.85   4.34    42.05

SNOWFALL (IN)
  TODAY            0.0           T    2011   0.0    0.0      0.0
                                      2000
  MONTH TO DATE    T                         0.1   -0.1      0.0
  SINCE JAN 1      3.9                      11.7   -7.8      3.7
  SINCE JUL 1      0.4                       0.4    0.0       T
  SNOW DEPTH       0

DEGREE DAYS
 HEATING
  TODAY           27                        17     10       14
  MONTH TO DATE  176                       127     49       50
  SINCE SEP 1    431                       481    -50      206
  SINCE JUL 1    431                       483    -52      206

 COOLING
  TODAY            0                         0      0        0
  MONTH TO DATE    0                         0      0        7
  SINCE SEP 1    283                       192     91      304
  SINCE JAN 1   1473                      1420     53     1705
..................................................................


WIND (MPH)
  HIGHEST WIND SPEED     8   HIGHEST WIND DIRECTION     S (160)
  HIGHEST GUST SPEED     9   HIGHEST GUST DIRECTION    SE (150)
  AVERAGE WIND SPEED     1.2



WEATHER CONDITIONS
 THE FOLLOWING WEATHER WAS RECORDED TODAY.
  FOG


RELATIVE HUMIDITY (PERCENT)
 HIGHEST    92           400 AM
 LOWEST     35           300 PM
 AVERAGE    64

..........................................................


THE TOPEKA KS CLIMATE NORMALS FOR TOMORROW
                         NORMAL    RECORD    YEAR
 MAXIMUM TEMPERATURE (F)   58        79      2012
                                             1999
 MINIMUM TEMPERATURE (F)   36        19      1889


SUNRISE AND SUNSET
NOVEMBER  8 2017......SUNRISE   658 AM CST   SUNSET   514 PM CST
NOVEMBER  9 2017......SUNRISE   659 AM CST   SUNSET   513 PM CST


-  INDICATES NEGATIVE NUMBERS.
R  INDICATES RECORD WAS SET OR TIED.
MM INDICATES DATA IS MISSING.
T  INDICATES TRACE AMOUNT.




$$
