000
CDUS43 KTOP 190636
CLITOP


CLIMATE REPORT
NATIONAL WEATHER SERVICE TOPEKA KS
136 AM CDT THU MAY 19 2016


...................................

...THE TOPEKA KS CLIMATE SUMMARY FOR MAY 18 2016...

CLIMATE NORMAL PERIOD 1981 TO 2010
CLIMATE RECORD PERIOD 1887 TO 2016


WEATHER ITEM   OBSERVED TIME   RECORD YEAR NORMAL DEPARTURE LAST
                VALUE   (LST)  VALUE       VALUE  FROM      YEAR
                                                  NORMAL
..................................................................
TEMPERATURE (F)
 YESTERDAY
  MAXIMUM         69    448 PM  94    1975  77     -8       68
  MINIMUM         44    540 AM  38    1976  55    -11       51
  AVERAGE         57                        66     -9       60

PRECIPITATION (IN)
  YESTERDAY        0.00          2.00 1950   0.16  -0.16     0.00
  MONTH TO DATE    3.74                      2.82   0.92     5.03
  SINCE MAR 1     12.96                      8.84   4.12     8.20
  SINCE JAN 1     14.23                     11.02   3.21    10.19

SNOWFALL (IN)
  YESTERDAY        0.0           T    1997   0.0    0.0      0.0
  MONTH TO DATE    T                         0.0    0.0      0.0
  SINCE JAN 1      3.7                      11.3   -7.6      7.9
  SINCE JUL 1      4.9                      17.8  -12.9     10.3
  SNOW DEPTH       0

DEGREE DAYS
 HEATING
  YESTERDAY        8                         3      5        5
  MONTH TO DATE  101                        76     25       40
  SINCE MAR 1    738                      1026   -288      821
  SINCE JUL 1   3990                      4993  -1003     4822

 COOLING
  YESTERDAY        0                         3     -3        0
  MONTH TO DATE   18                        40    -22       52
  SINCE MAR 1     36                        68    -32       57
  SINCE JAN 1     36                        68    -32       57
..................................................................


WIND (MPH)
  HIGHEST WIND SPEED    10   HIGHEST WIND DIRECTION     E (90)
  HIGHEST GUST SPEED    12   HIGHEST GUST DIRECTION     E (110)
  AVERAGE WIND SPEED     1.3


SKY COVER
  AVERAGE SKY COVER 0.3


WEATHER CONDITIONS
 THE FOLLOWING WEATHER WAS RECORDED YESTERDAY.
  FOG
  FOG W/VISIBILITY <= 1/4 MILE


RELATIVE HUMIDITY (PERCENT)
 HIGHEST   100           500 AM
 LOWEST     39           600 PM
 AVERAGE    70

..........................................................


THE TOPEKA KS CLIMATE NORMALS FOR TODAY
                         NORMAL    RECORD    YEAR
 MAXIMUM TEMPERATURE (F)   77        96      2006
                                             1975
                                             1944
 MINIMUM TEMPERATURE (F)   55        30      1888


SUNRISE AND SUNSET
MAY 19 2016...........SUNRISE   606 AM CDT   SUNSET   833 PM CDT
MAY 20 2016...........SUNRISE   605 AM CDT   SUNSET   834 PM CDT


-  INDICATES NEGATIVE NUMBERS.
R  INDICATES RECORD WAS SET OR TIED.
MM INDICATES DATA IS MISSING.
T  INDICATES TRACE AMOUNT.




$$
