000
CDUS43 KTOP 212134
CLITOP


CLIMATE REPORT
NATIONAL WEATHER SERVICE TOPEKA KS
434 PM CDT SAT MAR 21 2015


...................................

...THE TOPEKA KS CLIMATE SUMMARY FOR MARCH 21 2015...
VALID TODAY AS OF 430 PM LOCAL TIME.

CLIMATE NORMAL PERIOD 1981 TO 2010
CLIMATE RECORD PERIOD 1887 TO 2015


WEATHER ITEM   OBSERVED TIME   RECORD YEAR NORMAL DEPARTURE LAST
                VALUE   (LST)  VALUE       VALUE  FROM      YEAR
                                                  NORMAL
..................................................................
TEMPERATURE (F)
 TODAY
  MAXIMUM         73    331 PM  91    1916  59     14       67
                                      1907
  MINIMUM         36    630 AM  12    1960  35      1       40
                                      1913
  AVERAGE         55                        47      8       54

PRECIPITATION (IN)
  TODAY            0.00          0.97 1932   0.08  -0.08     0.00
  MONTH TO DATE    0.38                      1.53  -1.15     0.46
  SINCE MAR 1      0.38                      1.53  -1.15     0.46
  SINCE JAN 1      2.37                      3.71  -1.34     2.12

SNOWFALL (IN)
  TODAY            0.0           7.9  1932   0.0    0.0      0.0
  MONTH TO DATE    T                         1.2   -1.2      2.4
  SINCE JAN 1      7.9                      10.6   -2.7     21.3
  SINCE JUL 1     10.3                      17.1   -6.8     25.6
  SNOW DEPTH       0

DEGREE DAYS
 HEATING
  TODAY           10                        18     -8       11
  MONTH TO DATE  400                       460    -60      500
  SINCE MAR 1    400                       460    -60      500
  SINCE JUL 1   4401                      4427    -26     4822

 COOLING
  TODAY            0                         0      0        0
  MONTH TO DATE    0                         0      0        0
  SINCE MAR 1      0                         0      0        0
  SINCE JAN 1      0                         0      0        0
..................................................................


WIND (MPH)
  HIGHEST WIND SPEED    13   HIGHEST WIND DIRECTION     E (110)
  HIGHEST GUST SPEED    16   HIGHEST GUST DIRECTION     E (110)
  AVERAGE WIND SPEED     4.5



WEATHER CONDITIONS
 THE FOLLOWING WEATHER WAS RECORDED TODAY.
  NO SIGNIFICANT WEATHER WAS OBSERVED.


RELATIVE HUMIDITY (PERCENT)
 HIGHEST    82           300 AM
 LOWEST     33           100 PM
 AVERAGE    58

..........................................................


THE TOPEKA KS CLIMATE NORMALS FOR TOMORROW
                         NORMAL    RECORD    YEAR
 MAXIMUM TEMPERATURE (F)   59        93      1907
 MINIMUM TEMPERATURE (F)   35        10      2002


SUNRISE AND SUNSET
MARCH 21 2015.........SUNRISE   725 AM CDT   SUNSET   735 PM CDT
MARCH 22 2015.........SUNRISE   723 AM CDT   SUNSET   736 PM CDT


-  INDICATES NEGATIVE NUMBERS.
R  INDICATES RECORD WAS SET OR TIED.
MM INDICATES DATA IS MISSING.
T  INDICATES TRACE AMOUNT.




$$
