000
CDUS43 KTOP 160638
CLITOP


CLIMATE REPORT
NATIONAL WEATHER SERVICE TOPEKA KS
137 AM CDT SAT MAY 16 2015


...................................

...THE TOPEKA KS CLIMATE SUMMARY FOR MAY 15 2015...

CLIMATE NORMAL PERIOD 1981 TO 2010
CLIMATE RECORD PERIOD 1887 TO 2015


WEATHER ITEM   OBSERVED TIME   RECORD YEAR NORMAL DEPARTURE LAST
                VALUE   (LST)  VALUE       VALUE  FROM      YEAR
                                                  NORMAL
..................................................................
TEMPERATURE (F)
 YESTERDAY
  MAXIMUM         78    635 PM  95    1944  76      2       62
  MINIMUM         57    131 AM  32    1907  54      3       42
  AVERAGE         68                        65      3       52

PRECIPITATION (IN)
  YESTERDAY        T             1.66 1990   0.16  -0.16     0.00
  MONTH TO DATE    3.00                      2.33   0.67     0.80
  SINCE MAR 1      6.17                      8.35  -2.18     4.98
  SINCE JAN 1      8.16                     10.53  -2.37     6.64

SNOWFALL (IN)
  YESTERDAY        0.0           T    1990   0.0    0.0      0.0
  MONTH TO DATE    0.0                       0.0    0.0       T
  SINCE JAN 1      7.9                      11.3   -3.4     23.1
  SINCE JUL 1     10.3                      17.8   -7.5     27.4
  SNOW DEPTH       0

DEGREE DAYS
 HEATING
  YESTERDAY        0                         3     -3       13
  MONTH TO DATE   35                        67    -32       58
  SINCE MAR 1    816                      1017   -201     1080
  SINCE JUL 1   4817                      4984   -167     5402

 COOLING
  YESTERDAY        3                         3      0        0
  MONTH TO DATE   39                        31      8       61
  SINCE MAR 1     44                        59    -15       84
  SINCE JAN 1     44                        59    -15       84
..................................................................


WIND (MPH)
  HIGHEST WIND SPEED    20   HIGHEST WIND DIRECTION     S (200)
  HIGHEST GUST SPEED    27   HIGHEST GUST DIRECTION    SW (210)
  AVERAGE WIND SPEED     7.1


SKY COVER
  AVERAGE SKY COVER 0.5


WEATHER CONDITIONS
 THE FOLLOWING WEATHER WAS RECORDED YESTERDAY.
  FOG
  FOG W/VISIBILITY <= 1/4 MILE


RELATIVE HUMIDITY (PERCENT)
 HIGHEST   100           300 AM
 LOWEST     58           100 PM
 AVERAGE    79

..........................................................


THE TOPEKA KS CLIMATE NORMALS FOR TODAY
                         NORMAL    RECORD    YEAR
 MAXIMUM TEMPERATURE (F)   76        95      1931
 MINIMUM TEMPERATURE (F)   54        34      1890


SUNRISE AND SUNSET
MAY 16 2015...........SUNRISE   609 AM CDT   SUNSET   829 PM CDT
MAY 17 2015...........SUNRISE   608 AM CDT   SUNSET   830 PM CDT


-  INDICATES NEGATIVE NUMBERS.
R  INDICATES RECORD WAS SET OR TIED.
MM INDICATES DATA IS MISSING.
T  INDICATES TRACE AMOUNT.




$$
