000
CDUS43 KTOP 230636
CLITOP


CLIMATE REPORT
NATIONAL WEATHER SERVICE TOPEKA KS
135 AM CDT FRI SEP 23 2016


...................................

...THE TOPEKA KS CLIMATE SUMMARY FOR SEPTEMBER 22 2016...

CLIMATE NORMAL PERIOD 1981 TO 2010
CLIMATE RECORD PERIOD 1887 TO 2016


WEATHER ITEM   OBSERVED TIME   RECORD YEAR NORMAL DEPARTURE LAST
                VALUE   (LST)  VALUE       VALUE  FROM      YEAR
                                                  NORMAL
..................................................................
TEMPERATURE (F)
 YESTERDAY
  MAXIMUM         91    200 PM  99    1937  78     13       85
  MINIMUM         71   1159 PM  31    1995  53     18       66
  AVERAGE         81                        66     15       76

PRECIPITATION (IN)
  YESTERDAY        0.00          1.84 2000   0.13  -0.13     0.00
  MONTH TO DATE    5.40                      2.70   2.70     7.29
  SINCE SEP 1      5.40                      2.70   2.70     7.29
  SINCE JAN 1     38.29                     29.27   9.02    40.53

SNOWFALL (IN)
  YESTERDAY        0.0           0.0    MM   0.0    0.0      0.0
  MONTH TO DATE    0.0                       0.0    0.0      0.0
  SINCE JAN 1      3.7                      11.3   -7.6      7.9
  SINCE JUL 1      T                         0.0    0.0      0.0
  SNOW DEPTH       0

DEGREE DAYS
 HEATING
  YESTERDAY        0                         3     -3        0
  MONTH TO DATE    0                        30    -30       11
  SINCE SEP 1      0                        30    -30       11
  SINCE JUL 1      0                        32    -32       11

 COOLING
  YESTERDAY       16                         4     12       11
  MONTH TO DATE  218                       141     77      231
  SINCE SEP 1    218                       141     77      231
  SINCE JAN 1   1619                      1369    250     1449
..................................................................


WIND (MPH)
  HIGHEST WIND SPEED    17   HIGHEST WIND DIRECTION     S (160)
  HIGHEST GUST SPEED    22   HIGHEST GUST DIRECTION     S (160)
  AVERAGE WIND SPEED     8.2


SKY COVER
  AVERAGE SKY COVER 0.0


WEATHER CONDITIONS
 THE FOLLOWING WEATHER WAS RECORDED YESTERDAY.
  NO SIGNIFICANT WEATHER WAS OBSERVED.


RELATIVE HUMIDITY (PERCENT)
 HIGHEST    84          1100 PM
 LOWEST     50           400 PM
 AVERAGE    67

..........................................................


THE TOPEKA KS CLIMATE NORMALS FOR TODAY
                         NORMAL    RECORD    YEAR
 MAXIMUM TEMPERATURE (F)   77        97      1939
 MINIMUM TEMPERATURE (F)   53        29      1983


SUNRISE AND SUNSET
SEPTEMBER 23 2016.....SUNRISE   712 AM CDT   SUNSET   717 PM CDT
SEPTEMBER 24 2016.....SUNRISE   712 AM CDT   SUNSET   715 PM CDT


-  INDICATES NEGATIVE NUMBERS.
R  INDICATES RECORD WAS SET OR TIED.
MM INDICATES DATA IS MISSING.
T  INDICATES TRACE AMOUNT.




$$
