000
CDUS43 KTOP 220637
CLITOP


CLIMATE REPORT
NATIONAL WEATHER SERVICE TOPEKA KS
1237 AM CST SUN FEB 22 2015


...................................

...THE TOPEKA KS CLIMATE SUMMARY FOR FEBRUARY 21 2015...

CLIMATE NORMAL PERIOD 1981 TO 2010
CLIMATE RECORD PERIOD 1887 TO 2015


WEATHER ITEM   OBSERVED TIME   RECORD YEAR NORMAL DEPARTURE LAST
                VALUE   (LST)  VALUE       VALUE  FROM      YEAR
                                                  NORMAL
..................................................................
TEMPERATURE (F)
 YESTERDAY
  MAXIMUM         49    259 PM  76    1977  47      2       59
  MINIMUM         27   1159 PM  -2    1939  26      1       25
  AVERAGE         38                        36      2       42

PRECIPITATION (IN)
  YESTERDAY        0.08          1.95 1971   0.05   0.03     0.00
  MONTH TO DATE    0.73                      0.95  -0.22     1.28
  SINCE DEC 1      4.12                      3.16   0.96     2.21
  SINCE JAN 1      1.85                      1.81   0.04     1.65

SNOWFALL (IN)
  YESTERDAY        0.0          11.3  1971   0.1   -0.1      0.0
  MONTH TO DATE    4.7                       3.7    0.0     14.8
  SINCE JAN 1      6.1                       8.6   -2.5     18.7
  SINCE JUL 1      8.5                      15.1   -6.6     23.0
  SNOW DEPTH       0

DEGREE DAYS
 HEATING
  YESTERDAY       27                        29     -2       23
  MONTH TO DATE  759                       666     93      818
  SINCE DEC 1   2671                      2782   -111     3083
  SINCE JUL 1   3702                      3776    -74     4079

 COOLING
  YESTERDAY        0                         0      0        0
  MONTH TO DATE    0                         0      0        0
  SINCE DEC 1      0                         0      0        0
  SINCE JAN 1      0                         0      0        0
..................................................................


WIND (MPH)
  HIGHEST WIND SPEED    22   HIGHEST WIND DIRECTION     N (10)
  HIGHEST GUST SPEED    29   HIGHEST GUST DIRECTION     N (360)
  AVERAGE WIND SPEED     8.6


SKY COVER
  AVERAGE SKY COVER 0.4


WEATHER CONDITIONS
 THE FOLLOWING WEATHER WAS RECORDED YESTERDAY.
  LIGHT RAIN
  FOG
  FOG W/VISIBILITY <= 1/4 MILE


RELATIVE HUMIDITY (PERCENT)
 HIGHEST   100           200 AM
 LOWEST     56           200 PM
 AVERAGE    78

..........................................................


THE TOPEKA KS CLIMATE NORMALS FOR TODAY
                         NORMAL    RECORD    YEAR
 MAXIMUM TEMPERATURE (F)   47        74      1995
                                             1917
 MINIMUM TEMPERATURE (F)   26         0      1910


SUNRISE AND SUNSET
FEBRUARY 22 2015......SUNRISE   705 AM CST   SUNSET   607 PM CST
FEBRUARY 23 2015......SUNRISE   704 AM CST   SUNSET   608 PM CST


-  INDICATES NEGATIVE NUMBERS.
R  INDICATES RECORD WAS SET OR TIED.
MM INDICATES DATA IS MISSING.
T  INDICATES TRACE AMOUNT.




$$
