000
CDUS43 KTOP 240635
CLITOP


CLIMATE REPORT
NATIONAL WEATHER SERVICE TOPEKA KS
134 AM CDT FRI OCT 24 2014


...................................

...THE TOPEKA KS CLIMATE SUMMARY FOR OCTOBER 23 2014...

CLIMATE NORMAL PERIOD 1981 TO 2010
CLIMATE RECORD PERIOD 1887 TO 2014


WEATHER ITEM   OBSERVED TIME   RECORD YEAR NORMAL DEPARTURE LAST
                VALUE   (LST)  VALUE       VALUE  FROM      YEAR
                                                  NORMAL
..................................................................
TEMPERATURE (F)
 YESTERDAY
  MAXIMUM         72    332 PM  92    1939  66      6       55
  MINIMUM         59   1022 PM  25    1966  43     16       32
                                      1937
  AVERAGE         66                        54     12       44

PRECIPITATION (IN)
  YESTERDAY        1.21          1.98 1957   0.09   1.12      T
  MONTH TO DATE    4.46                      2.35   2.11     2.01
  SINCE SEP 1      8.60                      6.01   2.59     5.28
  SINCE JAN 1     28.44                     32.58  -4.14    29.75

SNOWFALL (IN)
  YESTERDAY        0.0           2.4  1908   0.0    0.0      0.0
  MONTH TO DATE    0.0                       0.2   -0.2       T
  SINCE JAN 1     23.1                      11.5   11.6     24.2
  SINCE JUL 1      T                         0.2   -0.2       T
  SNOW DEPTH       0

DEGREE DAYS
 HEATING
  YESTERDAY        0                        11    -11       21
  MONTH TO DATE  143                       188    -45      189
  SINCE SEP 1    192                       253    -61      203
  SINCE JUL 1    192                       255    -63      203

 COOLING
  YESTERDAY        1                         0      1        0
  MONTH TO DATE   14                        25    -11       37
  SINCE SEP 1    187                       190     -3      292
  SINCE JAN 1   1597                      1418    179     1586
..................................................................


WIND (MPH)
  HIGHEST WIND SPEED    14   HIGHEST WIND DIRECTION     S (180)
  HIGHEST GUST SPEED    17   HIGHEST GUST DIRECTION     S (190)
  AVERAGE WIND SPEED     6.3


SKY COVER
  AVERAGE SKY COVER 0.6


WEATHER CONDITIONS
 THE FOLLOWING WEATHER WAS RECORDED YESTERDAY.
  HEAVY RAIN
  RAIN
  LIGHT RAIN
  FOG


RELATIVE HUMIDITY (PERCENT)
 HIGHEST   100           100 AM
 LOWEST     73           400 PM
 AVERAGE    87

..........................................................


THE TOPEKA KS CLIMATE NORMALS FOR TODAY
                         NORMAL    RECORD    YEAR
 MAXIMUM TEMPERATURE (F)   66        90      1939
 MINIMUM TEMPERATURE (F)   42        25      1999


SUNRISE AND SUNSET
OCTOBER 24 2014.......SUNRISE   741 AM CDT   SUNSET   631 PM CDT
OCTOBER 25 2014.......SUNRISE   742 AM CDT   SUNSET   630 PM CDT


-  INDICATES NEGATIVE NUMBERS.
R  INDICATES RECORD WAS SET OR TIED.
MM INDICATES DATA IS MISSING.
T  INDICATES TRACE AMOUNT.




$$
