000
CDUS43 KTOP 032241
CLITOP


CLIMATE REPORT
NATIONAL WEATHER SERVICE TOPEKA KS
441 PM CST SAT DEC 3 2016


...................................

...THE TOPEKA KS CLIMATE SUMMARY FOR DECEMBER 3 2016...
VALID TODAY AS OF 0400 PM LOCAL TIME.

CLIMATE NORMAL PERIOD 1981 TO 2010
CLIMATE RECORD PERIOD 1887 TO 2016


WEATHER ITEM   OBSERVED TIME   RECORD YEAR NORMAL DEPARTURE LAST
                VALUE   (LST)  VALUE       VALUE  FROM      YEAR
                                                  NORMAL
..................................................................
TEMPERATURE (F)
 TODAY
  MAXIMUM         48    345 PM  74    2012  45      3       51
  MINIMUM         27    505 AM   5    1893  25      2       23
  AVERAGE         38                        35      3       37

PRECIPITATION (IN)
  TODAY            0.00          2.13 1947   0.05  -0.05     0.00
  MONTH TO DATE    0.00                      0.16  -0.16     0.00
  SINCE DEC 1      0.00                      0.16  -0.16     0.00
  SINCE JAN 1     42.18                     35.27   6.91    46.68

SNOWFALL (IN)
  TODAY            0.0           4.8  1921   0.2   -0.2      0.0
  MONTH TO DATE    0.0                       0.4   -0.4      0.0
  SINCE JAN 1      3.7                      13.0   -9.3      8.0
  SINCE JUL 1      T                         1.7   -1.7      0.1
  SNOW DEPTH       0

DEGREE DAYS
 HEATING
  TODAY           27                        30     -3       28
  MONTH TO DATE   87                        88     -1       81
  SINCE DEC 1     87                        88     -1       81
  SINCE JUL 1    660                      1082   -422      817

 COOLING
  TODAY            0                         0      0        0
  MONTH TO DATE    0                         0      0        0
  SINCE DEC 1      0                         0      0        0
  SINCE JAN 1   1711                      1422    289     1536
..................................................................


WIND (MPH)
  HIGHEST WIND SPEED    12   HIGHEST WIND DIRECTION     E (80)
  HIGHEST GUST SPEED    14   HIGHEST GUST DIRECTION     E (90)
  AVERAGE WIND SPEED     4.4



WEATHER CONDITIONS
 THE FOLLOWING WEATHER WAS RECORDED TODAY.
  NO SIGNIFICANT WEATHER WAS OBSERVED.


RELATIVE HUMIDITY (PERCENT)
 HIGHEST    85           500 AM
 LOWEST     50           300 PM
 AVERAGE    68

..........................................................


THE TOPEKA KS CLIMATE NORMALS FOR TOMORROW
                         NORMAL    RECORD    YEAR
 MAXIMUM TEMPERATURE (F)   45        72      2001
 MINIMUM TEMPERATURE (F)   25         8      1902


SUNRISE AND SUNSET
DECEMBER  3 2016......SUNRISE   725 AM CST   SUNSET   500 PM CST
DECEMBER  4 2016......SUNRISE   726 AM CST   SUNSET   500 PM CST


-  INDICATES NEGATIVE NUMBERS.
R  INDICATES RECORD WAS SET OR TIED.
MM INDICATES DATA IS MISSING.
T  INDICATES TRACE AMOUNT.




$$
