000
CDUS43 KTOP 030637
CLITOP


CLIMATE REPORT
NATIONAL WEATHER SERVICE TOPEKA KS
1237 AM CST TUE JAN 3 2017


...................................

...THE TOPEKA KS CLIMATE SUMMARY FOR JANUARY 2 2017...

CLIMATE NORMAL PERIOD 1981 TO 2010
CLIMATE RECORD PERIOD 1887 TO 2017


WEATHER ITEM   OBSERVED TIME   RECORD YEAR NORMAL DEPARTURE LAST
                VALUE   (LST)  VALUE       VALUE  FROM      YEAR
                                                  NORMAL
..................................................................
TEMPERATURE (F)
 YESTERDAY
  MAXIMUM         50    351 PM  74    1939  39     11       46
  MINIMUM         38   1212 AM -16    1979  20     18       24
  AVERAGE         44                        30     14       35

PRECIPITATION (IN)
  YESTERDAY        0.19          0.78 1951   0.02   0.17     0.00
  MONTH TO DATE    0.19                      0.05   0.14     0.00
  SINCE DEC 1      1.24                      1.40  -0.16     2.71
  SINCE JAN 1      0.19                      0.05   0.14     0.00

SNOWFALL (IN)
  YESTERDAY        0.0           6.8  1947   0.1   -0.1      0.0
  MONTH TO DATE    0.0                       0.3   -0.3      0.0
  SINCE JAN 1      0.0                       0.3   -0.3      0.0
  SINCE JUL 1      3.1                       6.8   -3.7      1.2
  SNOW DEPTH       0

DEGREE DAYS
 HEATING
  YESTERDAY       21                        35    -14       30
  MONTH TO DATE   54                        70    -16       63
  SINCE DEC 1   1113                      1093     20      834
  SINCE JUL 1   1686                      2087   -401     1570

 COOLING
  YESTERDAY        0                         0      0        0
  MONTH TO DATE    0                         0      0        0
  SINCE DEC 1      0                         0      0        0
  SINCE JAN 1      0                         0      0        0
..................................................................


WIND (MPH)
  HIGHEST WIND SPEED    16   HIGHEST WIND DIRECTION     N (350)
  HIGHEST GUST SPEED    20   HIGHEST GUST DIRECTION     N (350)
  AVERAGE WIND SPEED     5.8


SKY COVER
  AVERAGE SKY COVER 1.0


WEATHER CONDITIONS
 THE FOLLOWING WEATHER WAS RECORDED YESTERDAY.
  RAIN
  LIGHT RAIN
  FOG
  FOG W/VISIBILITY <= 1/4 MILE


RELATIVE HUMIDITY (PERCENT)
 HIGHEST    93           200 PM
 LOWEST     73           300 AM
 AVERAGE    83

..........................................................


THE TOPEKA KS CLIMATE NORMALS FOR TODAY
                         NORMAL    RECORD    YEAR
 MAXIMUM TEMPERATURE (F)   39        66      1997
 MINIMUM TEMPERATURE (F)   20       -17      1979


SUNRISE AND SUNSET
JANUARY  3 2017.......SUNRISE   742 AM CST   SUNSET   513 PM CST
JANUARY  4 2017.......SUNRISE   742 AM CST   SUNSET   514 PM CST


-  INDICATES NEGATIVE NUMBERS.
R  INDICATES RECORD WAS SET OR TIED.
MM INDICATES DATA IS MISSING.
T  INDICATES TRACE AMOUNT.




$$
