000
CDUS43 KTOP 130636
CLITOP


CLIMATE REPORT
NATIONAL WEATHER SERVICE TOPEKA KS
1235 AM CST TUE FEB 13 2018


...................................

...THE TOPEKA KS CLIMATE SUMMARY FOR FEBRUARY 12 2018...

CLIMATE NORMAL PERIOD 1981 TO 2010
CLIMATE RECORD PERIOD 1887 TO 2018


WEATHER ITEM   OBSERVED TIME   RECORD YEAR NORMAL DEPARTURE LAST
                VALUE   (LST)  VALUE       VALUE  FROM      YEAR
                                                  NORMAL
..................................................................
TEMPERATURE (F)
 YESTERDAY
  MAXIMUM         39    413 PM  73    1990  44     -5       54
                                      1962
  MINIMUM         11    723 AM -25    1899  23    -12       30
  AVERAGE         25                        33     -8       42

PRECIPITATION (IN)
  YESTERDAY        T             0.73 1949   0.05  -0.05     0.00
  MONTH TO DATE    0.11                      0.52  -0.41      T
  SINCE DEC 1      1.36                      2.73  -1.37     2.33
  SINCE JAN 1      1.05                      1.38  -0.33     1.28

SNOWFALL (IN)
  YESTERDAY        T             3.0  1914   0.2   -0.2      0.0
  MONTH TO DATE    2.0                       2.2   -0.2       T
  SINCE JAN 1      5.1                       7.1   -2.0      2.2
  SINCE JUL 1      7.2                      13.6   -6.4      5.3
  SNOW DEPTH       0

DEGREE DAYS
 HEATING
  YESTERDAY       40                        32      8       23
  MONTH TO DATE  483                       396     87      322
  SINCE DEC 1   2553                      2512     41     2356
  SINCE JUL 1   3376                      3506   -130     2929

 COOLING
  YESTERDAY        0                         0      0        0
  MONTH TO DATE    0                         0      0        0
  SINCE DEC 1      0                         0      0        0
  SINCE JAN 1      0                         0      0        0
..................................................................


WIND (MPH)
  HIGHEST WIND SPEED    17   HIGHEST WIND DIRECTION     E (80)
  HIGHEST GUST SPEED    22   HIGHEST GUST DIRECTION     E (80)
  AVERAGE WIND SPEED     8.1


SKY COVER
  AVERAGE SKY COVER 0.1


WEATHER CONDITIONS
 THE FOLLOWING WEATHER WAS RECORDED YESTERDAY.
  LIGHT SNOW
  SLEET


RELATIVE HUMIDITY (PERCENT)
 HIGHEST    92           800 AM
 LOWEST     32           200 PM
 AVERAGE    62

..........................................................


THE TOPEKA KS CLIMATE NORMALS FOR TODAY
                         NORMAL    RECORD    YEAR
 MAXIMUM TEMPERATURE (F)   44        74      1921
 MINIMUM TEMPERATURE (F)   23       -22      1905


SUNRISE AND SUNSET
FEBRUARY 13 2018......SUNRISE   716 AM CST   SUNSET   558 PM CST
FEBRUARY 14 2018......SUNRISE   715 AM CST   SUNSET   559 PM CST


-  INDICATES NEGATIVE NUMBERS.
R  INDICATES RECORD WAS SET OR TIED.
MM INDICATES DATA IS MISSING.
T  INDICATES TRACE AMOUNT.




$$
