000
CDUS43 KTOP 050635
CLITOP


CLIMATE REPORT
NATIONAL WEATHER SERVICE TOPEKA KS
1234 AM CST THU JAN 5 2017


...................................

...THE TOPEKA KS CLIMATE SUMMARY FOR JANUARY 4 2017...

CLIMATE NORMAL PERIOD 1981 TO 2010
CLIMATE RECORD PERIOD 1887 TO 2017


WEATHER ITEM   OBSERVED TIME   RECORD YEAR NORMAL DEPARTURE LAST
                VALUE   (LST)  VALUE       VALUE  FROM      YEAR
                                                  NORMAL
..................................................................
TEMPERATURE (F)
 YESTERDAY
  MAXIMUM         23    146 PM  63    2003  39    -16       28
                                      1956
                                      1916
  MINIMUM         10    750 AM -15    1947  20    -10       19
  AVERAGE         17                        30    -13       24

PRECIPITATION (IN)
  YESTERDAY        0.10          0.87 1910   0.03   0.07      T
  MONTH TO DATE    0.29                      0.11   0.18      T
  SINCE DEC 1      1.34                      1.46  -0.12     2.71
  SINCE JAN 1      0.29                      0.11   0.18      T

SNOWFALL (IN)
  YESTERDAY        1.6           4.6  1910   0.1    1.5       T
  MONTH TO DATE    1.6                       0.6    1.0       T
  SINCE JAN 1      1.6                       0.6    1.0       T
  SINCE JUL 1      4.7                       7.1   -2.4      1.2
  SNOW DEPTH       0

DEGREE DAYS
 HEATING
  YESTERDAY       48                        35     13       41
  MONTH TO DATE  138                       140     -2      138
  SINCE DEC 1   1197                      1163     34      909
  SINCE JUL 1   1770                      2157   -387     1645

 COOLING
  YESTERDAY        0                         0      0        0
  MONTH TO DATE    0                         0      0        0
  SINCE DEC 1      0                         0      0        0
  SINCE JAN 1      0                         0      0        0
..................................................................


WIND (MPH)
  HIGHEST WIND SPEED    15   HIGHEST WIND DIRECTION     N (10)
  HIGHEST GUST SPEED    18   HIGHEST GUST DIRECTION     N (10)
  AVERAGE WIND SPEED     7.9


SKY COVER
  AVERAGE SKY COVER 0.3


WEATHER CONDITIONS
 THE FOLLOWING WEATHER WAS RECORDED YESTERDAY.
  LIGHT SNOW
  FOG


RELATIVE HUMIDITY (PERCENT)
 HIGHEST    80          1000 PM
 LOWEST     44           100 PM
 AVERAGE    62

..........................................................


THE TOPEKA KS CLIMATE NORMALS FOR TODAY
                         NORMAL    RECORD    YEAR
 MAXIMUM TEMPERATURE (F)   39        70      2012
 MINIMUM TEMPERATURE (F)   20       -15      1924


SUNRISE AND SUNSET
JANUARY  5 2017.......SUNRISE   742 AM CST   SUNSET   515 PM CST
JANUARY  6 2017.......SUNRISE   742 AM CST   SUNSET   515 PM CST


-  INDICATES NEGATIVE NUMBERS.
R  INDICATES RECORD WAS SET OR TIED.
MM INDICATES DATA IS MISSING.
T  INDICATES TRACE AMOUNT.




$$
