814
CDUS43 KTOP 160638
CLITOP


CLIMATE REPORT
NATIONAL WEATHER SERVICE TOPEKA KS
1238 AM CST MON JAN 16 2017


...................................

...THE TOPEKA KS CLIMATE SUMMARY FOR JANUARY 15 2017...

CLIMATE NORMAL PERIOD 1981 TO 2010
CLIMATE RECORD PERIOD 1887 TO 2017


WEATHER ITEM   OBSERVED TIME   RECORD YEAR NORMAL DEPARTURE LAST
                VALUE   (LST)  VALUE       VALUE  FROM      YEAR
                                                  NORMAL
..................................................................
TEMPERATURE (F)
 YESTERDAY
  MAXIMUM         34   1159 PM  65    2012  40     -6       38
                                      2006
  MINIMUM         31    847 AM -20    1888  19     12       23
  AVERAGE         33                        30      3       31

PRECIPITATION (IN)
  YESTERDAY        0.31          0.70 1949   0.03   0.28     0.00
  MONTH TO DATE    0.64                      0.36   0.28     0.73
  SINCE DEC 1      1.69                      1.71  -0.02     3.44
  SINCE JAN 1      0.64                      0.36   0.28     0.73

SNOWFALL (IN)
  YESTERDAY        0.0           2.9  1898   0.1   -0.1      0.0
  MONTH TO DATE    2.2                       2.3   -0.1       T
  SINCE JAN 1      2.2                       2.3   -0.1       T
  SINCE JUL 1      5.3                       8.8   -3.5      1.2
  SNOW DEPTH       0

DEGREE DAYS
 HEATING
  YESTERDAY       32                        35     -3       34
  MONTH TO DATE  571                       532     39      503
  SINCE DEC 1   1630                      1555     75     1274
  SINCE JUL 1   2203                      2549   -346     2010

 COOLING
  YESTERDAY        0                         0      0        0
  MONTH TO DATE    0                         0      0        0
  SINCE DEC 1      0                         0      0        0
  SINCE JAN 1      0                         0      0        0
..................................................................


WIND (MPH)
  HIGHEST WIND SPEED    12   HIGHEST WIND DIRECTION     E (70)
  HIGHEST GUST SPEED    15   HIGHEST GUST DIRECTION     E (70)
  AVERAGE WIND SPEED     6.3


SKY COVER
  AVERAGE SKY COVER 1.0


WEATHER CONDITIONS
 THE FOLLOWING WEATHER WAS RECORDED YESTERDAY.
  LIGHT RAIN
  FREEZING RAIN
  LT FREEZING RAIN
  FOG


RELATIVE HUMIDITY (PERCENT)
 HIGHEST    92           800 AM
 LOWEST     64          1200 AM
 AVERAGE    78

..........................................................


THE TOPEKA KS CLIMATE NORMALS FOR TODAY
                         NORMAL    RECORD    YEAR
 MAXIMUM TEMPERATURE (F)   40        70      1894
 MINIMUM TEMPERATURE (F)   19       -11      1888


SUNRISE AND SUNSET
JANUARY 16 2017.......SUNRISE   739 AM CST   SUNSET   526 PM CST
JANUARY 17 2017.......SUNRISE   739 AM CST   SUNSET   527 PM CST


-  INDICATES NEGATIVE NUMBERS.
R  INDICATES RECORD WAS SET OR TIED.
MM INDICATES DATA IS MISSING.
T  INDICATES TRACE AMOUNT.




$$
