000
CDUS43 KTOP 192138
CLITOP


CLIMATE REPORT
NATIONAL WEATHER SERVICE TOPEKA KS
438 PM CDT THU MAR 19 2015


...................................

...THE TOPEKA KS CLIMATE SUMMARY FOR MARCH 19 2015...
VALID TODAY AS OF 0400 PM LOCAL TIME.

CLIMATE NORMAL PERIOD 1981 TO 2010
CLIMATE RECORD PERIOD 1887 TO 2015


WEATHER ITEM   OBSERVED TIME   RECORD YEAR NORMAL DEPARTURE LAST
                VALUE   (LST)  VALUE       VALUE  FROM      YEAR
                                                  NORMAL
..................................................................
TEMPERATURE (F)
 TODAY
  MAXIMUM         42    259 PM  82    1907  58    -16       57
  MINIMUM         37    317 AM   0    1923  34      3       35
  AVERAGE         40                        46     -6       46

PRECIPITATION (IN)
  TODAY            0.02          1.06 1973   0.08  -0.06     0.01
  MONTH TO DATE    0.38                      1.36  -0.98     0.46
  SINCE MAR 1      0.38                      1.36  -0.98     0.46
  SINCE JAN 1      2.37                      3.54  -1.17     2.12

SNOWFALL (IN)
  TODAY            0.0           3.5  2010   0.1   -0.1       T
  MONTH TO DATE    T                         1.2   -1.2      2.4
  SINCE JAN 1      7.9                      10.6   -2.7     21.3
  SINCE JUL 1     10.3                      17.1   -6.8     25.6
  SNOW DEPTH       0

DEGREE DAYS
 HEATING
  TODAY           25                        19      6       19
  MONTH TO DATE  374                       423    -49      476
  SINCE MAR 1    374                       423    -49      476
  SINCE JUL 1   4375                      4390    -15     4798

 COOLING
  TODAY            0                         0      0        0
  MONTH TO DATE    0                         0      0        0
  SINCE MAR 1      0                         0      0        0
  SINCE JAN 1      0                         0      0        0
..................................................................


WIND (MPH)
  HIGHEST WIND SPEED     9   HIGHEST WIND DIRECTION     E (80)
  HIGHEST GUST SPEED    12   HIGHEST GUST DIRECTION     E (70)
  AVERAGE WIND SPEED     5.5



WEATHER CONDITIONS
 THE FOLLOWING WEATHER WAS RECORDED TODAY.
  LIGHT RAIN
  FOG
  HAZE


RELATIVE HUMIDITY (PERCENT)
 HIGHEST    76          1100 AM
 LOWEST     62           300 PM
 AVERAGE    69

..........................................................


THE TOPEKA KS CLIMATE NORMALS FOR TOMORROW
                         NORMAL    RECORD    YEAR
 MAXIMUM TEMPERATURE (F)   58        85      1953
 MINIMUM TEMPERATURE (F)   35         5      1906


SUNRISE AND SUNSET
MARCH 19 2015.........SUNRISE   728 AM CDT   SUNSET   733 PM CDT
MARCH 20 2015.........SUNRISE   726 AM CDT   SUNSET   734 PM CDT


-  INDICATES NEGATIVE NUMBERS.
R  INDICATES RECORD WAS SET OR TIED.
MM INDICATES DATA IS MISSING.
T  INDICATES TRACE AMOUNT.




$$
