325
CDUS43 KTOP 170637
CLITOP


CLIMATE REPORT
NATIONAL WEATHER SERVICE TOPEKA KS
137 AM CDT WED AUG 17 2016


...................................

...THE TOPEKA KS CLIMATE SUMMARY FOR AUGUST 16 2016...

CLIMATE NORMAL PERIOD 1981 TO 2010
CLIMATE RECORD PERIOD 1887 TO 2016


WEATHER ITEM   OBSERVED TIME   RECORD YEAR NORMAL DEPARTURE LAST
                VALUE   (LST)  VALUE       VALUE  FROM      YEAR
                                                  NORMAL
..................................................................
TEMPERATURE (F)
 YESTERDAY
  MAXIMUM         90    255 PM 109    1936  89      1       89
  MINIMUM         63    622 AM  52    1992  67     -4       63
  AVERAGE         77                        78     -1       76

PRECIPITATION (IN)
  YESTERDAY        0.00          2.83 1996   0.15  -0.15     0.00
  MONTH TO DATE    0.57                      2.18  -1.61     1.82
  SINCE JUN 1      8.32                     11.40  -3.08    17.37
  SINCE JAN 1     27.63                     24.51   3.12    31.96

SNOWFALL (IN)
  YESTERDAY        0.0           0.0    MM   0.0    0.0      0.0
  MONTH TO DATE    0.0                       0.0    0.0      0.0
  SINCE JAN 1      3.7                      11.3   -7.6      7.9
  SINCE JUL 1      T                         0.0    0.0      0.0
  SNOW DEPTH       0

DEGREE DAYS
 HEATING
  YESTERDAY        0                         0      0        0
  MONTH TO DATE    0                         0      0        0
  SINCE JUN 1      0                         8     -8        0
  SINCE JUL 1      0                         0      0        0

 COOLING
  YESTERDAY       12                        13     -1       11
  MONTH TO DATE  232                       217     15      220
  SINCE JUN 1   1145                       933    212     1034
  SINCE JAN 1   1237                      1059    178     1116
..................................................................


WIND (MPH)
  HIGHEST WIND SPEED    16   HIGHEST WIND DIRECTION     S (170)
  HIGHEST GUST SPEED    21   HIGHEST GUST DIRECTION     S (160)
  AVERAGE WIND SPEED     6.9


SKY COVER
  AVERAGE SKY COVER 0.0


WEATHER CONDITIONS
 THE FOLLOWING WEATHER WAS RECORDED YESTERDAY.
  NO SIGNIFICANT WEATHER WAS OBSERVED.


RELATIVE HUMIDITY (PERCENT)
 HIGHEST    93           100 AM
 LOWEST     44           300 PM
 AVERAGE    69

..........................................................


THE TOPEKA KS CLIMATE NORMALS FOR TODAY
                         NORMAL    RECORD    YEAR
 MAXIMUM TEMPERATURE (F)   89       109      1936
 MINIMUM TEMPERATURE (F)   66        51      2012


SUNRISE AND SUNSET
AUGUST 17 2016........SUNRISE   638 AM CDT   SUNSET   814 PM CDT
AUGUST 18 2016........SUNRISE   639 AM CDT   SUNSET   813 PM CDT


-  INDICATES NEGATIVE NUMBERS.
R  INDICATES RECORD WAS SET OR TIED.
MM INDICATES DATA IS MISSING.
T  INDICATES TRACE AMOUNT.




$$
