000
CDUS43 KTOP 090632
CLITOP


CLIMATE REPORT
NATIONAL WEATHER SERVICE TOPEKA KS
1231 AM CST THU FEB 9 2017


...................................

...THE TOPEKA KS CLIMATE SUMMARY FOR FEBRUARY 8 2017...

CLIMATE NORMAL PERIOD 1981 TO 2010
CLIMATE RECORD PERIOD 1887 TO 2017


WEATHER ITEM   OBSERVED TIME   RECORD YEAR NORMAL DEPARTURE LAST
                VALUE   (LST)  VALUE       VALUE  FROM      YEAR
                                                  NORMAL
..................................................................
TEMPERATURE (F)
 YESTERDAY
  MAXIMUM         29    447 PM  72    1938  43    -14       40
  MINIMUM         18   1159 PM -20    1971  22     -4       31
  AVERAGE         24                        32     -8       36

PRECIPITATION (IN)
  YESTERDAY        T             0.84 2001   0.04  -0.04      T
  MONTH TO DATE    T                         0.33  -0.33     0.35
  SINCE DEC 1      2.33                      2.54  -0.21     3.96
  SINCE JAN 1      1.28                      1.19   0.09     1.25

SNOWFALL (IN)
  YESTERDAY       MM             6.0  1901   0.2   MM         T
  MONTH TO DATE    T                         1.5   -1.5       T
  SINCE JAN 1      2.2                       6.4   -4.2      2.1
  SINCE JUL 1      5.3                      12.9   -7.6      3.3
  SNOW DEPTH       0

DEGREE DAYS
 HEATING
  YESTERDAY       41                        33      8       29
  MONTH TO DATE  241                       268    -27      218
  SINCE DEC 1   2275                      2384   -109     2038
  SINCE JUL 1   2848                      3378   -530     2774

 COOLING
  YESTERDAY        0                         0      0        0
  MONTH TO DATE    0                         0      0        0
  SINCE DEC 1      0                         0      0        0
  SINCE JAN 1      0                         0      0        0
..................................................................


WIND (MPH)
  HIGHEST WIND SPEED    25   HIGHEST WIND DIRECTION     N (360)
  HIGHEST GUST SPEED    32   HIGHEST GUST DIRECTION     N (350)
  AVERAGE WIND SPEED    12.1


SKY COVER
  AVERAGE SKY COVER 0.4


WEATHER CONDITIONS
 THE FOLLOWING WEATHER WAS RECORDED YESTERDAY.
  NO SIGNIFICANT WEATHER WAS OBSERVED.


RELATIVE HUMIDITY (PERCENT)
 HIGHEST    74           400 AM
 LOWEST     50           300 PM
 AVERAGE    62

..........................................................


THE TOPEKA KS CLIMATE NORMALS FOR TODAY
                         NORMAL    RECORD    YEAR
 MAXIMUM TEMPERATURE (F)   43        72      1932
 MINIMUM TEMPERATURE (F)   22       -17      1979
                                             1899


SUNRISE AND SUNSET
FEBRUARY  9 2017......SUNRISE   721 AM CST   SUNSET   553 PM CST
FEBRUARY 10 2017......SUNRISE   720 AM CST   SUNSET   554 PM CST


-  INDICATES NEGATIVE NUMBERS.
R  INDICATES RECORD WAS SET OR TIED.
MM INDICATES DATA IS MISSING.
T  INDICATES TRACE AMOUNT.




$$
