000
CDUS43 KTOP 250643
CLITOP


CLIMATE REPORT
NATIONAL WEATHER SERVICE TOPEKA KS
1240 AM CST WED FEB 25 2015


...................................

...THE TOPEKA KS CLIMATE SUMMARY FOR FEBRUARY 24 2015...

CLIMATE NORMAL PERIOD 1981 TO 2010
CLIMATE RECORD PERIOD 1887 TO 2015


WEATHER ITEM   OBSERVED TIME   RECORD YEAR NORMAL DEPARTURE LAST
                VALUE   (LST)  VALUE       VALUE  FROM      YEAR
                                                  NORMAL
..................................................................
TEMPERATURE (F)
 YESTERDAY
  MAXIMUM         49    353 PM  83    1930  48      1       41
  MINIMUM         19    710 AM  -4    1913  27     -8       27
  AVERAGE         34                        37     -3       34

PRECIPITATION (IN)
  YESTERDAY        0.00          1.09 1892   0.05  -0.05     0.00
  MONTH TO DATE    0.73                      1.11  -0.38     1.28
  SINCE DEC 1      4.12                      3.32   0.80     2.21
  SINCE JAN 1      1.85                      1.97  -0.12     1.65

SNOWFALL (IN)
  YESTERDAY        0.0           6.0  1934   0.1   -0.1      0.0
  MONTH TO DATE    4.7                       4.1    0.6     14.8
  SINCE JAN 1      6.1                       9.0   -2.9     18.7
  SINCE JUL 1      8.5                      15.5   -7.0     23.0
  SNOW DEPTH       0

DEGREE DAYS
 HEATING
  YESTERDAY       31                        28      3       31
  MONTH TO DATE  882                       750    132      907
  SINCE DEC 1   2794                      2866    -72     3172
  SINCE JUL 1   3825                      3860    -35     4168

 COOLING
  YESTERDAY        0                         0      0        0
  MONTH TO DATE    0                         0      0        0
  SINCE DEC 1      0                         0      0        0
  SINCE JAN 1      0                         0      0        0
..................................................................


WIND (MPH)
  HIGHEST WIND SPEED    18   HIGHEST WIND DIRECTION     W (260)
  HIGHEST GUST SPEED    24   HIGHEST GUST DIRECTION     W (260)
  AVERAGE WIND SPEED     7.0


SKY COVER
  AVERAGE SKY COVER 0.0


WEATHER CONDITIONS
 THE FOLLOWING WEATHER WAS RECORDED YESTERDAY.
  NO SIGNIFICANT WEATHER WAS OBSERVED.


RELATIVE HUMIDITY (PERCENT)
 HIGHEST    81          1100 PM
 LOWEST     34           400 PM
 AVERAGE    58

..........................................................


THE TOPEKA KS CLIMATE NORMALS FOR TODAY
                         NORMAL    RECORD    YEAR
 MAXIMUM TEMPERATURE (F)   49        78      1995
 MINIMUM TEMPERATURE (F)   27        -1      1965


SUNRISE AND SUNSET
FEBRUARY 25 2015......SUNRISE   701 AM CST   SUNSET   611 PM CST
FEBRUARY 26 2015......SUNRISE   700 AM CST   SUNSET   612 PM CST


-  INDICATES NEGATIVE NUMBERS.
R  INDICATES RECORD WAS SET OR TIED.
MM INDICATES DATA IS MISSING.
T  INDICATES TRACE AMOUNT.




$$
