451
CDUS43 KTOP 190905
CLITOP


CLIMATE REPORT
NATIONAL WEATHER SERVICE TOPEKA KS
304 AM CST FRI JAN 19 2018


...................................

...THE TOPEKA KS CLIMATE SUMMARY FOR JANUARY 18 2018...

CLIMATE NORMAL PERIOD 1981 TO 2010
CLIMATE RECORD PERIOD 1887 TO 2018


WEATHER ITEM   OBSERVED TIME   RECORD YEAR NORMAL DEPARTURE LAST
                VALUE   (LST)  VALUE       VALUE  FROM      YEAR
                                                  NORMAL
..................................................................
TEMPERATURE (F)
 YESTERDAY
  MAXIMUM         43    446 PM  71    1951  40      3       56
  MINIMUM         14    732 AM -13    1930  19     -5       24
  AVERAGE         29                        30     -1       40

PRECIPITATION (IN)
  YESTERDAY        0.00          1.14 1979   0.03  -0.03     0.00
  MONTH TO DATE    0.80                      0.44   0.36     1.20
  SINCE DEC 1      1.11                      1.79  -0.68     2.25
  SINCE JAN 1      0.80                      0.44   0.36     1.20

SNOWFALL (IN)
  YESTERDAY        0.0           5.6  1962   0.2   -0.2      0.0
  MONTH TO DATE    2.4                       2.8   -0.4      2.2
  SINCE JAN 1      2.4                       2.8   -0.4      2.2
  SINCE JUL 1      4.5                       9.3   -4.8      5.3
  SNOW DEPTH       1

DEGREE DAYS
 HEATING
  YESTERDAY       36                        35      1       25
  MONTH TO DATE  762                       637    125      649
  SINCE DEC 1   1735                      1660     75     1708
  SINCE JUL 1   2558                      2654    -96     2281

 COOLING
  YESTERDAY        0                         0      0        0
  MONTH TO DATE    0                         0      0        0
  SINCE DEC 1      0                         0      0        0
  SINCE JAN 1      0                         0      0        0
..................................................................


WIND (MPH)
  HIGHEST WIND SPEED    16   HIGHEST WIND DIRECTION     S (180)
  HIGHEST GUST SPEED    23   HIGHEST GUST DIRECTION     S (200)
  AVERAGE WIND SPEED     6.8


SKY COVER
  AVERAGE SKY COVER 0.0


WEATHER CONDITIONS
 THE FOLLOWING WEATHER WAS RECORDED YESTERDAY.
  NO SIGNIFICANT WEATHER WAS OBSERVED.


RELATIVE HUMIDITY (PERCENT)
 HIGHEST    73           300 AM
 LOWEST     48           100 PM
 AVERAGE    61

..........................................................


THE TOPEKA KS CLIMATE NORMALS FOR TODAY
                         NORMAL    RECORD    YEAR
 MAXIMUM TEMPERATURE (F)   40        67      2015
 MINIMUM TEMPERATURE (F)   19       -23      1892


SUNRISE AND SUNSET
JANUARY 19 2018.......SUNRISE   738 AM CST   SUNSET   529 PM CST
JANUARY 20 2018.......SUNRISE   738 AM CST   SUNSET   530 PM CST


-  INDICATES NEGATIVE NUMBERS.
R  INDICATES RECORD WAS SET OR TIED.
MM INDICATES DATA IS MISSING.
T  INDICATES TRACE AMOUNT.




$$
