000
CDUS43 KTOP 280633
CLITOP


CLIMATE REPORT
NATIONAL WEATHER SERVICE TOPEKA KS
1232 AM CST TUE NOV 28 2017


...................................

...THE TOPEKA KS CLIMATE SUMMARY FOR NOVEMBER 27 2017...

CLIMATE NORMAL PERIOD 1981 TO 2010
CLIMATE RECORD PERIOD 1887 TO 2017


WEATHER ITEM   OBSERVED TIME   RECORD YEAR NORMAL DEPARTURE LAST
                VALUE   (LST)  VALUE       VALUE  FROM      YEAR
                                                  NORMAL
..................................................................
TEMPERATURE (F)
 YESTERDAY
  MAXIMUM         70    316 PM  71    1998  48     22       57
                                      1960
  MINIMUM         38    205 AM  -5    1887  28     10       45
  AVERAGE         54                        38     16       51

PRECIPITATION (IN)
  YESTERDAY        0.00          0.81 1983   0.06  -0.06     0.04
  MONTH TO DATE    0.10                      1.69  -1.59     0.19
  SINCE SEP 1      4.82                      8.38  -3.56     9.29
  SINCE JAN 1     38.29                     34.95   3.34    42.18

SNOWFALL (IN)
  YESTERDAY        0.0           5.0  1937   0.1   -0.1      0.0
  MONTH TO DATE    T                         0.8   -0.8      0.0
  SINCE JAN 1      3.9                      12.4   -8.5      3.7
  SINCE JUL 1      0.4                       1.1   -0.7       T
  SNOW DEPTH       0

DEGREE DAYS
 HEATING
  YESTERDAY       11                        27    -16       14
  MONTH TO DATE  522                       553    -31      351
  SINCE SEP 1    777                       907   -130      507
  SINCE JUL 1    777                       909   -132      507

 COOLING
  YESTERDAY        0                         0      0        0
  MONTH TO DATE    0                         0      0       13
  SINCE SEP 1    283                       192     91      310
  SINCE JAN 1   1473                      1420     53     1711
..................................................................


WIND (MPH)
  HIGHEST WIND SPEED    21   HIGHEST WIND DIRECTION     S (180)
  HIGHEST GUST SPEED    30   HIGHEST GUST DIRECTION     S (160)
  AVERAGE WIND SPEED    11.3


SKY COVER
  AVERAGE SKY COVER 0.0


WEATHER CONDITIONS
 THE FOLLOWING WEATHER WAS RECORDED YESTERDAY.
  NO SIGNIFICANT WEATHER WAS OBSERVED.


RELATIVE HUMIDITY (PERCENT)
 HIGHEST    79           100 AM
 LOWEST     44           200 PM
 AVERAGE    62

..........................................................


THE TOPEKA KS CLIMATE NORMALS FOR TODAY
                         NORMAL    RECORD    YEAR
 MAXIMUM TEMPERATURE (F)   48        73      2006
 MINIMUM TEMPERATURE (F)   27         1      1887


SUNRISE AND SUNSET
NOVEMBER 28 2017......SUNRISE   720 AM CST   SUNSET   501 PM CST
NOVEMBER 29 2017......SUNRISE   721 AM CST   SUNSET   501 PM CST


-  INDICATES NEGATIVE NUMBERS.
R  INDICATES RECORD WAS SET OR TIED.
MM INDICATES DATA IS MISSING.
T  INDICATES TRACE AMOUNT.




$$
