000
CDUS43 KTOP 060633
CLITOP


CLIMATE REPORT
NATIONAL WEATHER SERVICE TOPEKA KS
133 AM CDT SUN AUG 6 2017


...................................

...THE TOPEKA KS CLIMATE SUMMARY FOR AUGUST 5 2017...

CLIMATE NORMAL PERIOD 1981 TO 2010
CLIMATE RECORD PERIOD 1887 TO 2017


WEATHER ITEM   OBSERVED TIME   RECORD YEAR NORMAL DEPARTURE LAST
                VALUE   (LST)  VALUE       VALUE  FROM      YEAR
                                                  NORMAL
..................................................................
TEMPERATURE (F)
 YESTERDAY
  MAXIMUM         72    148 PM 109    1934  90    -18       81
  MINIMUM         60    923 AM  52    1974  68     -8       72
                                      1948
                                      1894
  AVERAGE         66                        79    -13       77

PRECIPITATION (IN)
  YESTERDAY        0.85          2.20 1980   0.13   0.72      T
  MONTH TO DATE    0.85                      0.66   0.19      T
  SINCE JUN 1     12.24                      9.88   2.36     7.75
  SINCE JAN 1     27.39                     22.99   4.40    27.06

SNOWFALL (IN)
  YESTERDAY        0.0           0.0    MM   0.0    0.0      0.0
  MONTH TO DATE    0.0                       0.0    0.0      0.0
  SINCE JAN 1      3.5                      11.3   -7.8      3.7
  SINCE JUL 1      T                         0.0    0.0       T
  SNOW DEPTH       0

DEGREE DAYS
 HEATING
  YESTERDAY        0                         0      0        0
  MONTH TO DATE    0                         0      0        0
  SINCE JUN 1      0                         8     -8        0
  SINCE JUL 1      0                         0      0        0

 COOLING
  YESTERDAY        1                        14    -13       12
  MONTH TO DATE   31                        70    -39       87
  SINCE JUN 1    839                       786     53     1000
  SINCE JAN 1    968                       912     56     1092
..................................................................


WIND (MPH)
  HIGHEST WIND SPEED    17   HIGHEST WIND DIRECTION     E (90)
  HIGHEST GUST SPEED    23   HIGHEST GUST DIRECTION     E (70)
  AVERAGE WIND SPEED     8.6


SKY COVER
  AVERAGE SKY COVER 0.9


WEATHER CONDITIONS
 THE FOLLOWING WEATHER WAS RECORDED YESTERDAY.
  THUNDERSTORM
  HEAVY RAIN
  RAIN
  LIGHT RAIN
  FOG


RELATIVE HUMIDITY (PERCENT)
 HIGHEST   100           800 AM
 LOWEST     73           600 AM
 AVERAGE    87

..........................................................


THE TOPEKA KS CLIMATE NORMALS FOR TODAY
                         NORMAL    RECORD    YEAR
 MAXIMUM TEMPERATURE (F)   90       109      1934
 MINIMUM TEMPERATURE (F)   68        53      1948


SUNRISE AND SUNSET
AUGUST  6 2017........SUNRISE   628 AM CDT   SUNSET   828 PM CDT
AUGUST  7 2017........SUNRISE   629 AM CDT   SUNSET   827 PM CDT


-  INDICATES NEGATIVE NUMBERS.
R  INDICATES RECORD WAS SET OR TIED.
MM INDICATES DATA IS MISSING.
T  INDICATES TRACE AMOUNT.




$$
