918
CDUS43 KTOP 130638
CLITOP


CLIMATE REPORT
NATIONAL WEATHER SERVICE TOPEKA KS
137 AM CDT THU APR 13 2017


...................................

...THE TOPEKA KS CLIMATE SUMMARY FOR APRIL 12 2017...

CLIMATE NORMAL PERIOD 1981 TO 2010
CLIMATE RECORD PERIOD 1887 TO 2017


WEATHER ITEM   OBSERVED TIME   RECORD YEAR NORMAL DEPARTURE LAST
                VALUE   (LST)  VALUE       VALUE  FROM      YEAR
                                                  NORMAL
..................................................................
TEMPERATURE (F)
 YESTERDAY
  MAXIMUM         78    209 PM  87    1972  66     12       65
  MINIMUM         44    236 AM  20    1957  42      2       30
  AVERAGE         61                        54      7       48

PRECIPITATION (IN)
  YESTERDAY        T             1.41 1993   0.11  -0.11     0.00
  MONTH TO DATE    2.21                      1.26   0.95     0.16
  SINCE MAR 1      6.24                      3.75   2.49     2.46
  SINCE JAN 1      7.63                      5.93   1.70     3.73

SNOWFALL (IN)
  YESTERDAY        0.0           2.4  1959   0.0    0.0      0.0
  MONTH TO DATE    0.0                       0.2   -0.2      0.0
  SINCE JAN 1      3.5                      11.2   -7.7      3.7
  SINCE JUL 1      6.6                      17.7  -11.1      4.9
  SNOW DEPTH       0

DEGREE DAYS
 HEATING
  YESTERDAY        4                        12     -8       17
  MONTH TO DATE  120                       161    -41      132
  SINCE MAR 1    620                       789   -169      560
  SINCE JUL 1   3801                      4756   -955     3812

 COOLING
  YESTERDAY        0                         1     -1        0
  MONTH TO DATE    8                         5      3        0
  SINCE MAR 1     17                         8      9        3
  SINCE JAN 1     17                         8      9        3
..................................................................


WIND (MPH)
  HIGHEST WIND SPEED    25   HIGHEST WIND DIRECTION    SE (150)
  HIGHEST GUST SPEED    29   HIGHEST GUST DIRECTION     S (160)
  AVERAGE WIND SPEED     8.7


SKY COVER
  AVERAGE SKY COVER 0.2


WEATHER CONDITIONS
 THE FOLLOWING WEATHER WAS RECORDED YESTERDAY.
  LIGHT RAIN
  HAZE


RELATIVE HUMIDITY (PERCENT)
 HIGHEST   100           500 AM
 LOWEST     47           300 PM
 AVERAGE    74

..........................................................


THE TOPEKA KS CLIMATE NORMALS FOR TODAY
                         NORMAL    RECORD    YEAR
 MAXIMUM TEMPERATURE (F)   66        95      2006
 MINIMUM TEMPERATURE (F)   43        21      1950


SUNRISE AND SUNSET
APRIL 13 2017.........SUNRISE   648 AM CDT   SUNSET   758 PM CDT
APRIL 14 2017.........SUNRISE   647 AM CDT   SUNSET   759 PM CDT


-  INDICATES NEGATIVE NUMBERS.
R  INDICATES RECORD WAS SET OR TIED.
MM INDICATES DATA IS MISSING.
T  INDICATES TRACE AMOUNT.




$$
