000
CDUS43 KTOP 032233
CLITOP


CLIMATE REPORT
NATIONAL WEATHER SERVICE TOPEKA KS
433 PM CST WED JAN 3 2018


...................................

...THE TOPEKA KS CLIMATE SUMMARY FOR JANUARY 3 2018...
VALID TODAY AS OF 0400 PM LOCAL TIME.

CLIMATE NORMAL PERIOD 1981 TO 2010
CLIMATE RECORD PERIOD 1887 TO 2018


WEATHER ITEM   OBSERVED TIME   RECORD YEAR NORMAL DEPARTURE LAST
                VALUE   (LST)  VALUE       VALUE  FROM      YEAR
                                                  NORMAL
..................................................................
TEMPERATURE (F)
 TODAY
  MAXIMUM         29    113 PM  66    1997  39    -10       41
  MINIMUM         18    340 AM -17    1979  20     -2       16
  AVERAGE         24                        30     -6       29

PRECIPITATION (IN)
  TODAY            0.00          1.14 1949   0.03  -0.03     0.00
  MONTH TO DATE    0.00                      0.08  -0.08     0.19
  SINCE DEC 1      0.31                      1.43  -1.12     1.24
  SINCE JAN 1      0.00                      0.08  -0.08     0.19

SNOWFALL (IN)
  TODAY            0.0           5.0  1973   0.2   -0.2      0.0
  MONTH TO DATE    0.0                       0.5   -0.5      0.0
  SINCE JAN 1      0.0                       0.5   -0.5      0.0
  SINCE JUL 1      2.1                       7.0   -4.9      3.1
  SNOW DEPTH       0

DEGREE DAYS
 HEATING
  TODAY           41                        35      6       36
  MONTH TO DATE  159                       105     54       90
  SINCE DEC 1   1132                      1128      4     1149
  SINCE JUL 1   1955                      2122   -167     1722

 COOLING
  TODAY            0                         0      0        0
  MONTH TO DATE    0                         0      0        0
  SINCE DEC 1      0                         0      0        0
  SINCE JAN 1      0                         0      0        0
..................................................................


WIND (MPH)
  HIGHEST WIND SPEED    23   HIGHEST WIND DIRECTION     N (350)
  HIGHEST GUST SPEED    32   HIGHEST GUST DIRECTION     N (340)
  AVERAGE WIND SPEED    11.0



WEATHER CONDITIONS
 THE FOLLOWING WEATHER WAS RECORDED TODAY.
  NO SIGNIFICANT WEATHER WAS OBSERVED.


RELATIVE HUMIDITY (PERCENT)
 HIGHEST    68           600 AM
 LOWEST     42           100 PM
 AVERAGE    55

..........................................................


THE TOPEKA KS CLIMATE NORMALS FOR TOMORROW
                         NORMAL    RECORD    YEAR
 MAXIMUM TEMPERATURE (F)   39        63      2003
                                             1956
                                             1916
 MINIMUM TEMPERATURE (F)   20       -15      1947


SUNRISE AND SUNSET
JANUARY  3 2018.......SUNRISE   742 AM CST   SUNSET   513 PM CST
JANUARY  4 2018.......SUNRISE   742 AM CST   SUNSET   513 PM CST


-  INDICATES NEGATIVE NUMBERS.
R  INDICATES RECORD WAS SET OR TIED.
MM INDICATES DATA IS MISSING.
T  INDICATES TRACE AMOUNT.




$$
