000
CDUS43 KTOP 302134
CLITOP


CLIMATE REPORT
NATIONAL WEATHER SERVICE TOPEKA KS
433 PM CDT SUN JUL 30 2017


...................................

...THE TOPEKA KS CLIMATE SUMMARY FOR JULY 30 2017...
VALID TODAY AS OF 0400 PM LOCAL TIME.

CLIMATE NORMAL PERIOD 1981 TO 2010
CLIMATE RECORD PERIOD 1887 TO 2017


WEATHER ITEM   OBSERVED TIME   RECORD YEAR NORMAL DEPARTURE LAST
                VALUE   (LST)  VALUE       VALUE  FROM      YEAR
                                                  NORMAL
..................................................................
TEMPERATURE (F)
 TODAY
  MAXIMUM         84    231 PM 110    1980  90     -6       86
                                      1947
  MINIMUM         62    503 AM  50    1971  68     -6       63
  AVERAGE         73                        79     -6       75

PRECIPITATION (IN)
  TODAY            0.00          2.03 1998   0.11  -0.11     0.01
  MONTH TO DATE    4.78                      3.70   1.08     4.68
  SINCE JUN 1     11.37                      9.10   2.27     7.07
  SINCE JAN 1     26.52                     22.21   4.31    26.38

SNOWFALL (IN)
  TODAY            0.0           0.0    MM   0.0    0.0      0.0
  MONTH TO DATE    T                         0.0    0.0      T
  SINCE JAN 1      3.5                      11.3   -7.8      3.7
  SINCE JUL 1      T                         0.0    0.0      T
  SNOW DEPTH       0

DEGREE DAYS
 HEATING
  TODAY            0                         0      0        0
  MONTH TO DATE    0                         0      0        0
  SINCE JUN 1      0                         8     -8        0
  SINCE JUL 1      0                         0      0        0

 COOLING
  TODAY            8                        14     -6       10
  MONTH TO DATE  478                       415     63      461
  SINCE JUN 1    802                       699    103      900
  SINCE JAN 1    931                       825    106      992
..................................................................


WIND (MPH)
  HIGHEST WIND SPEED    10   HIGHEST WIND DIRECTION    NE (50)
  HIGHEST GUST SPEED    12   HIGHEST GUST DIRECTION    NE (50)
  AVERAGE WIND SPEED     2.4



WEATHER CONDITIONS
 THE FOLLOWING WEATHER WAS RECORDED TODAY.
  FOG


RELATIVE HUMIDITY (PERCENT)
 HIGHEST   100           200 AM
 LOWEST     51          1200 PM
 AVERAGE    76

..........................................................


THE TOPEKA KS CLIMATE NORMALS FOR TOMORROW
                         NORMAL    RECORD    YEAR
 MAXIMUM TEMPERATURE (F)   90       106      1935
 MINIMUM TEMPERATURE (F)   68        52      1971
                                             1925


SUNRISE AND SUNSET
JULY 30 2017..........SUNRISE   622 AM CDT   SUNSET   836 PM CDT
JULY 31 2017..........SUNRISE   623 AM CDT   SUNSET   835 PM CDT


-  INDICATES NEGATIVE NUMBERS.
R  INDICATES RECORD WAS SET OR TIED.
MM INDICATES DATA IS MISSING.
T  INDICATES TRACE AMOUNT.




$$
