000
CDUS43 KTOP 172136
CLITOP


CLIMATE REPORT
NATIONAL WEATHER SERVICE TOPEKA KS
435 PM CDT SUN MAY 17 2015


...................................

...THE TOPEKA KS CLIMATE SUMMARY FOR MAY 17 2015...
VALID TODAY AS OF 0400 PM LOCAL TIME.

CLIMATE NORMAL PERIOD 1981 TO 2010
CLIMATE RECORD PERIOD 1887 TO 2015


WEATHER ITEM   OBSERVED TIME   RECORD YEAR NORMAL DEPARTURE LAST
                VALUE   (LST)  VALUE       VALUE  FROM      YEAR
                                                  NORMAL
..................................................................
TEMPERATURE (F)
 TODAY
  MAXIMUM         82    250 PM  92    1907  76      6       66
  MINIMUM         62    307 AM  36    2014  55      7       36
  AVERAGE         72                        65      7       51

PRECIPITATION (IN)
  TODAY            0.02          2.25 1940   0.17  -0.15     0.00
  MONTH TO DATE    5.03                      2.66   2.37     0.84
  SINCE MAR 1      8.20                      8.68  -0.48     5.02
  SINCE JAN 1     10.19                     10.86  -0.67     6.68

SNOWFALL (IN)
  TODAY            0.0           T    1995   0.0    0.0      0.0
  MONTH TO DATE    0.0                       0.0    0.0       T
  SINCE JAN 1      7.9                      11.3   -3.4     23.1
  SINCE JUL 1     10.3                      17.8   -7.5     27.4
  SNOW DEPTH       0

DEGREE DAYS
 HEATING
  TODAY            0                         3     -3       14
  MONTH TO DATE   35                        73    -38       89
  SINCE MAR 1    816                      1023   -207     1111
  SINCE JUL 1   4817                      4990   -173     5433

 COOLING
  TODAY            7                         3      4        0
  MONTH TO DATE   52                        37     15       61
  SINCE MAR 1     57                        65     -8       84
  SINCE JAN 1     57                        65     -8       84
..................................................................


WIND (MPH)
  HIGHEST WIND SPEED    24   HIGHEST WIND DIRECTION    SW (210)
  HIGHEST GUST SPEED    33   HIGHEST GUST DIRECTION    SW (210)
  AVERAGE WIND SPEED    14.9



WEATHER CONDITIONS
 THE FOLLOWING WEATHER WAS RECORDED TODAY.
  THUNDERSTORM
  LIGHT RAIN


RELATIVE HUMIDITY (PERCENT)
 HIGHEST    93           200 AM
 LOWEST     42           200 PM
 AVERAGE    68

..........................................................


THE TOPEKA KS CLIMATE NORMALS FOR TOMORROW
                         NORMAL    RECORD    YEAR
 MAXIMUM TEMPERATURE (F)   77        94      1975
 MINIMUM TEMPERATURE (F)   55        38      1976


SUNRISE AND SUNSET
MAY 17 2015...........SUNRISE   608 AM CDT   SUNSET   830 PM CDT
MAY 18 2015...........SUNRISE   607 AM CDT   SUNSET   831 PM CDT


-  INDICATES NEGATIVE NUMBERS.
R  INDICATES RECORD WAS SET OR TIED.
MM INDICATES DATA IS MISSING.
T  INDICATES TRACE AMOUNT.




$$
