000
CDUS43 KTOP 250634
CLITOP


CLIMATE REPORT
NATIONAL WEATHER SERVICE TOPEKA KS
134 AM CDT SAT JUL 25 2015


...................................

...THE TOPEKA KS CLIMATE SUMMARY FOR JULY 24 2015...

CLIMATE NORMAL PERIOD 1981 TO 2010
CLIMATE RECORD PERIOD 1887 TO 2015


WEATHER ITEM   OBSERVED TIME   RECORD YEAR NORMAL DEPARTURE LAST
                VALUE   (LST)  VALUE       VALUE  FROM      YEAR
                                                  NORMAL
..................................................................
TEMPERATURE (F)
 YESTERDAY
  MAXIMUM        100    419 PM 114    1936  90     10       89
  MINIMUM         75    444 AM  52    1978  69      6       65
  AVERAGE         88                        79      9       77

PRECIPITATION (IN)
  YESTERDAY        T             2.46 2004   0.11  -0.11     0.00
  MONTH TO DATE    6.91                      3.04   3.87     0.95
  SINCE JUN 1     13.13                      8.44   4.69     7.18
  SINCE JAN 1     27.72                     21.55   6.17    14.65

SNOWFALL (IN)
  YESTERDAY        0.0           T    1981   0.0    0.0      0.0
  MONTH TO DATE    0.0                       0.0    0.0      0.0
  SINCE JAN 1      7.9                      11.3   -3.4     23.1
  SINCE JUL 1      0.0                       0.0    0.0      0.0
  SNOW DEPTH       0

DEGREE DAYS
 HEATING
  YESTERDAY        0                         0      0        0
  MONTH TO DATE    0                         0      0        0
  SINCE JUN 1      0                         8     -8        0
  SINCE JUL 1      0                         0      0        0

 COOLING
  YESTERDAY       23                        14      9       12
  MONTH TO DATE  328                       331     -3      276
  SINCE JUN 1    696                       615     81      612
  SINCE JAN 1    778                       741     37      829
..................................................................


WIND (MPH)
  HIGHEST WIND SPEED    13   HIGHEST WIND DIRECTION    SW (210)
  HIGHEST GUST SPEED    18   HIGHEST GUST DIRECTION     E (110)
  AVERAGE WIND SPEED     6.1


SKY COVER
  AVERAGE SKY COVER 0.1


WEATHER CONDITIONS
 THE FOLLOWING WEATHER WAS RECORDED YESTERDAY.
  NO SIGNIFICANT WEATHER WAS OBSERVED.


RELATIVE HUMIDITY (PERCENT)
 HIGHEST    94           300 AM
 LOWEST     45           400 PM
 AVERAGE    70

..........................................................


THE TOPEKA KS CLIMATE NORMALS FOR TODAY
                         NORMAL    RECORD    YEAR
 MAXIMUM TEMPERATURE (F)   90       110      1936
 MINIMUM TEMPERATURE (F)   69        53      1975
                                             1887


SUNRISE AND SUNSET
JULY 25 2015..........SUNRISE   617 AM CDT   SUNSET   841 PM CDT
JULY 26 2015..........SUNRISE   618 AM CDT   SUNSET   840 PM CDT


-  INDICATES NEGATIVE NUMBERS.
R  INDICATES RECORD WAS SET OR TIED.
MM INDICATES DATA IS MISSING.
T  INDICATES TRACE AMOUNT.




$$
