000
CDUS43 KTOP 230633
CLITOP


CLIMATE REPORT
NATIONAL WEATHER SERVICE TOPEKA KS
1233 AM CST MON FEB 23 2015


...................................

...THE TOPEKA KS CLIMATE SUMMARY FOR FEBRUARY 22 2015...

CLIMATE NORMAL PERIOD 1981 TO 2010
CLIMATE RECORD PERIOD 1887 TO 2015


WEATHER ITEM   OBSERVED TIME   RECORD YEAR NORMAL DEPARTURE LAST
                VALUE   (LST)  VALUE       VALUE  FROM      YEAR
                                                  NORMAL
..................................................................
TEMPERATURE (F)
 YESTERDAY
  MAXIMUM         27    245 PM  74    1995  47    -20       58
                                      1917
  MINIMUM         15   1159 PM   0    1910  26    -11       24
  AVERAGE         21                        37    -16       41

PRECIPITATION (IN)
  YESTERDAY        T             2.27 1922   0.05  -0.05     0.00
  MONTH TO DATE    0.73                      1.00  -0.27     1.28
  SINCE DEC 1      4.12                      3.21   0.91     2.21
  SINCE JAN 1      1.85                      1.86  -0.01     1.65

SNOWFALL (IN)
  YESTERDAY        T             4.2  1971   0.1   -0.1      0.0
  MONTH TO DATE    4.7                       3.8    0.9     14.8
  SINCE JAN 1      6.1                       8.7   -2.6     18.7
  SINCE JUL 1      8.5                      15.2   -6.7     23.0
  SNOW DEPTH       0

DEGREE DAYS
 HEATING
  YESTERDAY       44                        28     16       24
  MONTH TO DATE  803                       694    109      842
  SINCE DEC 1   2715                      2810    -95     3107
  SINCE JUL 1   3746                      3804    -58     4103

 COOLING
  YESTERDAY        0                         0      0        0
  MONTH TO DATE    0                         0      0        0
  SINCE DEC 1      0                         0      0        0
  SINCE JAN 1      0                         0      0        0
..................................................................


WIND (MPH)
  HIGHEST WIND SPEED    24   HIGHEST WIND DIRECTION     N (360)
  HIGHEST GUST SPEED    32   HIGHEST GUST DIRECTION     N (10)
  AVERAGE WIND SPEED    14.2


SKY COVER
  AVERAGE SKY COVER 0.5


WEATHER CONDITIONS
 THE FOLLOWING WEATHER WAS RECORDED YESTERDAY.
  NO SIGNIFICANT WEATHER WAS OBSERVED.


RELATIVE HUMIDITY (PERCENT)
 HIGHEST    68          1200 AM
 LOWEST     36           100 PM
 AVERAGE    52

..........................................................


THE TOPEKA KS CLIMATE NORMALS FOR TODAY
                         NORMAL    RECORD    YEAR
 MAXIMUM TEMPERATURE (F)   48        78      1918
 MINIMUM TEMPERATURE (F)   26        -6      1889


SUNRISE AND SUNSET
FEBRUARY 23 2015......SUNRISE   704 AM CST   SUNSET   608 PM CST
FEBRUARY 24 2015......SUNRISE   702 AM CST   SUNSET   610 PM CST


-  INDICATES NEGATIVE NUMBERS.
R  INDICATES RECORD WAS SET OR TIED.
MM INDICATES DATA IS MISSING.
T  INDICATES TRACE AMOUNT.




$$
