000
CDUS43 KTOP 090633
CLITOP


CLIMATE REPORT
NATIONAL WEATHER SERVICE TOPEKA KS
132 AM CDT SAT APR 9 2016


...................................

...THE TOPEKA KS CLIMATE SUMMARY FOR APRIL 8 2016...

CLIMATE NORMAL PERIOD 1981 TO 2010
CLIMATE RECORD PERIOD 1887 TO 2016


WEATHER ITEM   OBSERVED TIME   RECORD YEAR NORMAL DEPARTURE LAST
                VALUE   (LST)  VALUE       VALUE  FROM      YEAR
                                                  NORMAL
..................................................................
TEMPERATURE (F)
 YESTERDAY
  MAXIMUM         67    252 PM  88    1905  64      3       78
  MINIMUM         35    606 AM  20    2007  41     -6       50
  AVERAGE         51                        53     -2       64

PRECIPITATION (IN)
  YESTERDAY        0.00          2.33 1922   0.10  -0.10      T
  MONTH TO DATE    0.15                      0.82  -0.67     0.19
  SINCE MAR 1      2.45                      3.31  -0.86     0.96
  SINCE JAN 1      3.72                      5.49  -1.77     2.95

SNOWFALL (IN)
  YESTERDAY        0.0           6.5  1938   0.0    0.0      0.0
  MONTH TO DATE    0.0                       0.2   -0.2      0.0
  SINCE JAN 1      3.7                      11.2   -7.5      7.9
  SINCE JUL 1      4.9                      17.7  -12.8     10.3
  SNOW DEPTH       0

DEGREE DAYS
 HEATING
  YESTERDAY       14                        13      1        1
  MONTH TO DATE   82                       112    -30       59
  SINCE MAR 1    510                       740   -230      612
  SINCE JUL 1   3762                      4707   -945     4613

 COOLING
  YESTERDAY        0                         1     -1        0
  MONTH TO DATE    0                         1     -1        5
  SINCE MAR 1      3                         4     -1        5
  SINCE JAN 1      3                         4     -1        5
..................................................................


WIND (MPH)
  HIGHEST WIND SPEED    28   HIGHEST WIND DIRECTION    NW (320)
  HIGHEST GUST SPEED    38   HIGHEST GUST DIRECTION    NW (320)
  AVERAGE WIND SPEED    10.3


SKY COVER
  AVERAGE SKY COVER 0.0


WEATHER CONDITIONS
 THE FOLLOWING WEATHER WAS RECORDED YESTERDAY.
  NO SIGNIFICANT WEATHER WAS OBSERVED.


RELATIVE HUMIDITY (PERCENT)
 HIGHEST    70           600 AM
 LOWEST     24           200 PM
 AVERAGE    47

..........................................................


THE TOPEKA KS CLIMATE NORMALS FOR TODAY
                         NORMAL    RECORD    YEAR
 MAXIMUM TEMPERATURE (F)   65        93      1930
 MINIMUM TEMPERATURE (F)   41        23      2003
                                             1892


SUNRISE AND SUNSET
APRIL  9 2016.........SUNRISE   654 AM CDT   SUNSET   755 PM CDT
APRIL 10 2016.........SUNRISE   652 AM CDT   SUNSET   756 PM CDT


-  INDICATES NEGATIVE NUMBERS.
R  INDICATES RECORD WAS SET OR TIED.
MM INDICATES DATA IS MISSING.
T  INDICATES TRACE AMOUNT.




$$
