000
CDUS43 KTOP 032231
CLITOP


CLIMATE REPORT
NATIONAL WEATHER SERVICE TOPEKA KS
431 PM CST FRI MAR 3 2017


...................................

...THE TOPEKA KS CLIMATE SUMMARY FOR MARCH 3 2017...
VALID TODAY AS OF 0400 PM LOCAL TIME.

CLIMATE NORMAL PERIOD 1981 TO 2010
CLIMATE RECORD PERIOD 1887 TO 2017


WEATHER ITEM   OBSERVED TIME   RECORD YEAR NORMAL DEPARTURE LAST
                VALUE   (LST)  VALUE       VALUE  FROM      YEAR
                                                  NORMAL
..................................................................
TEMPERATURE (F)
 TODAY
  MAXIMUM         62    359 PM  80    1910  51     11       57
  MINIMUM         24    549 AM  -3    2014  29     -5       34
  AVERAGE         43                        40      3       46

PRECIPITATION (IN)
  TODAY            0.00          0.80 1944   0.06  -0.06     0.01
  MONTH TO DATE    0.00                      0.18  -0.18     0.01
  SINCE MAR 1      0.00                      0.18  -0.18     0.01
  SINCE JAN 1      1.39                      2.36  -0.97     1.28

SNOWFALL (IN)
  TODAY            0.0           5.9  1953   0.1   -0.1      0.0
  MONTH TO DATE    0.0                       0.2   -0.2       T
  SINCE JAN 1      2.2                       9.6   -7.4      2.3
  SINCE JUL 1      5.3                      16.1  -10.8      3.5
  SNOW DEPTH       0

DEGREE DAYS
 HEATING
  TODAY           22                        25     -3       19
  MONTH TO DATE   72                        76     -4       67
  SINCE MAR 1     72                        76     -4       67
  SINCE JUL 1   3253                      4043   -790     3319

 COOLING
  TODAY            0                         0      0        0
  MONTH TO DATE    0                         0      0        0
  SINCE MAR 1      0                         0      0        0
  SINCE JAN 1      0                         0      0        0
..................................................................


WIND (MPH)
  HIGHEST WIND SPEED    24   HIGHEST WIND DIRECTION     S (160)
  HIGHEST GUST SPEED    32   HIGHEST GUST DIRECTION    SE (130)
  AVERAGE WIND SPEED    10.5



WEATHER CONDITIONS
 THE FOLLOWING WEATHER WAS RECORDED TODAY.
  NO SIGNIFICANT WEATHER WAS OBSERVED.


RELATIVE HUMIDITY (PERCENT)
 HIGHEST    88           500 AM
 LOWEST     23           400 PM
 AVERAGE    56

..........................................................


THE TOPEKA KS CLIMATE NORMALS FOR TOMORROW
                         NORMAL    RECORD    YEAR
 MAXIMUM TEMPERATURE (F)   52        81      1910
 MINIMUM TEMPERATURE (F)   29        -7      1978


SUNRISE AND SUNSET
MARCH  3 2017.........SUNRISE   652 AM CST   SUNSET   618 PM CST
MARCH  4 2017.........SUNRISE   650 AM CST   SUNSET   619 PM CST


-  INDICATES NEGATIVE NUMBERS.
R  INDICATES RECORD WAS SET OR TIED.
MM INDICATES DATA IS MISSING.
T  INDICATES TRACE AMOUNT.




$$
