000
CDUS43 KTOP 030634
CLITOP


CLIMATE REPORT
NATIONAL WEATHER SERVICE TOPEKA KS
134 AM CDT WED MAY 3 2017


...................................

...THE TOPEKA KS CLIMATE SUMMARY FOR MAY 2 2017...

CLIMATE NORMAL PERIOD 1981 TO 2010
CLIMATE RECORD PERIOD 1887 TO 2017


WEATHER ITEM   OBSERVED TIME   RECORD YEAR NORMAL DEPARTURE LAST
                VALUE   (LST)  VALUE       VALUE  FROM      YEAR
                                                  NORMAL
..................................................................
TEMPERATURE (F)
 YESTERDAY
  MAXIMUM         68    524 PM  89    1952  72     -4       60
  MINIMUM         49    543 AM  29    1961  50     -1       43
  AVERAGE         59                        61     -2       52

PRECIPITATION (IN)
  YESTERDAY        0.01          2.14 1892   0.15  -0.14      T
  MONTH TO DATE    0.03                      0.30  -0.27      T
  SINCE MAR 1     10.10                      6.32   3.78     9.22
  SINCE JAN 1     11.49                      8.50   2.99    10.49

SNOWFALL (IN)
  YESTERDAY        0.0           T    2013   0.0    0.0      0.0
                                      1942
  MONTH TO DATE    0.0                       0.0    0.0      0.0
  SINCE JAN 1      3.5                      11.3   -7.8      3.7
  SINCE JUL 1      6.6                      17.8  -11.2      4.9
  SNOW DEPTH       0

DEGREE DAYS
 HEATING
  YESTERDAY        6                         6      0       13
  MONTH TO DATE   19                        12      7       25
  SINCE MAR 1    764                       962   -198      662
  SINCE JUL 1   3945                      4929   -984     3914

 COOLING
  YESTERDAY        0                         1     -1        0
  MONTH TO DATE    0                         2     -2        0
  SINCE MAR 1     37                        30      7       18
  SINCE JAN 1     37                        30      7       18
..................................................................


WIND (MPH)
  HIGHEST WIND SPEED    12   HIGHEST WIND DIRECTION     W (270)
  HIGHEST GUST SPEED    15   HIGHEST GUST DIRECTION     W (260)
  AVERAGE WIND SPEED     5.1


SKY COVER
  AVERAGE SKY COVER 0.6


WEATHER CONDITIONS
 THE FOLLOWING WEATHER WAS RECORDED YESTERDAY.
  LIGHT RAIN


RELATIVE HUMIDITY (PERCENT)
 HIGHEST    83           300 AM
 LOWEST     40           300 PM
 AVERAGE    62

..........................................................


THE TOPEKA KS CLIMATE NORMALS FOR TODAY
                         NORMAL    RECORD    YEAR
 MAXIMUM TEMPERATURE (F)   72        90      1950
                                             1947
 MINIMUM TEMPERATURE (F)   50        29      1976
                                             1907


SUNRISE AND SUNSET
MAY  3 2017...........SUNRISE   622 AM CDT   SUNSET   818 PM CDT
MAY  4 2017...........SUNRISE   621 AM CDT   SUNSET   819 PM CDT


-  INDICATES NEGATIVE NUMBERS.
R  INDICATES RECORD WAS SET OR TIED.
MM INDICATES DATA IS MISSING.
T  INDICATES TRACE AMOUNT.




$$
