378
CDUS43 KTOP 070644
CLITOP


CLIMATE REPORT
NATIONAL WEATHER SERVICE TOPEKA KS
1243 AM CST SAT JAN 7 2017


...................................

...THE TOPEKA KS CLIMATE SUMMARY FOR JANUARY 6 2017...

CLIMATE NORMAL PERIOD 1981 TO 2010
CLIMATE RECORD PERIOD 1887 TO 2017


WEATHER ITEM   OBSERVED TIME   RECORD YEAR NORMAL DEPARTURE LAST
                VALUE   (LST)  VALUE       VALUE  FROM      YEAR
                                                  NORMAL
..................................................................
TEMPERATURE (F)
 YESTERDAY
  MAXIMUM         17    304 PM  65    1939  39    -22       38
  MINIMUM          0    818 AM -12    1912  20    -20       33
  AVERAGE          9                        30    -21       36

PRECIPITATION (IN)
  YESTERDAY        0.00          0.47 1940   0.03  -0.03     0.02
  MONTH TO DATE    0.33                      0.16   0.17     0.02
  SINCE DEC 1      1.38                      1.51  -0.13     2.73
  SINCE JAN 1      0.33                      0.16   0.17     0.02

SNOWFALL (IN)
  YESTERDAY        0.0           4.4  2010   0.2   -0.2       T
  MONTH TO DATE    2.2                       1.0    1.2       T
  SINCE JAN 1      2.2                       1.0    1.2       T
  SINCE JUL 1      5.3                       7.5   -2.2      1.2
  SNOW DEPTH       2

DEGREE DAYS
 HEATING
  YESTERDAY       56                        35     21       29
  MONTH TO DATE  248                       210     38      202
  SINCE DEC 1   1307                      1233     74      973
  SINCE JUL 1   1880                      2227   -347     1709

 COOLING
  YESTERDAY        0                         0      0        0
  MONTH TO DATE    0                         0      0        0
  SINCE DEC 1      0                         0      0        0
  SINCE JAN 1      0                         0      0        0
..................................................................


WIND (MPH)
  HIGHEST WIND SPEED    13   HIGHEST WIND DIRECTION     N (350)
  HIGHEST GUST SPEED    16   HIGHEST GUST DIRECTION     N (340)
  AVERAGE WIND SPEED     4.0


SKY COVER
  AVERAGE SKY COVER 0.0


WEATHER CONDITIONS
 THE FOLLOWING WEATHER WAS RECORDED YESTERDAY.
  NO SIGNIFICANT WEATHER WAS OBSERVED.


RELATIVE HUMIDITY (PERCENT)
 HIGHEST    87           400 AM
 LOWEST     51          1200 PM
 AVERAGE    69

..........................................................


THE TOPEKA KS CLIMATE NORMALS FOR TODAY
                         NORMAL    RECORD    YEAR
 MAXIMUM TEMPERATURE (F)   39        68      1965
 MINIMUM TEMPERATURE (F)   20       -13      1912


SUNRISE AND SUNSET
JANUARY  7 2017.......SUNRISE   742 AM CST   SUNSET   516 PM CST
JANUARY  8 2017.......SUNRISE   742 AM CST   SUNSET   517 PM CST


-  INDICATES NEGATIVE NUMBERS.
R  INDICATES RECORD WAS SET OR TIED.
MM INDICATES DATA IS MISSING.
T  INDICATES TRACE AMOUNT.




$$
