000
CDUS43 KTOP 020635
CLITOP


CLIMATE REPORT
NATIONAL WEATHER SERVICE TOPEKA KS
134 AM CDT WED APR 2 2014


...................................

...THE TOPEKA KS CLIMATE SUMMARY FOR APRIL 1 2014...

CLIMATE NORMAL PERIOD 1981 TO 2010
CLIMATE RECORD PERIOD 1887 TO 2014


WEATHER ITEM   OBSERVED TIME   RECORD YEAR NORMAL DEPARTURE LAST
                VALUE   (LST)  VALUE       VALUE  FROM      YEAR
                                                  NORMAL
..................................................................
TEMPERATURE (F)
 YESTERDAY
  MAXIMUM         54    421 PM  91    1940  62     -8       50
  MINIMUM         28    459 AM  20    1936  38    -10       31
  AVERAGE         41                        50     -9       41

PRECIPITATION (IN)
  YESTERDAY        0.00          2.95 1967   0.10  -0.10     0.00
  MONTH TO DATE    0.00                      0.10  -0.10     0.00
  SINCE MAR 1      0.73                      2.59  -1.86     2.01
  SINCE JAN 1      2.39                      4.77  -2.38     4.45

SNOWFALL (IN)
  YESTERDAY        0.0           6.8  1970   0.0    0.0      0.0
  MONTH TO DATE    0.0                       0.0    0.0      0.0
  SINCE JAN 1     23.0                      11.0   12.0     23.9
  SINCE JUL 1     27.3                      17.5    9.8     29.3
  SNOW DEPTH       0

DEGREE DAYS
 HEATING
  YESTERDAY       24                        15      9       24
  MONTH TO DATE   24                        15      9       24
  SINCE MAR 1    734                       643     91      788
  SINCE JUL 1   5056                      4610    446     4345

 COOLING
  YESTERDAY        0                         0      0        0
  MONTH TO DATE    0                         0      0        0
  SINCE MAR 1      0                         3     -3        0
  SINCE JAN 1      0                         3     -3        0
..................................................................


WIND (MPH)
  HIGHEST WIND SPEED    16   HIGHEST WIND DIRECTION    NW (310)
  HIGHEST GUST SPEED    25   HIGHEST GUST DIRECTION    NW (320)
  AVERAGE WIND SPEED     6.3


SKY COVER
  AVERAGE SKY COVER 0.5


WEATHER CONDITIONS
 THE FOLLOWING WEATHER WAS RECORDED YESTERDAY.
  NO SIGNIFICANT WEATHER WAS OBSERVED.


RELATIVE HUMIDITY (PERCENT)
 HIGHEST    63           500 AM
 LOWEST     35           400 PM
 AVERAGE    49

..........................................................


THE TOPEKA KS CLIMATE NORMALS FOR TODAY
                         NORMAL    RECORD    YEAR
 MAXIMUM TEMPERATURE (F)   63        90      1889
 MINIMUM TEMPERATURE (F)   39        14      1970


SUNRISE AND SUNSET
APRIL  2 2014.........SUNRISE   706 AM CDT   SUNSET   747 PM CDT
APRIL  3 2014.........SUNRISE   704 AM CDT   SUNSET   748 PM CDT


-  INDICATES NEGATIVE NUMBERS.
R  INDICATES RECORD WAS SET OR TIED.
MM INDICATES DATA IS MISSING.
T  INDICATES TRACE AMOUNT.

$$
