000
CDUS43 KTOP 190637
CLITOP


CLIMATE REPORT
NATIONAL WEATHER SERVICE TOPEKA KS
136 AM CDT FRI JUN 19 2015


...................................

...THE TOPEKA KS CLIMATE SUMMARY FOR JUNE 18 2015...

CLIMATE NORMAL PERIOD 1981 TO 2010
CLIMATE RECORD PERIOD 1887 TO 2015


WEATHER ITEM   OBSERVED TIME   RECORD YEAR NORMAL DEPARTURE LAST
                VALUE   (LST)  VALUE       VALUE  FROM      YEAR
                                                  NORMAL
..................................................................
TEMPERATURE (F)
 YESTERDAY
  MAXIMUM         83    424 PM 106    1953  86     -3       91
  MINIMUM         70   1159 PM  49    2000  65      5       78
  AVERAGE         77                        75      2       85

PRECIPITATION (IN)
  YESTERDAY        0.00          2.19 1946   0.19  -0.19     0.00
  MONTH TO DATE    5.16                      3.29   1.87     5.79
  SINCE JUN 1      5.16                      3.29   1.87     5.79
  SINCE JAN 1     19.75                     16.40   3.35    13.26

SNOWFALL (IN)
  YESTERDAY        0.0           T    2013   0.0    0.0      0.0
  MONTH TO DATE    0.0                       0.0    0.0      0.0
  SINCE JAN 1      7.9                      11.3   -3.4     23.1
  SINCE JUL 1     10.3                      17.8   -7.5     27.4
  SNOW DEPTH       0

DEGREE DAYS
 HEATING
  YESTERDAY        0                         0      0        0
  MONTH TO DATE    0                         6     -6        0
  SINCE JUN 1      0                         6     -6        0
  SINCE JUL 1   4874                      5019   -145     5440

 COOLING
  YESTERDAY       12                        10      2       20
  MONTH TO DATE  191                       144     47      166
  SINCE JUN 1    191                       144     47      166
  SINCE JAN 1    273                       270      3      383
..................................................................


WIND (MPH)
  HIGHEST WIND SPEED    15   HIGHEST WIND DIRECTION     N (20)
  HIGHEST GUST SPEED    19   HIGHEST GUST DIRECTION     N (20)
  AVERAGE WIND SPEED     6.2


SKY COVER
  AVERAGE SKY COVER 0.1


WEATHER CONDITIONS
 THE FOLLOWING WEATHER WAS RECORDED YESTERDAY.
  FOG


RELATIVE HUMIDITY (PERCENT)
 HIGHEST   100           400 AM
 LOWEST     69           200 PM
 AVERAGE    85

..........................................................


THE TOPEKA KS CLIMATE NORMALS FOR TODAY
                         NORMAL    RECORD    YEAR
 MAXIMUM TEMPERATURE (F)   86       109      1936
 MINIMUM TEMPERATURE (F)   65        47      1976


SUNRISE AND SUNSET
JUNE 19 2015..........SUNRISE   556 AM CDT   SUNSET   851 PM CDT
JUNE 20 2015..........SUNRISE   557 AM CDT   SUNSET   852 PM CDT


-  INDICATES NEGATIVE NUMBERS.
R  INDICATES RECORD WAS SET OR TIED.
MM INDICATES DATA IS MISSING.
T  INDICATES TRACE AMOUNT.




$$
