000
CDUS43 KTOP 100636
CLITOP


CLIMATE REPORT
NATIONAL WEATHER SERVICE TOPEKA KS
133 AM CDT SUN MAY 10 2015


...................................

...THE TOPEKA KS CLIMATE SUMMARY FOR MAY 9 2015...

CLIMATE NORMAL PERIOD 1981 TO 2010
CLIMATE RECORD PERIOD 1887 TO 2015


WEATHER ITEM   OBSERVED TIME   RECORD YEAR NORMAL DEPARTURE LAST
                VALUE   (LST)  VALUE       VALUE  FROM      YEAR
                                                  NORMAL
..................................................................
TEMPERATURE (F)
 YESTERDAY
  MAXIMUM         76    255 PM  95    2011  74      2       75
  MINIMUM         58    110 AM  30    1980  52      6       50
  AVERAGE         67                        63      4       63

PRECIPITATION (IN)
  YESTERDAY        0.33          1.20 1921   0.15   0.18     0.00
  MONTH TO DATE    1.78                      1.38   0.40     0.11
  SINCE MAR 1      4.95                      7.40  -2.45     4.29
  SINCE JAN 1      6.94                      9.58  -2.64     5.95

SNOWFALL (IN)
  YESTERDAY        0.0           T    1951   0.0    0.0      0.0
  MONTH TO DATE    0.0                       0.0    0.0      T
  SINCE JAN 1      7.9                      11.3   -3.4     23.1
  SINCE JUL 1     10.3                      17.8   -7.5     27.4
  SNOW DEPTH       0

DEGREE DAYS
 HEATING
  YESTERDAY        0                         4     -4        2
  MONTH TO DATE    4                        46    -42       29
  SINCE MAR 1    785                       996   -211     1051
  SINCE JUL 1   4786                      4963   -177     5373

 COOLING
  YESTERDAY        2                         2      0        0
  MONTH TO DATE   34                        16     18       44
  SINCE MAR 1     39                        44     -5       67
  SINCE JAN 1     39                        44     -5       67
..................................................................


WIND (MPH)
  HIGHEST WIND SPEED    23   HIGHEST WIND DIRECTION     E (70)
  HIGHEST GUST SPEED    28   HIGHEST GUST DIRECTION     E (70)
  AVERAGE WIND SPEED    10.2


SKY COVER
  AVERAGE SKY COVER 0.6


WEATHER CONDITIONS
 THE FOLLOWING WEATHER WAS RECORDED YESTERDAY.
  THUNDERSTORM
  HEAVY RAIN
  RAIN
  LIGHT RAIN
  FOG


RELATIVE HUMIDITY (PERCENT)
 HIGHEST    93           100 AM
 LOWEST     68           100 PM
 AVERAGE    81

..........................................................


THE TOPEKA KS CLIMATE NORMALS FOR TODAY
                         NORMAL    RECORD    YEAR
 MAXIMUM TEMPERATURE (F)   74        92      2011
 MINIMUM TEMPERATURE (F)   52        35      1981


SUNRISE AND SUNSET
MAY 10 2015...........SUNRISE   615 AM CDT   SUNSET   824 PM CDT
MAY 11 2015...........SUNRISE   614 AM CDT   SUNSET   825 PM CDT


-  INDICATES NEGATIVE NUMBERS.
R  INDICATES RECORD WAS SET OR TIED.
MM INDICATES DATA IS MISSING.
T  INDICATES TRACE AMOUNT.




$$
