000
CDUS43 KTOP 090637
CLITOP


CLIMATE REPORT
NATIONAL WEATHER SERVICE TOPEKA KS
1236 AM CST TUE DEC 9 2014


...................................

...THE TOPEKA KS CLIMATE SUMMARY FOR DECEMBER 8 2014...

CLIMATE NORMAL PERIOD 1981 TO 2010
CLIMATE RECORD PERIOD 1887 TO 2014


WEATHER ITEM   OBSERVED TIME   RECORD YEAR NORMAL DEPARTURE LAST
                VALUE   (LST)  VALUE       VALUE  FROM      YEAR
                                                  NORMAL
..................................................................
TEMPERATURE (F)
 YESTERDAY
  MAXIMUM         56    325 PM  70    1946  43     13       24
  MINIMUM         37   1159 PM  -6    2005  24     13       15
                                      1917
  AVERAGE         47                        34     13       20

PRECIPITATION (IN)
  YESTERDAY        0.00          0.42 1931   0.06  -0.06     0.04
  MONTH TO DATE    1.07                      0.42   0.65     0.08
  SINCE DEC 1      1.07                      0.42   0.65     0.08
  SINCE JAN 1     29.95                     35.53  -5.58    33.53

SNOWFALL (IN)
  YESTERDAY        0.0           5.0  2009   0.1   -0.1      0.8
  MONTH TO DATE    0.0                       1.1   -1.1      1.0
  SINCE JAN 1     23.5                      13.7    9.8     25.2
  SINCE JUL 1      0.4                       2.4   -2.0      1.0
  SNOW DEPTH       0

DEGREE DAYS
 HEATING
  YESTERDAY       18                        31    -13       45
  MONTH TO DATE  221                       241    -20      290
  SINCE DEC 1    221                       241    -20      290
  SINCE JUL 1   1252                      1235     17     1286

 COOLING
  YESTERDAY        0                         0      0        0
  MONTH TO DATE    0                         0      0        0
  SINCE DEC 1      0                         0      0        0
  SINCE JAN 1   1611                      1422    189     1586
..................................................................


WIND (MPH)
  HIGHEST WIND SPEED    21   HIGHEST WIND DIRECTION     N (360)
  HIGHEST GUST SPEED    27   HIGHEST GUST DIRECTION     N (20)
  AVERAGE WIND SPEED     6.6


SKY COVER
  AVERAGE SKY COVER 0.3


WEATHER CONDITIONS
 THE FOLLOWING WEATHER WAS RECORDED YESTERDAY.
  FOG


RELATIVE HUMIDITY (PERCENT)
 HIGHEST    96           600 AM
 LOWEST     41           400 PM
 AVERAGE    69

..........................................................


THE TOPEKA KS CLIMATE NORMALS FOR TODAY
                         NORMAL    RECORD    YEAR
 MAXIMUM TEMPERATURE (F)   43        67      1939
 MINIMUM TEMPERATURE (F)   24        -7      2005


SUNRISE AND SUNSET
DECEMBER  9 2014......SUNRISE   730 AM CST   SUNSET   500 PM CST
DECEMBER 10 2014......SUNRISE   731 AM CST   SUNSET   500 PM CST


-  INDICATES NEGATIVE NUMBERS.
R  INDICATES RECORD WAS SET OR TIED.
MM INDICATES DATA IS MISSING.
T  INDICATES TRACE AMOUNT.




$$
