590
CDUS43 KTOP 040639
CLITOP


CLIMATE REPORT
NATIONAL WEATHER SERVICE TOPEKA KS
1237 AM CST MON DEC 4 2017


...................................

...THE TOPEKA KS CLIMATE SUMMARY FOR DECEMBER 3 2017...

CLIMATE NORMAL PERIOD 1981 TO 2010
CLIMATE RECORD PERIOD 1887 TO 2017


WEATHER ITEM   OBSERVED TIME   RECORD YEAR NORMAL DEPARTURE LAST
                VALUE   (LST)  VALUE       VALUE  FROM      YEAR
                                                  NORMAL
..................................................................
TEMPERATURE (F)
 YESTERDAY
  MAXIMUM         69    337 PM  74    2012  45     24       48
  MINIMUM         32    745 AM   5    1893  25      7       27
  AVERAGE         51                        35     16       38

PRECIPITATION (IN)
  YESTERDAY        0.00          2.13 1947   0.05  -0.05     0.11
  MONTH TO DATE    0.00                      0.16  -0.16     0.11
  SINCE DEC 1      0.00                      0.16  -0.16     0.11
  SINCE JAN 1     38.29                     35.27   3.02    42.29

SNOWFALL (IN)
  YESTERDAY        0.0           4.8  1921   0.2   -0.2      0.0
  MONTH TO DATE    0.0                       0.4   -0.4      0.0
  SINCE JAN 1      3.9                      13.0   -9.1      3.7
  SINCE JUL 1      0.4                       1.7   -1.3       T
  SNOW DEPTH       0

DEGREE DAYS
 HEATING
  YESTERDAY       14                        30    -16       27
  MONTH TO DATE   54                        88    -34       87
  SINCE DEC 1     54                        88    -34       87
  SINCE JUL 1    877                      1082   -205      660

 COOLING
  YESTERDAY        0                         0      0        0
  MONTH TO DATE    0                         0      0        0
  SINCE DEC 1      0                         0      0        0
  SINCE JAN 1   1473                      1422     51     1711
..................................................................


WIND (MPH)
  HIGHEST WIND SPEED    25   HIGHEST WIND DIRECTION     S (180)
  HIGHEST GUST SPEED    37   HIGHEST GUST DIRECTION     S (170)
  AVERAGE WIND SPEED     8.5


SKY COVER
  AVERAGE SKY COVER 0.0


WEATHER CONDITIONS
 THE FOLLOWING WEATHER WAS RECORDED YESTERDAY.
  FOG


RELATIVE HUMIDITY (PERCENT)
 HIGHEST   100           500 AM
 LOWEST     58           400 PM
 AVERAGE    79

..........................................................


THE TOPEKA KS CLIMATE NORMALS FOR TODAY
                         NORMAL    RECORD    YEAR
 MAXIMUM TEMPERATURE (F)   45        72      2001
 MINIMUM TEMPERATURE (F)   25         8      1902


SUNRISE AND SUNSET
DECEMBER  4 2017......SUNRISE   726 AM CST   SUNSET   500 PM CST
DECEMBER  5 2017......SUNRISE   727 AM CST   SUNSET   500 PM CST


-  INDICATES NEGATIVE NUMBERS.
R  INDICATES RECORD WAS SET OR TIED.
MM INDICATES DATA IS MISSING.
T  INDICATES TRACE AMOUNT.




$$
