329
CDUS43 KTOP 180641
CLITOP


CLIMATE REPORT
NATIONAL WEATHER SERVICE TOPEKA KS
140 AM CDT SUN SEP 18 2016


...................................

...THE TOPEKA KS CLIMATE SUMMARY FOR SEPTEMBER 17 2016...

CLIMATE NORMAL PERIOD 1981 TO 2010
CLIMATE RECORD PERIOD 1887 TO 2016


WEATHER ITEM   OBSERVED TIME   RECORD YEAR NORMAL DEPARTURE LAST
                VALUE   (LST)  VALUE       VALUE  FROM      YEAR
                                                  NORMAL
..................................................................
TEMPERATURE (F)
 YESTERDAY
  MAXIMUM         84    335 PM 103    1953  80      4       90
  MINIMUM         58    644 AM  39    1981  56      2       75
  AVERAGE         71                        68      3       83

PRECIPITATION (IN)
  YESTERDAY        0.00          2.51 1978   0.12  -0.12     0.02
  MONTH TO DATE    5.40                      2.07   3.33     6.76
  SINCE SEP 1      5.40                      2.07   3.33     6.76
  SINCE JAN 1     38.29                     28.64   9.65    40.00

SNOWFALL (IN)
  YESTERDAY        0.0           0.0    MM   0.0    0.0      0.0
  MONTH TO DATE    0.0                       0.0    0.0      0.0
  SINCE JAN 1      3.7                      11.3   -7.6      7.9
  SINCE JUL 1      T                         0.0    0.0      0.0
  SNOW DEPTH       0

DEGREE DAYS
 HEATING
  YESTERDAY        0                         2     -2        0
  MONTH TO DATE    0                        16    -16        7
  SINCE SEP 1      0                        16    -16        7
  SINCE JUL 1      0                        18    -18        7

 COOLING
  YESTERDAY        6                         5      1       18
  MONTH TO DATE  150                       120     30      213
  SINCE SEP 1    150                       120     30      213
  SINCE JAN 1   1551                      1348    203     1431
..................................................................


WIND (MPH)
  HIGHEST WIND SPEED    10   HIGHEST WIND DIRECTION    NW (310)
  HIGHEST GUST SPEED    14   HIGHEST GUST DIRECTION    NW (320)
  AVERAGE WIND SPEED     2.6


SKY COVER
  AVERAGE SKY COVER 0.3


WEATHER CONDITIONS
 THE FOLLOWING WEATHER WAS RECORDED YESTERDAY.
  FOG
  FOG W/VISIBILITY <= 1/4 MILE


RELATIVE HUMIDITY (PERCENT)
 HIGHEST   100           800 AM
 LOWEST     37           300 PM
 AVERAGE    69

..........................................................


THE TOPEKA KS CLIMATE NORMALS FOR TODAY
                         NORMAL    RECORD    YEAR
 MAXIMUM TEMPERATURE (F)   80       101      1925
 MINIMUM TEMPERATURE (F)   55        35      1973


SUNRISE AND SUNSET
SEPTEMBER 18 2016.....SUNRISE   707 AM CDT   SUNSET   725 PM CDT
SEPTEMBER 19 2016.....SUNRISE   708 AM CDT   SUNSET   724 PM CDT


-  INDICATES NEGATIVE NUMBERS.
R  INDICATES RECORD WAS SET OR TIED.
MM INDICATES DATA IS MISSING.
T  INDICATES TRACE AMOUNT.




$$
