000
CDUS43 KTOP 040631
CLITOP


CLIMATE REPORT
NATIONAL WEATHER SERVICE TOPEKA KS
1231 AM CST TUE NOV 4 2014


...................................

...THE TOPEKA KS CLIMATE SUMMARY FOR NOVEMBER 3 2014...

CLIMATE NORMAL PERIOD 1981 TO 2010
CLIMATE RECORD PERIOD 1887 TO 2014


WEATHER ITEM   OBSERVED TIME   RECORD YEAR NORMAL DEPARTURE LAST
                VALUE   (LST)  VALUE       VALUE  FROM      YEAR
                                                  NORMAL
..................................................................
TEMPERATURE (F)
 YESTERDAY
  MAXIMUM         70   1240 PM  84    1924  61      9       60
  MINIMUM         50   1159 PM  10    1966  39     11       34
  AVERAGE         60                        50     10       47

PRECIPITATION (IN)
  YESTERDAY        0.04          1.57 1938   0.08  -0.04     0.00
  MONTH TO DATE    0.04                      0.23  -0.19     0.04
  SINCE SEP 1      8.64                      6.92   1.72     8.14
  SINCE JAN 1     28.48                     33.49  -5.01    32.61

SNOWFALL (IN)
  YESTERDAY        0.0           0.5  1901   0.0    0.0      0.0
  MONTH TO DATE    0.0                       0.0    0.0      0.0
  SINCE JAN 1     23.1                      11.6   11.5     24.2
  SINCE JUL 1      T                         0.3   -0.3       T
  SNOW DEPTH       0

DEGREE DAYS
 HEATING
  YESTERDAY        5                        15    -10       18
  MONTH TO DATE   40                        44     -4       49
  SINCE SEP 1    294                       398   -104      366
  SINCE JUL 1    294                       400   -106      366

 COOLING
  YESTERDAY        0                         0      0        0
  MONTH TO DATE    0                         0      0        0
  SINCE SEP 1    201                       192      9      292
  SINCE JAN 1   1611                      1420    191     1586
..................................................................


WIND (MPH)
  HIGHEST WIND SPEED    23   HIGHEST WIND DIRECTION     S (190)
  HIGHEST GUST SPEED    32   HIGHEST GUST DIRECTION     S (200)
  AVERAGE WIND SPEED    13.9


SKY COVER
  AVERAGE SKY COVER 0.4


WEATHER CONDITIONS
 THE FOLLOWING WEATHER WAS RECORDED YESTERDAY.
  LIGHT RAIN


RELATIVE HUMIDITY (PERCENT)
 HIGHEST    90           800 PM
 LOWEST     53          1200 PM
 AVERAGE    72

..........................................................


THE TOPEKA KS CLIMATE NORMALS FOR TODAY
                         NORMAL    RECORD    YEAR
 MAXIMUM TEMPERATURE (F)   61        82      1978
                                             1909
 MINIMUM TEMPERATURE (F)   38         9      1991


SUNRISE AND SUNSET
NOVEMBER  4 2014......SUNRISE   653 AM CST   SUNSET   518 PM CST
NOVEMBER  5 2014......SUNRISE   654 AM CST   SUNSET   517 PM CST


-  INDICATES NEGATIVE NUMBERS.
R  INDICATES RECORD WAS SET OR TIED.
MM INDICATES DATA IS MISSING.
T  INDICATES TRACE AMOUNT.




$$
