000
CDUS43 KTOP 260637
CLITOP


CLIMATE REPORT
NATIONAL WEATHER SERVICE TOPEKA KS
1234 AM CST MON DEC 26 2016


...................................

...THE TOPEKA KS CLIMATE SUMMARY FOR DECEMBER 25 2016...

CLIMATE NORMAL PERIOD 1981 TO 2010
CLIMATE RECORD PERIOD 1887 TO 2016


WEATHER ITEM   OBSERVED TIME   RECORD YEAR NORMAL DEPARTURE LAST
                VALUE   (LST)  VALUE       VALUE  FROM      YEAR
                                                  NORMAL
..................................................................
TEMPERATURE (F)
 YESTERDAY
  MAXIMUM         68R   422 PM  68    1922  40     28       44
  MINIMUM         41   1239 AM -11    1983  21     20       24
  AVERAGE         55                        30     25       34

PRECIPITATION (IN)
  YESTERDAY        0.21          0.46 1941   0.03   0.18     0.00
  MONTH TO DATE    1.05                      1.16  -0.11     1.78
  SINCE DEC 1      1.05                      1.16  -0.11     1.78
  SINCE JAN 1     43.23                     36.27   6.96    48.46

SNOWFALL (IN)
  YESTERDAY        0.0           4.1  2009   0.1   -0.1      0.0
  MONTH TO DATE    3.1                       4.0   -0.9      0.0
  SINCE JAN 1      6.8                      16.6   -9.8      8.0
  SINCE JUL 1      3.1                       5.3   -2.2      0.1
  SNOW DEPTH       0

DEGREE DAYS
 HEATING
  YESTERDAY       10                        35    -25       31
  MONTH TO DATE  896                       813     83      564
  SINCE DEC 1    896                       813     83      564
  SINCE JUL 1   1469                      1807   -338     1300

 COOLING
  YESTERDAY        0                         0      0        0
  MONTH TO DATE    0                         0      0        0
  SINCE DEC 1      0                         0      0        0
  SINCE JAN 1   1711                      1422    289     1536
..................................................................


WIND (MPH)
  HIGHEST WIND SPEED    32   HIGHEST WIND DIRECTION    SE (150)
  HIGHEST GUST SPEED    46   HIGHEST GUST DIRECTION     S (160)
  AVERAGE WIND SPEED    12.7


SKY COVER
  AVERAGE SKY COVER 0.9


WEATHER CONDITIONS
 THE FOLLOWING WEATHER WAS RECORDED YESTERDAY.
  HEAVY RAIN
  RAIN
  LIGHT RAIN
  FOG


RELATIVE HUMIDITY (PERCENT)
 HIGHEST    93           800 AM
 LOWEST     50          1100 PM
 AVERAGE    72

..........................................................


THE TOPEKA KS CLIMATE NORMALS FOR TODAY
                         NORMAL    RECORD    YEAR
 MAXIMUM TEMPERATURE (F)   40        67      2008
 MINIMUM TEMPERATURE (F)   21       -10      1962
                                             1892


SUNRISE AND SUNSET
DECEMBER 26 2016......SUNRISE   740 AM CST   SUNSET   507 PM CST
DECEMBER 27 2016......SUNRISE   741 AM CST   SUNSET   507 PM CST


-  INDICATES NEGATIVE NUMBERS.
R  INDICATES RECORD WAS SET OR TIED.
MM INDICATES DATA IS MISSING.
T  INDICATES TRACE AMOUNT.




$$
