000
CDUS43 KTOP 112238
CLITOP


CLIMATE REPORT
NATIONAL WEATHER SERVICE TOPEKA KS
437 PM CST FRI NOV 11 2016


...................................

...THE TOPEKA KS CLIMATE SUMMARY FOR NOVEMBER 11 2016...
VALID TODAY AS OF 0400 PM LOCAL TIME.

CLIMATE NORMAL PERIOD 1981 TO 2010
CLIMATE RECORD PERIOD 1887 TO 2016


WEATHER ITEM   OBSERVED TIME   RECORD YEAR NORMAL DEPARTURE LAST
                VALUE   (LST)  VALUE       VALUE  FROM      YEAR
                                                  NORMAL
..................................................................
TEMPERATURE (F)
 TODAY
  MAXIMUM         61    257 PM  80    1949  57      4       75
  MINIMUM         45    744 AM   8    1986  35     10       43
  AVERAGE         53                        46      7       59

PRECIPITATION (IN)
  TODAY            0.00          2.19 1922   0.07  -0.07     0.00
  MONTH TO DATE    0.06                      0.80  -0.74      T
  SINCE SEP 1      9.16                      7.49   1.67     8.33
  SINCE JAN 1     42.05                     34.06   7.99    41.57

SNOWFALL (IN)
  TODAY            0.0           0.2  1940   0.0    0.0      0.0
  MONTH TO DATE    0.0                       0.1   -0.1      0.0
  SINCE JAN 1      3.7                      11.7   -8.0      7.9
  SINCE JUL 1      T                         0.4   -0.4      0.0
  SNOW DEPTH       0

DEGREE DAYS
 HEATING
  TODAY           12                        19     -7        6
  MONTH TO DATE   92                       182    -90      109
  SINCE SEP 1    248                       536   -288      356
  SINCE JUL 1    248                       538   -290      356

 COOLING
  TODAY            0                         0      0        0
  MONTH TO DATE    7                         0      7        0
  SINCE SEP 1    304                       192    112      318
  SINCE JAN 1   1705                      1420    285     1536
..................................................................


WIND (MPH)
  HIGHEST WIND SPEED    18   HIGHEST WIND DIRECTION    NE (40)
  HIGHEST GUST SPEED    23   HIGHEST GUST DIRECTION    NE (30)
  AVERAGE WIND SPEED     9.6



WEATHER CONDITIONS
 THE FOLLOWING WEATHER WAS RECORDED TODAY.
  NO SIGNIFICANT WEATHER WAS OBSERVED.


RELATIVE HUMIDITY (PERCENT)
 HIGHEST    80          1200 AM
 LOWEST     36           200 PM
 AVERAGE    58

..........................................................


THE TOPEKA KS CLIMATE NORMALS FOR TOMORROW
                         NORMAL    RECORD    YEAR
 MAXIMUM TEMPERATURE (F)   57        79      2005
 MINIMUM TEMPERATURE (F)   35         7      1911


SUNRISE AND SUNSET
NOVEMBER 11 2016......SUNRISE   702 AM CST   SUNSET   511 PM CST
NOVEMBER 12 2016......SUNRISE   703 AM CST   SUNSET   510 PM CST


-  INDICATES NEGATIVE NUMBERS.
R  INDICATES RECORD WAS SET OR TIED.
MM INDICATES DATA IS MISSING.
T  INDICATES TRACE AMOUNT.




$$
