000
CDUS43 KTOP 052131
CLITOP


CLIMATE REPORT
NATIONAL WEATHER SERVICE TOPEKA KS
431 PM CDT MON SEP 5 2016


...................................

...THE TOPEKA KS CLIMATE SUMMARY FOR SEPTEMBER 5 2016...
VALID TODAY AS OF 430 PM LOCAL TIME.

CLIMATE NORMAL PERIOD 1981 TO 2010
CLIMATE RECORD PERIOD 1887 TO 2016


WEATHER ITEM   OBSERVED TIME   RECORD YEAR NORMAL DEPARTURE LAST
                VALUE   (LST)  VALUE       VALUE  FROM      YEAR
                                                  NORMAL
..................................................................
TEMPERATURE (F)
 TODAY
  MAXIMUM         90    259 PM 104    1936  85      5       93
  MINIMUM         72    414 AM  40    1974  61     11       73
                                      1889
  AVERAGE         81                        73      8       83

PRECIPITATION (IN)
  TODAY            0.00          1.36 2004   0.12  -0.12     0.00
  MONTH TO DATE    0.00                      0.60  -0.60     0.19
  SINCE SEP 1      0.00                      0.60  -0.60     0.19
  SINCE JAN 1     32.89                     27.17   5.72    33.43

SNOWFALL (IN)
  TODAY            0.0           0.0    MM   0.0    0.0      0.0
  MONTH TO DATE    0.0                       0.0    0.0      0.0
  SINCE JAN 1      3.7                      11.3   -7.6      7.9
  SINCE JUL 1      T                         0.0    0.0      0.0
  SNOW DEPTH       0

DEGREE DAYS
 HEATING
  TODAY            0                         0      0        0
  MONTH TO DATE    0                         0      0        0
  SINCE SEP 1      0                         0      0        0
  SINCE JUL 1      0                         2     -2        0

 COOLING
  TODAY           16                         8      8       18
  MONTH TO DATE   39                        44     -5       87
  SINCE SEP 1     39                        44     -5       87
  SINCE JAN 1   1440                      1272    168     1305
..................................................................


WIND (MPH)
  HIGHEST WIND SPEED    23   HIGHEST WIND DIRECTION     S (170)
  HIGHEST GUST SPEED    33   HIGHEST GUST DIRECTION     S (180)
  AVERAGE WIND SPEED    12.5



WEATHER CONDITIONS
 THE FOLLOWING WEATHER WAS RECORDED TODAY.
  NO SIGNIFICANT WEATHER WAS OBSERVED.


RELATIVE HUMIDITY (PERCENT)
 HIGHEST    79           700 AM
 LOWEST     56           200 PM
 AVERAGE    68

..........................................................


THE TOPEKA KS CLIMATE NORMALS FOR TOMORROW
                         NORMAL    RECORD    YEAR
 MAXIMUM TEMPERATURE (F)   84       105      1936
 MINIMUM TEMPERATURE (F)   61        41      1988


SUNRISE AND SUNSET
SEPTEMBER  5 2016.....SUNRISE   655 AM CDT   SUNSET   746 PM CDT
SEPTEMBER  6 2016.....SUNRISE   656 AM CDT   SUNSET   744 PM CDT


-  INDICATES NEGATIVE NUMBERS.
R  INDICATES RECORD WAS SET OR TIED.
MM INDICATES DATA IS MISSING.
T  INDICATES TRACE AMOUNT.




$$
