000
CDUS43 KTOP 050642
CLITOP


CLIMATE REPORT
NATIONAL WEATHER SERVICE TOPEKA KS
1242 AM CST SUN FEB 5 2017


...................................

...THE TOPEKA KS CLIMATE SUMMARY FOR FEBRUARY 4 2017...

CLIMATE NORMAL PERIOD 1981 TO 2010
CLIMATE RECORD PERIOD 1887 TO 2017


WEATHER ITEM   OBSERVED TIME   RECORD YEAR NORMAL DEPARTURE LAST
                VALUE   (LST)  VALUE       VALUE  FROM      YEAR
                                                  NORMAL
..................................................................
TEMPERATURE (F)
 YESTERDAY
  MAXIMUM         54    515 PM  74    1946  42     12       45
  MINIMUM         25    641 AM -13    1905  21      4       17
  AVERAGE         40                        31      9       31

PRECIPITATION (IN)
  YESTERDAY        0.00          0.84 1986   0.04  -0.04     0.00
  MONTH TO DATE    T                         0.16  -0.16     0.35
  SINCE DEC 1      2.33                      2.37  -0.04     3.96
  SINCE JAN 1      1.28                      1.02   0.26     1.25

SNOWFALL (IN)
  YESTERDAY        0.0          12.9  2014   0.1   -0.1      0.0
  MONTH TO DATE    T                         0.7   -0.7       T
  SINCE JAN 1      2.2                       5.6   -3.4      2.1
  SINCE JUL 1      5.3                      12.1   -6.8      3.3
  SNOW DEPTH       0

DEGREE DAYS
 HEATING
  YESTERDAY       25                        34     -9       34
  MONTH TO DATE  127                       136     -9      112
  SINCE DEC 1   2161                      2252    -91     1932
  SINCE JUL 1   2734                      3246   -512     2668

 COOLING
  YESTERDAY        0                         0      0        0
  MONTH TO DATE    0                         0      0        0
  SINCE DEC 1      0                         0      0        0
  SINCE JAN 1      0                         0      0        0
..................................................................


WIND (MPH)
  HIGHEST WIND SPEED    30   HIGHEST WIND DIRECTION     S (190)
  HIGHEST GUST SPEED    41   HIGHEST GUST DIRECTION     S (190)
  AVERAGE WIND SPEED    11.5


SKY COVER
  AVERAGE SKY COVER 0.1


WEATHER CONDITIONS
 THE FOLLOWING WEATHER WAS RECORDED YESTERDAY.
  NO SIGNIFICANT WEATHER WAS OBSERVED.


RELATIVE HUMIDITY (PERCENT)
 HIGHEST    75          1100 PM
 LOWEST     38           300 PM
 AVERAGE    57

..........................................................


THE TOPEKA KS CLIMATE NORMALS FOR TODAY
                         NORMAL    RECORD    YEAR
 MAXIMUM TEMPERATURE (F)   42        72      1938
 MINIMUM TEMPERATURE (F)   21       -17      1979


SUNRISE AND SUNSET
FEBRUARY  5 2017......SUNRISE   725 AM CST   SUNSET   549 PM CST
FEBRUARY  6 2017......SUNRISE   724 AM CST   SUNSET   550 PM CST


-  INDICATES NEGATIVE NUMBERS.
R  INDICATES RECORD WAS SET OR TIED.
MM INDICATES DATA IS MISSING.
T  INDICATES TRACE AMOUNT.




$$
