000
CDUS43 KTOP 050637
CLITOP


CLIMATE REPORT
NATIONAL WEATHER SERVICE TOPEKA KS
133 AM CDT TUE APR 5 2016


...................................

...THE TOPEKA KS CLIMATE SUMMARY FOR APRIL 4 2016...

CLIMATE NORMAL PERIOD 1981 TO 2010
CLIMATE RECORD PERIOD 1887 TO 2016


WEATHER ITEM   OBSERVED TIME   RECORD YEAR NORMAL DEPARTURE LAST
                VALUE   (LST)  VALUE       VALUE  FROM      YEAR
                                                  NORMAL
..................................................................
TEMPERATURE (F)
 YESTERDAY
  MAXIMUM         68    221 PM  93    1942  63      5       63
  MINIMUM         48   1159 PM  16    1920  39      9       28
  AVERAGE         58                        51      7       46

PRECIPITATION (IN)
  YESTERDAY        0.00          1.94 1969   0.10  -0.10     0.00
  MONTH TO DATE    T                         0.40  -0.40     0.19
  SINCE MAR 1      2.30                      2.89  -0.59     0.96
  SINCE JAN 1      3.57                      5.07  -1.50     2.95

SNOWFALL (IN)
  YESTERDAY        0.0           3.0  1983   0.0    0.0      0.0
  MONTH TO DATE    0.0                       0.1   -0.1      0.0
  SINCE JAN 1      3.7                      11.1   -7.4      7.9
  SINCE JUL 1      4.9                      17.6  -12.7     10.3
  SNOW DEPTH       0

DEGREE DAYS
 HEATING
  YESTERDAY        7                        14     -7       19
  MONTH TO DATE   49                        58     -9       41
  SINCE MAR 1    477                       686   -209      594
  SINCE JUL 1   3729                      4653   -924     4595

 COOLING
  YESTERDAY        0                         0      0        0
  MONTH TO DATE    0                         0      0        1
  SINCE MAR 1      3                         3      0        1
  SINCE JAN 1      3                         3      0        1
..................................................................


WIND (MPH)
  HIGHEST WIND SPEED    21   HIGHEST WIND DIRECTION     N (360)
  HIGHEST GUST SPEED    25   HIGHEST GUST DIRECTION     N (20)
  AVERAGE WIND SPEED     8.3


SKY COVER
  AVERAGE SKY COVER 0.0


WEATHER CONDITIONS
 THE FOLLOWING WEATHER WAS RECORDED YESTERDAY.
  NO SIGNIFICANT WEATHER WAS OBSERVED.


RELATIVE HUMIDITY (PERCENT)
 HIGHEST    50           700 AM
 LOWEST     28          1200 PM
 AVERAGE    39

..........................................................


THE TOPEKA KS CLIMATE NORMALS FOR TODAY
                         NORMAL    RECORD    YEAR
 MAXIMUM TEMPERATURE (F)   64        89      2000
 MINIMUM TEMPERATURE (F)   40        13      1920


SUNRISE AND SUNSET
APRIL  5 2016.........SUNRISE   700 AM CDT   SUNSET   751 PM CDT
APRIL  6 2016.........SUNRISE   659 AM CDT   SUNSET   752 PM CDT


-  INDICATES NEGATIVE NUMBERS.
R  INDICATES RECORD WAS SET OR TIED.
MM INDICATES DATA IS MISSING.
T  INDICATES TRACE AMOUNT.




$$
