443
CDUS43 KTOP 282139
CLITOP


CLIMATE REPORT
NATIONAL WEATHER SERVICE TOPEKA KS
432 PM CDT SUN AUG 28 2016


...................................

...THE TOPEKA KS CLIMATE SUMMARY FOR AUGUST 28 2016...
VALID TODAY AS OF 0400 PM LOCAL TIME.

CLIMATE NORMAL PERIOD 1981 TO 2010
CLIMATE RECORD PERIOD 1887 TO 2016


WEATHER ITEM   OBSERVED TIME   RECORD YEAR NORMAL DEPARTURE LAST
                VALUE   (LST)  VALUE       VALUE  FROM      YEAR
                                                  NORMAL
..................................................................
TEMPERATURE (F)
 TODAY
  MAXIMUM         90    224 PM 107    2000  87      3       84
  MINIMUM         68    546 AM  43    1891  64      4       69
  AVERAGE         79                        75      4       77

PRECIPITATION (IN)
  TODAY            0.00          1.39 1994   0.13  -0.13     0.21
  MONTH TO DATE    4.51                      3.84   0.67     3.10
  SINCE JUN 1     12.26                     13.06  -0.80    18.65
  SINCE JAN 1     31.57                     26.17   5.40    33.24

SNOWFALL (IN)
  TODAY            0.0           0.0    MM   0.0    0.0      0.0
  MONTH TO DATE    0.0                       0.0    0.0      0.0
  SINCE JAN 1      3.7                      11.3   -7.6      7.9
  SINCE JUL 1      T                         0.0    0.0      0.0
  SNOW DEPTH       0

DEGREE DAYS
 HEATING
  TODAY            0                         0      0        0
  MONTH TO DATE    0                         0      0        0
  SINCE JUN 1      0                         8     -8        0
  SINCE JUL 1      0                         0      0        0

 COOLING
  TODAY           14                        10      4       12
  MONTH TO DATE  361                       356      5      298
  SINCE JUN 1   1274                      1072    202     1112
  SINCE JAN 1   1366                      1198    168     1194
..................................................................


WIND (MPH)
  HIGHEST WIND SPEED    14   HIGHEST WIND DIRECTION    SE (140)
  HIGHEST GUST SPEED    18   HIGHEST GUST DIRECTION    SE (130)
  AVERAGE WIND SPEED     4.0



WEATHER CONDITIONS
 THE FOLLOWING WEATHER WAS RECORDED TODAY.
  FOG


RELATIVE HUMIDITY (PERCENT)
 HIGHEST    97           500 AM
 LOWEST     56           200 PM
 AVERAGE    77

..........................................................


THE TOPEKA KS CLIMATE NORMALS FOR TOMORROW
                         NORMAL    RECORD    YEAR
 MAXIMUM TEMPERATURE (F)   87       110      1984
 MINIMUM TEMPERATURE (F)   64        41      1988


SUNRISE AND SUNSET
AUGUST 28 2016........SUNRISE   648 AM CDT   SUNSET   758 PM CDT
AUGUST 29 2016........SUNRISE   649 AM CDT   SUNSET   757 PM CDT


-  INDICATES NEGATIVE NUMBERS.
R  INDICATES RECORD WAS SET OR TIED.
MM INDICATES DATA IS MISSING.
T  INDICATES TRACE AMOUNT.




$$
