000
CDUS43 KTOP 220633
CLITOP


CLIMATE REPORT
NATIONAL WEATHER SERVICE TOPEKA KS
131 AM CDT THU JUN 22 2017


...................................

...THE TOPEKA KS CLIMATE SUMMARY FOR JUNE 21 2017...

CLIMATE NORMAL PERIOD 1981 TO 2010
CLIMATE RECORD PERIOD 1887 TO 2017


WEATHER ITEM   OBSERVED TIME   RECORD YEAR NORMAL DEPARTURE LAST
                VALUE   (LST)  VALUE       VALUE  FROM      YEAR
                                                  NORMAL
..................................................................
TEMPERATURE (F)
 YESTERDAY
  MAXIMUM         93    329 PM 100    1937  86      7       98
  MINIMUM         74    522 AM  48    1972  65      9       74
  AVERAGE         84                        76      8       86

PRECIPITATION (IN)
  YESTERDAY        0.00          4.15 1984   0.19  -0.19     0.00
  MONTH TO DATE    4.45                      3.84   0.61     1.58
  SINCE JUN 1      4.45                      3.84   0.61     1.58
  SINCE JAN 1     19.60                     16.95   2.65    20.89

SNOWFALL (IN)
  YESTERDAY        0.0           T    1986   0.0    0.0      0.0
  MONTH TO DATE    T                         0.0    0.0      0.0
  SINCE JAN 1      3.5                      11.3   -7.8      3.7
  SINCE JUL 1      6.6                      17.8  -11.2      4.9
  SNOW DEPTH       0

DEGREE DAYS
 HEATING
  YESTERDAY        0                         0      0        0
  MONTH TO DATE    0                         6     -6        0
  SINCE JUN 1      0                         6     -6        0
  SINCE JUL 1   4007                      5019  -1012     4002

 COOLING
  YESTERDAY       19                        11      8       21
  MONTH TO DATE  255                       176     79      288
  SINCE JUN 1    255                       176     79      288
  SINCE JAN 1    384                       302     82      380
..................................................................


WIND (MPH)
  HIGHEST WIND SPEED    25   HIGHEST WIND DIRECTION     S (200)
  HIGHEST GUST SPEED    33   HIGHEST GUST DIRECTION     S (200)
  AVERAGE WIND SPEED    10.7


SKY COVER
  AVERAGE SKY COVER 0.0


WEATHER CONDITIONS
 THE FOLLOWING WEATHER WAS RECORDED YESTERDAY.
  NO SIGNIFICANT WEATHER WAS OBSERVED.


RELATIVE HUMIDITY (PERCENT)
 HIGHEST    74           400 AM
 LOWEST     34           200 PM
 AVERAGE    54

..........................................................


THE TOPEKA KS CLIMATE NORMALS FOR TODAY
                         NORMAL    RECORD    YEAR
 MAXIMUM TEMPERATURE (F)   87       103      2016
 MINIMUM TEMPERATURE (F)   66        45      1889


SUNRISE AND SUNSET
JUNE 22 2017..........SUNRISE   557 AM CDT   SUNSET   852 PM CDT
JUNE 23 2017..........SUNRISE   557 AM CDT   SUNSET   852 PM CDT


-  INDICATES NEGATIVE NUMBERS.
R  INDICATES RECORD WAS SET OR TIED.
MM INDICATES DATA IS MISSING.
T  INDICATES TRACE AMOUNT.




$$
