000
CDUS43 KTOP 250632
CLITOP


CLIMATE REPORT
NATIONAL WEATHER SERVICE TOPEKA KS
131 AM CDT WED MAR 25 2015


...................................

...THE TOPEKA KS CLIMATE SUMMARY FOR MARCH 24 2015...

CLIMATE NORMAL PERIOD 1981 TO 2010
CLIMATE RECORD PERIOD 1887 TO 2015


WEATHER ITEM   OBSERVED TIME   RECORD YEAR NORMAL DEPARTURE LAST
                VALUE   (LST)  VALUE       VALUE  FROM      YEAR
                                                  NORMAL
..................................................................
TEMPERATURE (F)
 YESTERDAY
  MAXIMUM         54    134 PM  88    1929  60     -6       40
  MINIMUM         42    529 AM  13    1965  36      6       25
  AVERAGE         48                        48      0       33

PRECIPITATION (IN)
  YESTERDAY        0.04          2.10 1945   0.09  -0.05     0.11
  MONTH TO DATE    0.42                      1.80  -1.38     0.63
  SINCE MAR 1      0.42                      1.80  -1.38     0.63
  SINCE JAN 1      2.41                      3.98  -1.57     2.29

SNOWFALL (IN)
  YESTERDAY        0.0           5.9  1912   0.1   -0.1      0.6
  MONTH TO DATE    T                         1.4   -1.4      4.1
  SINCE JAN 1      7.9                      10.8   -2.9     23.0
  SINCE JUL 1     10.3                      17.3   -7.0     27.3
  SNOW DEPTH       0

DEGREE DAYS
 HEATING
  YESTERDAY       17                        18     -1       32
  MONTH TO DATE  443                       514    -71      594
  SINCE MAR 1    443                       514    -71      594
  SINCE JUL 1   4444                      4481    -37     4916

 COOLING
  YESTERDAY        0                         0      0        0
  MONTH TO DATE    0                         0      0        0
  SINCE MAR 1      0                         0      0        0
  SINCE JAN 1      0                         0      0        0
..................................................................


WIND (MPH)
  HIGHEST WIND SPEED    24   HIGHEST WIND DIRECTION     E (80)
  HIGHEST GUST SPEED    28   HIGHEST GUST DIRECTION     E (100)
  AVERAGE WIND SPEED    10.9


SKY COVER
  AVERAGE SKY COVER 1.0


WEATHER CONDITIONS
 THE FOLLOWING WEATHER WAS RECORDED YESTERDAY.
  THUNDERSTORM
  LIGHT RAIN
  FOG
  HAZE


RELATIVE HUMIDITY (PERCENT)
 HIGHEST    93           500 PM
 LOWEST     65           100 AM
 AVERAGE    79

..........................................................


THE TOPEKA KS CLIMATE NORMALS FOR TODAY
                         NORMAL    RECORD    YEAR
 MAXIMUM TEMPERATURE (F)   60        91      1907
 MINIMUM TEMPERATURE (F)   36         6      1955


SUNRISE AND SUNSET
MARCH 25 2015.........SUNRISE   718 AM CDT   SUNSET   739 PM CDT
MARCH 26 2015.........SUNRISE   717 AM CDT   SUNSET   740 PM CDT


-  INDICATES NEGATIVE NUMBERS.
R  INDICATES RECORD WAS SET OR TIED.
MM INDICATES DATA IS MISSING.
T  INDICATES TRACE AMOUNT.




$$
