000
CDUS43 KTOP 240638
CLITOP


CLIMATE REPORT
NATIONAL WEATHER SERVICE TOPEKA KS
1237 AM CST MON NOV 24 2014


...................................

...THE TOPEKA KS CLIMATE SUMMARY FOR NOVEMBER 23 2014...

CLIMATE NORMAL PERIOD 1981 TO 2010
CLIMATE RECORD PERIOD 1887 TO 2014


WEATHER ITEM   OBSERVED TIME   RECORD YEAR NORMAL DEPARTURE LAST
                VALUE   (LST)  VALUE       VALUE  FROM      YEAR
                                                  NORMAL
..................................................................
TEMPERATURE (F)
 YESTERDAY
  MAXIMUM         58   1214 PM  75    1966  50      8       29
  MINIMUM         42   1159 PM   4    1898  30     12       16
  AVERAGE         50                        40     10       23

PRECIPITATION (IN)
  YESTERDAY        0.31          1.26 1908   0.05   0.26     0.00
  MONTH TO DATE    0.42                      1.47  -1.05     0.88
  SINCE SEP 1      9.02                      8.16   0.86     8.98
  SINCE JAN 1     28.86                     34.73  -5.87    33.45

SNOWFALL (IN)
  YESTERDAY        0.0           2.8  1983   0.0    0.0      0.0
  MONTH TO DATE    0.4                       0.5   -0.1       T
  SINCE JAN 1     23.5                      12.1   11.4     24.2
  SINCE JUL 1      0.4                       0.8   -0.4       T
  SNOW DEPTH       0

DEGREE DAYS
 HEATING
  YESTERDAY       15                        25    -10       42
  MONTH TO DATE  603                       447    156      452
  SINCE SEP 1    857                       801     56      769
  SINCE JUL 1    857                       803     54      769

 COOLING
  YESTERDAY        0                         0      0        0
  MONTH TO DATE    0                         0      0        0
  SINCE SEP 1    201                       192      9      292
  SINCE JAN 1   1611                      1420    191     1586
..................................................................


WIND (MPH)
  HIGHEST WIND SPEED    33   HIGHEST WIND DIRECTION    NW (330)
  HIGHEST GUST SPEED    42   HIGHEST GUST DIRECTION     N (340)
  AVERAGE WIND SPEED    10.6


SKY COVER
  AVERAGE SKY COVER 0.9


WEATHER CONDITIONS
 THE FOLLOWING WEATHER WAS RECORDED YESTERDAY.
  HEAVY RAIN
  RAIN
  LIGHT RAIN
  FOG


RELATIVE HUMIDITY (PERCENT)
 HIGHEST    93           400 AM
 LOWEST     62          1100 PM
 AVERAGE    78

..........................................................


THE TOPEKA KS CLIMATE NORMALS FOR TODAY
                         NORMAL    RECORD    YEAR
 MAXIMUM TEMPERATURE (F)   50        76      1990
 MINIMUM TEMPERATURE (F)   29         9      1898


SUNRISE AND SUNSET
NOVEMBER 24 2014......SUNRISE   715 AM CST   SUNSET   503 PM CST
NOVEMBER 25 2014......SUNRISE   716 AM CST   SUNSET   502 PM CST


-  INDICATES NEGATIVE NUMBERS.
R  INDICATES RECORD WAS SET OR TIED.
MM INDICATES DATA IS MISSING.
T  INDICATES TRACE AMOUNT.




$$
