000
CDUS43 KTOP 290632
CLITOP


CLIMATE REPORT
NATIONAL WEATHER SERVICE TOPEKA KS
131 AM CDT SAT AUG 29 2015


...................................

...THE TOPEKA KS CLIMATE SUMMARY FOR AUGUST 28 2015...

CLIMATE NORMAL PERIOD 1981 TO 2010
CLIMATE RECORD PERIOD 1887 TO 2015


WEATHER ITEM   OBSERVED TIME   RECORD YEAR NORMAL DEPARTURE LAST
                VALUE   (LST)  VALUE       VALUE  FROM      YEAR
                                                  NORMAL
..................................................................
TEMPERATURE (F)
 YESTERDAY
  MAXIMUM         84    304 PM 107    2000  87     -3       95
  MINIMUM         69    806 AM  43    1891  64      5       77
  AVERAGE         77                        75      2       86

PRECIPITATION (IN)
  YESTERDAY        0.21          1.39 1994   0.13   0.08      T
  MONTH TO DATE    3.10                      3.84  -0.74     4.12
  SINCE JUN 1     18.65                     13.06   5.59    11.30
  SINCE JAN 1     33.24                     26.17   7.07    18.77

SNOWFALL (IN)
  YESTERDAY        0.0           0.0    MM   0.0    0.0      0.0
  MONTH TO DATE    0.0                       0.0    0.0       T
  SINCE JAN 1      7.9                      11.3   -3.4     23.1
  SINCE JUL 1      0.0                       0.0    0.0       T
  SNOW DEPTH       0

DEGREE DAYS
 HEATING
  YESTERDAY        0                         0      0        0
  MONTH TO DATE    0                         0      0        0
  SINCE JUN 1      0                         8     -8        0
  SINCE JUL 1      0                         0      0        0

 COOLING
  YESTERDAY       12                        10      2       21
  MONTH TO DATE  298                       356    -58      439
  SINCE JUN 1   1112                      1072     40     1145
  SINCE JAN 1   1194                      1198     -4     1362
..................................................................


WIND (MPH)
  HIGHEST WIND SPEED    21   HIGHEST WIND DIRECTION     S (160)
  HIGHEST GUST SPEED    28   HIGHEST GUST DIRECTION     S (160)
  AVERAGE WIND SPEED     8.7


SKY COVER
  AVERAGE SKY COVER 0.4


WEATHER CONDITIONS
 THE FOLLOWING WEATHER WAS RECORDED YESTERDAY.
  THUNDERSTORM
  HEAVY RAIN
  RAIN
  LIGHT RAIN
  FOG


RELATIVE HUMIDITY (PERCENT)
 HIGHEST    93          1100 PM
 LOWEST     59           300 PM
 AVERAGE    76

..........................................................


THE TOPEKA KS CLIMATE NORMALS FOR TODAY
                         NORMAL    RECORD    YEAR
 MAXIMUM TEMPERATURE (F)   87       110      1984
 MINIMUM TEMPERATURE (F)   64        41      1988


SUNRISE AND SUNSET
AUGUST 29 2015........SUNRISE   648 AM CDT   SUNSET   758 PM CDT
AUGUST 30 2015........SUNRISE   649 AM CDT   SUNSET   756 PM CDT


-  INDICATES NEGATIVE NUMBERS.
R  INDICATES RECORD WAS SET OR TIED.
MM INDICATES DATA IS MISSING.
T  INDICATES TRACE AMOUNT.




$$
