171
CDUS43 KTOP 012133
CLITOP


CLIMATE REPORT
NATIONAL WEATHER SERVICE TOPEKA KS
432 PM CDT SAT OCT 1 2016


...................................

...THE TOPEKA KS CLIMATE SUMMARY FOR OCTOBER 1 2016...
VALID TODAY AS OF 0400 PM LOCAL TIME.

CLIMATE NORMAL PERIOD 1981 TO 2010
CLIMATE RECORD PERIOD 1887 TO 2016


WEATHER ITEM   OBSERVED TIME   RECORD YEAR NORMAL DEPARTURE LAST
                VALUE   (LST)  VALUE       VALUE  FROM      YEAR
                                                  NORMAL
..................................................................
TEMPERATURE (F)
 TODAY
  MAXIMUM         74    149 PM  95    1976  74      0       70
  MINIMUM         48    552 AM  29    1985  50     -2       46
                                      1984
  AVERAGE         61                        62     -1       58

PRECIPITATION (IN)
  TODAY            0.00          3.31 2005   0.12  -0.12     0.00
  MONTH TO DATE    0.00                      0.12  -0.12     0.00
  SINCE SEP 1      7.78                      3.78   4.00     7.43
  SINCE JAN 1     40.67                     30.35  10.32    40.67

SNOWFALL (IN)
  TODAY            0.0           0.0    MM   0.0    0.0      0.0
  MONTH TO DATE    0.0                       0.0    0.0      0.0
  SINCE JAN 1      3.7                      11.3   -7.6      7.9
  SINCE JUL 1      T                         0.0    0.0      0.0
  SNOW DEPTH       0

DEGREE DAYS
 HEATING
  TODAY            4                         5     -1        7
  MONTH TO DATE    4                         5     -1        7
  SINCE SEP 1     24                        70    -46       22
  SINCE JUL 1     24                        72    -48       22

 COOLING
  TODAY            0                         2     -2        0
  MONTH TO DATE    0                         2     -2        0
  SINCE SEP 1    244                       167     77      272
  SINCE JAN 1   1645                      1395    250     1490
..................................................................


WIND (MPH)
  HIGHEST WIND SPEED    12   HIGHEST WIND DIRECTION     N (20)
  HIGHEST GUST SPEED    14   HIGHEST GUST DIRECTION    NE (30)
  AVERAGE WIND SPEED     1.7



WEATHER CONDITIONS
 THE FOLLOWING WEATHER WAS RECORDED TODAY.
  FOG
  FOG W/VISIBILITY <= 1/4 MILE


RELATIVE HUMIDITY (PERCENT)
 HIGHEST    93           600 AM
 LOWEST     53           200 PM
 AVERAGE    73

..........................................................


THE TOPEKA KS CLIMATE NORMALS FOR TOMORROW
                         NORMAL    RECORD    YEAR
 MAXIMUM TEMPERATURE (F)   74        95      1963
                                             1953
 MINIMUM TEMPERATURE (F)   49        32      2004


SUNRISE AND SUNSET
OCTOBER  1 2016.......SUNRISE   719 AM CDT   SUNSET   704 PM CDT
OCTOBER  2 2016.......SUNRISE   720 AM CDT   SUNSET   703 PM CDT


-  INDICATES NEGATIVE NUMBERS.
R  INDICATES RECORD WAS SET OR TIED.
MM INDICATES DATA IS MISSING.
T  INDICATES TRACE AMOUNT.




$$
