962
CDUS43 KTOP 060635
CLITOP


CLIMATE REPORT
NATIONAL WEATHER SERVICE TOPEKA KS
1234 AM CST TUE DEC 6 2016


...................................

...THE TOPEKA KS CLIMATE SUMMARY FOR DECEMBER 5 2016...

CLIMATE NORMAL PERIOD 1981 TO 2010
CLIMATE RECORD PERIOD 1887 TO 2016


WEATHER ITEM   OBSERVED TIME   RECORD YEAR NORMAL DEPARTURE LAST
                VALUE   (LST)  VALUE       VALUE  FROM      YEAR
                                                  NORMAL
..................................................................
TEMPERATURE (F)
 YESTERDAY
  MAXIMUM         52    345 PM  73    2001  45      7       54
  MINIMUM         29    738 AM   2    1964  25      4       32
                                      1950
  AVERAGE         41                        35      6       43

PRECIPITATION (IN)
  YESTERDAY        0.00          1.77 1913   0.05  -0.05     0.00
  MONTH TO DATE    0.54                      0.26   0.28     0.00
  SINCE DEC 1      0.54                      0.26   0.28     0.00
  SINCE JAN 1     42.72                     35.37   7.35    46.68

SNOWFALL (IN)
  YESTERDAY        0.0          10.8  1942   0.2   -0.2      0.0
  MONTH TO DATE    0.0                       0.7   -0.7      0.0
  SINCE JAN 1      3.7                      13.3   -9.6      8.0
  SINCE JUL 1      T                         2.0   -2.0      0.1
  SNOW DEPTH       0

DEGREE DAYS
 HEATING
  YESTERDAY       24                        30     -6       22
  MONTH TO DATE  141                       148     -7      128
  SINCE DEC 1    141                       148     -7      128
  SINCE JUL 1    714                      1142   -428      864

 COOLING
  YESTERDAY        0                         0      0        0
  MONTH TO DATE    0                         0      0        0
  SINCE DEC 1      0                         0      0        0
  SINCE JAN 1   1711                      1422    289     1536
..................................................................


WIND (MPH)
  HIGHEST WIND SPEED    20   HIGHEST WIND DIRECTION    SE (140)
  HIGHEST GUST SPEED    24   HIGHEST GUST DIRECTION     S (160)
  AVERAGE WIND SPEED     7.0


SKY COVER
  AVERAGE SKY COVER 0.0


WEATHER CONDITIONS
 THE FOLLOWING WEATHER WAS RECORDED YESTERDAY.
  FOG


RELATIVE HUMIDITY (PERCENT)
 HIGHEST    92           100 AM
 LOWEST     54           400 PM
 AVERAGE    73

..........................................................


THE TOPEKA KS CLIMATE NORMALS FOR TODAY
                         NORMAL    RECORD    YEAR
 MAXIMUM TEMPERATURE (F)   44        77      1939
 MINIMUM TEMPERATURE (F)   24        -4      1950


SUNRISE AND SUNSET
DECEMBER  6 2016......SUNRISE   728 AM CST   SUNSET   500 PM CST
DECEMBER  7 2016......SUNRISE   729 AM CST   SUNSET   500 PM CST


-  INDICATES NEGATIVE NUMBERS.
R  INDICATES RECORD WAS SET OR TIED.
MM INDICATES DATA IS MISSING.
T  INDICATES TRACE AMOUNT.

$$
