713
CDUS43 KTOP 180632
CLITOP


CLIMATE REPORT
NATIONAL WEATHER SERVICE TOPEKA KS
1232 AM CST WED JAN 18 2017


...................................

...THE TOPEKA KS CLIMATE SUMMARY FOR JANUARY 17 2017...

CLIMATE NORMAL PERIOD 1981 TO 2010
CLIMATE RECORD PERIOD 1887 TO 2017


WEATHER ITEM   OBSERVED TIME   RECORD YEAR NORMAL DEPARTURE LAST
                VALUE   (LST)  VALUE       VALUE  FROM      YEAR
                                                  NORMAL
..................................................................
TEMPERATURE (F)
 YESTERDAY
  MAXIMUM         47    414 PM  66    1923  40      7       20
  MINIMUM         25   1158 PM -12    1930  19      6        5
  AVERAGE         36                        30      6       13

PRECIPITATION (IN)
  YESTERDAY        0.00          0.37 1960   0.03  -0.03      T
  MONTH TO DATE    1.20                      0.41   0.79     0.73
  SINCE DEC 1      2.25                      1.76   0.49     3.44
  SINCE JAN 1      1.20                      0.41   0.79     0.73

SNOWFALL (IN)
  YESTERDAY        0.0           4.2  1987   0.1   -0.1      0.2
  MONTH TO DATE    2.2                       2.6   -0.4      0.2
  SINCE JAN 1      2.2                       2.6   -0.4      0.2
  SINCE JUL 1      5.3                       9.1   -3.8      1.4
  SNOW DEPTH       0

DEGREE DAYS
 HEATING
  YESTERDAY       29                        35     -6       52
  MONTH TO DATE  624                       602     22      593
  SINCE DEC 1   1683                      1625     58     1364
  SINCE JUL 1   2256                      2619   -363     2100

 COOLING
  YESTERDAY        0                         0      0        0
  MONTH TO DATE    0                         0      0        0
  SINCE DEC 1      0                         0      0        0
  SINCE JAN 1      0                         0      0        0
..................................................................


WIND (MPH)
  HIGHEST WIND SPEED    14   HIGHEST WIND DIRECTION    NW (310)
  HIGHEST GUST SPEED    17   HIGHEST GUST DIRECTION    NW (300)
  AVERAGE WIND SPEED     5.6


SKY COVER
  AVERAGE SKY COVER 0.7


WEATHER CONDITIONS
 THE FOLLOWING WEATHER WAS RECORDED YESTERDAY.
  FOG
  HAZE


RELATIVE HUMIDITY (PERCENT)
 HIGHEST    92           900 PM
 LOWEST     60           400 PM
 AVERAGE    76

..........................................................


THE TOPEKA KS CLIMATE NORMALS FOR TODAY
                         NORMAL    RECORD    YEAR
 MAXIMUM TEMPERATURE (F)   40        71      1951
 MINIMUM TEMPERATURE (F)   19       -13      1930


SUNRISE AND SUNSET
JANUARY 18 2017.......SUNRISE   739 AM CST   SUNSET   528 PM CST
JANUARY 19 2017.......SUNRISE   738 AM CST   SUNSET   529 PM CST


-  INDICATES NEGATIVE NUMBERS.
R  INDICATES RECORD WAS SET OR TIED.
MM INDICATES DATA IS MISSING.
T  INDICATES TRACE AMOUNT.




$$
