349
CDUS43 KTOP 280632
CLITOP


CLIMATE REPORT
NATIONAL WEATHER SERVICE TOPEKA KS
132 AM CDT TUE MAR 28 2017


...................................

...THE TOPEKA KS CLIMATE SUMMARY FOR MARCH 27 2017...

CLIMATE NORMAL PERIOD 1981 TO 2010
CLIMATE RECORD PERIOD 1887 TO 2017


WEATHER ITEM   OBSERVED TIME   RECORD YEAR NORMAL DEPARTURE LAST
                VALUE   (LST)  VALUE       VALUE  FROM      YEAR
                                                  NORMAL
..................................................................
TEMPERATURE (F)
 YESTERDAY
  MAXIMUM         58    508 PM  87    1895  61     -3       56
  MINIMUM         46    651 AM  15    1913  37      9       33
  AVERAGE         52                        49      3       45

PRECIPITATION (IN)
  YESTERDAY        0.49          2.39 1905   0.10   0.39     0.26
  MONTH TO DATE    1.95                      2.08  -0.13     2.26
  SINCE MAR 1      1.95                      2.08  -0.13     2.26
  SINCE JAN 1      3.34                      4.26  -0.92     3.53

SNOWFALL (IN)
  YESTERDAY        0.0           1.4  2016   0.1   -0.1      1.4
  MONTH TO DATE    1.3                       1.5   -0.2      1.4
  SINCE JAN 1      3.5                      10.9   -7.4      3.7
  SINCE JUL 1      6.6                      17.4  -10.8      4.9
  SNOW DEPTH       0

DEGREE DAYS
 HEATING
  YESTERDAY       13                        17     -4       20
  MONTH TO DATE  441                       565   -124      388
  SINCE MAR 1    441                       565   -124      388
  SINCE JUL 1   3622                      4532   -910     3640

 COOLING
  YESTERDAY        0                         0      0        0
  MONTH TO DATE    9                         0      9        3
  SINCE MAR 1      9                         0      9        3
  SINCE JAN 1      9                         0      9        3
..................................................................


WIND (MPH)
  HIGHEST WIND SPEED    15   HIGHEST WIND DIRECTION     N (20)
  HIGHEST GUST SPEED    18   HIGHEST GUST DIRECTION     N (340)
  AVERAGE WIND SPEED     7.4


SKY COVER
  AVERAGE SKY COVER 1.0


WEATHER CONDITIONS
 THE FOLLOWING WEATHER WAS RECORDED YESTERDAY.
  RAIN
  LIGHT RAIN
  FOG


RELATIVE HUMIDITY (PERCENT)
 HIGHEST   100          1200 AM
 LOWEST     72           400 PM
 AVERAGE    86

..........................................................


THE TOPEKA KS CLIMATE NORMALS FOR TODAY
                         NORMAL    RECORD    YEAR
 MAXIMUM TEMPERATURE (F)   61        91      1895
 MINIMUM TEMPERATURE (F)   37        16      1899


SUNRISE AND SUNSET
MARCH 28 2017.........SUNRISE   713 AM CDT   SUNSET   743 PM CDT
MARCH 29 2017.........SUNRISE   711 AM CDT   SUNSET   744 PM CDT


-  INDICATES NEGATIVE NUMBERS.
R  INDICATES RECORD WAS SET OR TIED.
MM INDICATES DATA IS MISSING.
T  INDICATES TRACE AMOUNT.




$$
