000
CDUS43 KTOP 250634
CLITOP


CLIMATE REPORT
NATIONAL WEATHER SERVICE TOPEKA KS
132 AM CDT SAT MAR 25 2017


...................................

...THE TOPEKA KS CLIMATE SUMMARY FOR MARCH 24 2017...

CLIMATE NORMAL PERIOD 1981 TO 2010
CLIMATE RECORD PERIOD 1887 TO 2017


WEATHER ITEM   OBSERVED TIME   RECORD YEAR NORMAL DEPARTURE LAST
                VALUE   (LST)  VALUE       VALUE  FROM      YEAR
                                                  NORMAL
..................................................................
TEMPERATURE (F)
 YESTERDAY
  MAXIMUM         70    340 PM  88    1929  60     10       51
  MINIMUM         50   1159 PM  13    1965  36     14       28
  AVERAGE         60                        48     12       40

PRECIPITATION (IN)
  YESTERDAY        0.18          2.10 1945   0.09   0.09     0.01
  MONTH TO DATE    0.52                      1.80  -1.28     1.85
  SINCE MAR 1      0.52                      1.80  -1.28     1.85
  SINCE JAN 1      1.91                      3.98  -2.07     3.12

SNOWFALL (IN)
  YESTERDAY        0.0           5.9  1912   0.1   -0.1       T
  MONTH TO DATE    1.3                       1.4   -0.1       T
  SINCE JAN 1      3.5                      10.8   -7.3      2.3
  SINCE JUL 1      6.6                      17.3  -10.7      3.5
  SNOW DEPTH       0

DEGREE DAYS
 HEATING
  YESTERDAY        5                        18    -13       25
  MONTH TO DATE  394                       514   -120      328
  SINCE MAR 1    394                       514   -120      328
  SINCE JUL 1   3575                      4481   -906     3580

 COOLING
  YESTERDAY        0                         0      0        0
  MONTH TO DATE    9                         0      9        3
  SINCE MAR 1      9                         0      9        3
  SINCE JAN 1      9                         0      9        3
..................................................................


WIND (MPH)
  HIGHEST WIND SPEED    24   HIGHEST WIND DIRECTION     N (350)
  HIGHEST GUST SPEED    30   HIGHEST GUST DIRECTION     N (350)
  AVERAGE WIND SPEED    10.8


SKY COVER
  AVERAGE SKY COVER 0.6


WEATHER CONDITIONS
 THE FOLLOWING WEATHER WAS RECORDED YESTERDAY.
  THUNDERSTORM
  LIGHT RAIN
  FOG


RELATIVE HUMIDITY (PERCENT)
 HIGHEST    84           700 PM
 LOWEST     44           500 AM
 AVERAGE    64

..........................................................


THE TOPEKA KS CLIMATE NORMALS FOR TODAY
                         NORMAL    RECORD    YEAR
 MAXIMUM TEMPERATURE (F)   60        91      1907
 MINIMUM TEMPERATURE (F)   36         6      1955


SUNRISE AND SUNSET
MARCH 25 2017.........SUNRISE   718 AM CDT   SUNSET   740 PM CDT
MARCH 26 2017.........SUNRISE   716 AM CDT   SUNSET   741 PM CDT


-  INDICATES NEGATIVE NUMBERS.
R  INDICATES RECORD WAS SET OR TIED.
MM INDICATES DATA IS MISSING.
T  INDICATES TRACE AMOUNT.




$$
