202
CDUS43 KTOP 180643
CLITOP


CLIMATE REPORT
NATIONAL WEATHER SERVICE TOPEKA KS
143 AM CDT WED OCT 18 2017


...................................

...THE TOPEKA KS CLIMATE SUMMARY FOR OCTOBER 17 2017...

CLIMATE NORMAL PERIOD 1981 TO 2010
CLIMATE RECORD PERIOD 1887 TO 2017


WEATHER ITEM   OBSERVED TIME   RECORD YEAR NORMAL DEPARTURE LAST
                VALUE   (LST)  VALUE       VALUE  FROM      YEAR
                                                  NORMAL
..................................................................
TEMPERATURE (F)
 YESTERDAY
  MAXIMUM         75    405 PM  90    1991  68      7       89
  MINIMUM         47    706 AM  19    1976  44      3       69
  AVERAGE         61                        56      5       79

PRECIPITATION (IN)
  YESTERDAY        0.00          1.37 2007   0.10  -0.10     0.00
  MONTH TO DATE    1.89                      1.77   0.12     0.89
  SINCE SEP 1      3.67                      5.43  -1.76     8.67
  SINCE JAN 1     37.14                     32.00   5.14    41.56

SNOWFALL (IN)
  YESTERDAY        0.0           1.8  1898   0.0    0.0      0.0
  MONTH TO DATE    0.0                       0.1   -0.1      0.0
  SINCE JAN 1      3.5                      11.4   -7.9      3.7
  SINCE JUL 1      T                         0.1   -0.1       T
  SNOW DEPTH       0

DEGREE DAYS
 HEATING
  YESTERDAY        4                         9     -5        0
  MONTH TO DATE   62                       125    -63       70
  SINCE SEP 1     75                       190   -115       90
  SINCE JUL 1     75                       192   -117       90

 COOLING
  YESTERDAY        0                         1     -1       14
  MONTH TO DATE   53                        23     30       40
  SINCE SEP 1    281                       188     93      284
  SINCE JAN 1   1471                      1416     55     1685
..................................................................


WIND (MPH)
  HIGHEST WIND SPEED    21   HIGHEST WIND DIRECTION     S (190)
  HIGHEST GUST SPEED    29   HIGHEST GUST DIRECTION     S (200)
  AVERAGE WIND SPEED     8.6


SKY COVER
  AVERAGE SKY COVER 0.0


WEATHER CONDITIONS
 THE FOLLOWING WEATHER WAS RECORDED YESTERDAY.
  NO SIGNIFICANT WEATHER WAS OBSERVED.


RELATIVE HUMIDITY (PERCENT)
 HIGHEST    77           700 AM
 LOWEST     35          1200 PM
 AVERAGE    56

..........................................................


THE TOPEKA KS CLIMATE NORMALS FOR TODAY
                         NORMAL    RECORD    YEAR
 MAXIMUM TEMPERATURE (F)   68        88      1945
 MINIMUM TEMPERATURE (F)   44        24      1948


SUNRISE AND SUNSET
OCTOBER 18 2017.......SUNRISE   735 AM CDT   SUNSET   639 PM CDT
OCTOBER 19 2017.......SUNRISE   736 AM CDT   SUNSET   638 PM CDT


-  INDICATES NEGATIVE NUMBERS.
R  INDICATES RECORD WAS SET OR TIED.
MM INDICATES DATA IS MISSING.
T  INDICATES TRACE AMOUNT.




$$
