007
CDUS43 KTOP 162237
CLITOP


CLIMATE REPORT
NATIONAL WEATHER SERVICE TOPEKA KS
436 PM CST THU FEB 16 2017


...................................

...THE TOPEKA KS CLIMATE SUMMARY FOR FEBRUARY 16 2017...
VALID TODAY AS OF 0400 PM LOCAL TIME.

CLIMATE NORMAL PERIOD 1981 TO 2010
CLIMATE RECORD PERIOD 1887 TO 2017


WEATHER ITEM   OBSERVED TIME   RECORD YEAR NORMAL DEPARTURE LAST
                VALUE   (LST)  VALUE       VALUE  FROM      YEAR
                                                  NORMAL
..................................................................
TEMPERATURE (F)
 TODAY
  MAXIMUM         76R   315 PM  74    1961  45     31       50
  MINIMUM         42    745 AM  -9    1903  24     18       26
  AVERAGE         59                        35     24       38

PRECIPITATION (IN)
  TODAY            0.00          1.75 1911   0.04  -0.04      T
  MONTH TO DATE    T                         0.70  -0.70     0.35
  SINCE DEC 1      2.33                      2.91  -0.58     3.96
  SINCE JAN 1      1.28                      1.56  -0.28     1.25

SNOWFALL (IN)
  TODAY            0.0           2.2  1975   0.2   -0.2      0.0
  MONTH TO DATE    T                         3.0   -3.0       T
  SINCE JAN 1      2.2                       7.9   -5.7      2.1
  SINCE JUL 1      5.3                      14.4   -9.1      3.3
  SNOW DEPTH       0

DEGREE DAYS
 HEATING
  TODAY            6                        30    -24       27
  MONTH TO DATE  398                       519   -121      466
  SINCE DEC 1   2432                      2635   -203     2286
  SINCE JUL 1   3005                      3629   -624     3022

 COOLING
  TODAY            0                         0      0        0
  MONTH TO DATE    0                         0      0        0
  SINCE DEC 1      0                         0      0        0
  SINCE JAN 1      0                         0      0        0
..................................................................


WIND (MPH)
  HIGHEST WIND SPEED    21   HIGHEST WIND DIRECTION    SW (230)
  HIGHEST GUST SPEED    28   HIGHEST GUST DIRECTION     W (250)
  AVERAGE WIND SPEED     9.5



WEATHER CONDITIONS
 THE FOLLOWING WEATHER WAS RECORDED TODAY.
  NO SIGNIFICANT WEATHER WAS OBSERVED.


RELATIVE HUMIDITY (PERCENT)
 HIGHEST    57           800 AM
 LOWEST     15           300 PM
 AVERAGE    36

..........................................................


THE TOPEKA KS CLIMATE NORMALS FOR TOMORROW
                         NORMAL    RECORD    YEAR
 MAXIMUM TEMPERATURE (F)   46        76      2011
 MINIMUM TEMPERATURE (F)   24       -10      1903


SUNRISE AND SUNSET
FEBRUARY 16 2017......SUNRISE   712 AM CST   SUNSET   601 PM CST
FEBRUARY 17 2017......SUNRISE   711 AM CST   SUNSET   602 PM CST


-  INDICATES NEGATIVE NUMBERS.
R  INDICATES RECORD WAS SET OR TIED.
MM INDICATES DATA IS MISSING.
T  INDICATES TRACE AMOUNT.




$$
