000
CDUS43 KTOP 210631
CLITOP


CLIMATE REPORT
NATIONAL WEATHER SERVICE TOPEKA KS
131 AM CDT THU SEP 21 2017


...................................

...THE TOPEKA KS CLIMATE SUMMARY FOR SEPTEMBER 20 2017...

CLIMATE NORMAL PERIOD 1981 TO 2010
CLIMATE RECORD PERIOD 1887 TO 2017


WEATHER ITEM   OBSERVED TIME   RECORD YEAR NORMAL DEPARTURE LAST
                VALUE   (LST)  VALUE       VALUE  FROM      YEAR
                                                  NORMAL
..................................................................
TEMPERATURE (F)
 YESTERDAY
  MAXIMUM         90    326 PM  98    1980  79     11       93
                                      1944
  MINIMUM         74    641 AM  36    1991  54     20       67
                                      1918
  AVERAGE         82                        66     16       80

PRECIPITATION (IN)
  YESTERDAY        0.00          2.09 1965   0.13  -0.13     0.00
  MONTH TO DATE    1.22                      2.45  -1.23     5.40
  SINCE SEP 1      1.22                      2.45  -1.23     5.40
  SINCE JAN 1     34.69                     29.02   5.67    38.29

SNOWFALL (IN)
  YESTERDAY        0.0           0.0    MM   0.0    0.0      0.0
  MONTH TO DATE    0.0                       0.0    0.0      0.0
  SINCE JAN 1      3.5                      11.3   -7.8      3.7
  SINCE JUL 1      T                         0.0    0.0       T
  SNOW DEPTH       0

DEGREE DAYS
 HEATING
  YESTERDAY        0                         3     -3        0
  MONTH TO DATE    5                        24    -19        0
  SINCE SEP 1      5                        24    -19        0
  SINCE JUL 1      5                        26    -21        0

 COOLING
  YESTERDAY       17                         4     13       15
  MONTH TO DATE  147                       133     14      184
  SINCE SEP 1    147                       133     14      184
  SINCE JAN 1   1337                      1361    -24     1585
..................................................................


WIND (MPH)
  HIGHEST WIND SPEED    21   HIGHEST WIND DIRECTION     S (180)
  HIGHEST GUST SPEED    29   HIGHEST GUST DIRECTION     S (180)
  AVERAGE WIND SPEED     8.3


SKY COVER
  AVERAGE SKY COVER 0.4


WEATHER CONDITIONS
 THE FOLLOWING WEATHER WAS RECORDED YESTERDAY.
  NO SIGNIFICANT WEATHER WAS OBSERVED.


RELATIVE HUMIDITY (PERCENT)
 HIGHEST   100          1000 PM
 LOWEST     52           200 PM
 AVERAGE    76

..........................................................


THE TOPEKA KS CLIMATE NORMALS FOR TODAY
                         NORMAL    RECORD    YEAR
 MAXIMUM TEMPERATURE (F)   78        98      1956
 MINIMUM TEMPERATURE (F)   54        36      1999
                                             1995
                                             1982


SUNRISE AND SUNSET
SEPTEMBER 21 2017.....SUNRISE   710 AM CDT   SUNSET   721 PM CDT
SEPTEMBER 22 2017.....SUNRISE   710 AM CDT   SUNSET   719 PM CDT


-  INDICATES NEGATIVE NUMBERS.
R  INDICATES RECORD WAS SET OR TIED.
MM INDICATES DATA IS MISSING.
T  INDICATES TRACE AMOUNT.




$$
