406
CDUS43 KTOP 160631
CLITOP


CLIMATE REPORT
NATIONAL WEATHER SERVICE TOPEKA KS
1231 AM CST THU NOV 16 2017


...................................

...THE TOPEKA KS CLIMATE SUMMARY FOR NOVEMBER 15 2017...

CLIMATE NORMAL PERIOD 1981 TO 2010
CLIMATE RECORD PERIOD 1887 TO 2017


WEATHER ITEM   OBSERVED TIME   RECORD YEAR NORMAL DEPARTURE LAST
                VALUE   (LST)  VALUE       VALUE  FROM      YEAR
                                                  NORMAL
..................................................................
TEMPERATURE (F)
 YESTERDAY
  MAXIMUM         61    237 PM  78    1950  55      6       73
                                      1899
                                      1887
  MINIMUM         36    914 PM   9    1940  33      3       36
  AVERAGE         49                        44      5       55

PRECIPITATION (IN)
  YESTERDAY        T             4.66 1964   0.06  -0.06     0.00
  MONTH TO DATE    0.09                      1.05  -0.96     0.06
  SINCE SEP 1      4.81                      7.74  -2.93     9.16
  SINCE JAN 1     38.28                     34.31   3.97    42.05

SNOWFALL (IN)
  YESTERDAY        0.0           3.0  1932   0.0    0.0      0.0
  MONTH TO DATE    T                         0.2   -0.2      0.0
  SINCE JAN 1      3.9                      11.8   -7.9      3.7
  SINCE JUL 1      0.4                       0.5   -0.1       T
  SNOW DEPTH       0

DEGREE DAYS
 HEATING
  YESTERDAY       16                        21     -5       10
  MONTH TO DATE  331                       262     69      157
  SINCE SEP 1    586                       616    -30      313
  SINCE JUL 1    586                       618    -32      313

 COOLING
  YESTERDAY        0                         0      0        0
  MONTH TO DATE    0                         0      0        7
  SINCE SEP 1    283                       192     91      304
  SINCE JAN 1   1473                      1420     53     1705
..................................................................


WIND (MPH)
  HIGHEST WIND SPEED    20   HIGHEST WIND DIRECTION    NW (310)
  HIGHEST GUST SPEED    26   HIGHEST GUST DIRECTION    NW (320)
  AVERAGE WIND SPEED     8.2


SKY COVER
  AVERAGE SKY COVER 0.3


WEATHER CONDITIONS
 THE FOLLOWING WEATHER WAS RECORDED YESTERDAY.
  LIGHT RAIN
  FOG


RELATIVE HUMIDITY (PERCENT)
 HIGHEST   100           400 AM
 LOWEST     36           300 PM
 AVERAGE    68

..........................................................


THE TOPEKA KS CLIMATE NORMALS FOR TODAY
                         NORMAL    RECORD    YEAR
 MAXIMUM TEMPERATURE (F)   54        80      2016
 MINIMUM TEMPERATURE (F)   33         8      1959
                                             1955
                                             1932


SUNRISE AND SUNSET
NOVEMBER 16 2017......SUNRISE   707 AM CST   SUNSET   507 PM CST
NOVEMBER 17 2017......SUNRISE   708 AM CST   SUNSET   507 PM CST


-  INDICATES NEGATIVE NUMBERS.
R  INDICATES RECORD WAS SET OR TIED.
MM INDICATES DATA IS MISSING.
T  INDICATES TRACE AMOUNT.




$$
