000
CDUS43 KTOP 190631
CLITOP


CLIMATE REPORT
NATIONAL WEATHER SERVICE TOPEKA KS
131 AM CDT FRI SEP 19 2014


...................................

...THE TOPEKA KS CLIMATE SUMMARY FOR SEPTEMBER 18 2014...

CLIMATE NORMAL PERIOD 1981 TO 2010
CLIMATE RECORD PERIOD 1887 TO 2014


WEATHER ITEM   OBSERVED TIME   RECORD YEAR NORMAL DEPARTURE LAST
                VALUE   (LST)  VALUE       VALUE  FROM      YEAR
                                                  NORMAL
..................................................................
TEMPERATURE (F)
 YESTERDAY
  MAXIMUM         73    249 PM 101    1925  80     -7       92
  MINIMUM         61    949 PM  35    1973  55      6       68
  AVERAGE         67                        67      0       80

PRECIPITATION (IN)
  YESTERDAY        0.00          1.40 1922   0.13  -0.13     0.00
  MONTH TO DATE    4.07                      2.20   1.87     2.55
  SINCE SEP 1      4.07                      2.20   1.87     2.55
  SINCE JAN 1     23.91                     28.77  -4.86    27.02

SNOWFALL (IN)
  YESTERDAY        0.0           T    2002   0.0    0.0      0.0
  MONTH TO DATE    0.0                       0.0    0.0      0.0
  SINCE JAN 1     23.1                      11.3   11.8     24.2
  SINCE JUL 1      T                         0.0    0.0      0.0
  SNOW DEPTH       0

DEGREE DAYS
 HEATING
  YESTERDAY        0                         2     -2        0
  MONTH TO DATE   46                        18     28        3
  SINCE SEP 1     46                        18     28        3
  SINCE JUL 1     46                        20     26        3

 COOLING
  YESTERDAY        2                         5     -3       15
  MONTH TO DATE  108                       125    -17      209
  SINCE SEP 1    108                       125    -17      209
  SINCE JAN 1   1518                      1353    165     1503
..................................................................


WIND (MPH)
  HIGHEST WIND SPEED    14   HIGHEST WIND DIRECTION     E (70)
  HIGHEST GUST SPEED    20   HIGHEST GUST DIRECTION    NE (60)
  AVERAGE WIND SPEED     7.4


SKY COVER
  AVERAGE SKY COVER 0.8


WEATHER CONDITIONS
 THE FOLLOWING WEATHER WAS RECORDED YESTERDAY.
  FOG
  FOG W/VISIBILITY <= 1/4 MILE
  HAZE


RELATIVE HUMIDITY (PERCENT)
 HIGHEST   100          1200 AM
 LOWEST     79           200 PM
 AVERAGE    90

..........................................................


THE TOPEKA KS CLIMATE NORMALS FOR TODAY
                         NORMAL    RECORD    YEAR
 MAXIMUM TEMPERATURE (F)   79        97      1954
 MINIMUM TEMPERATURE (F)   55        35      1991


SUNRISE AND SUNSET
SEPTEMBER 19 2014.....SUNRISE   707 AM CDT   SUNSET   724 PM CDT
SEPTEMBER 20 2014.....SUNRISE   708 AM CDT   SUNSET   723 PM CDT


-  INDICATES NEGATIVE NUMBERS.
R  INDICATES RECORD WAS SET OR TIED.
MM INDICATES DATA IS MISSING.
T  INDICATES TRACE AMOUNT.




$$
