000
CDUS43 KTOP 190631
CLITOP


CLIMATE REPORT
NATIONAL WEATHER SERVICE TOPEKA KS
131 AM CDT SUN MAR 19 2017


...................................

...THE TOPEKA KS CLIMATE SUMMARY FOR MARCH 18 2017...

CLIMATE NORMAL PERIOD 1981 TO 2010
CLIMATE RECORD PERIOD 1887 TO 2017


WEATHER ITEM   OBSERVED TIME   RECORD YEAR NORMAL DEPARTURE LAST
                VALUE   (LST)  VALUE       VALUE  FROM      YEAR
                                                  NORMAL
..................................................................
TEMPERATURE (F)
 YESTERDAY
  MAXIMUM         65    459 PM  86    1921  57      8       52
  MINIMUM         34    559 AM  -2    1923  34      0       32
  AVERAGE         50                        46      4       42

PRECIPITATION (IN)
  YESTERDAY        0.00          2.47 1992   0.09  -0.09     0.03
  MONTH TO DATE    0.34                      1.28  -0.94     1.84
  SINCE MAR 1      0.34                      1.28  -0.94     1.84
  SINCE JAN 1      1.73                      3.46  -1.73     3.11

SNOWFALL (IN)
  YESTERDAY        0.0           4.5  1906   0.0    0.0       T
  MONTH TO DATE    1.3                       1.1    0.2       T
  SINCE JAN 1      3.5                      10.5   -7.0      2.3
  SINCE JUL 1      6.6                      17.0  -10.4      3.5
  SNOW DEPTH       0

DEGREE DAYS
 HEATING
  YESTERDAY       15                        19     -4       23
  MONTH TO DATE  362                       404    -42      233
  SINCE MAR 1    362                       404    -42      233
  SINCE JUL 1   3543                      4371   -828     3485

 COOLING
  YESTERDAY        0                         0      0        0
  MONTH TO DATE    0                         0      0        3
  SINCE MAR 1      0                         0      0        3
  SINCE JAN 1      0                         0      0        3
..................................................................


WIND (MPH)
  HIGHEST WIND SPEED    12   HIGHEST WIND DIRECTION     N (20)
  HIGHEST GUST SPEED    16   HIGHEST GUST DIRECTION    NE (30)
  AVERAGE WIND SPEED     3.9


SKY COVER
  AVERAGE SKY COVER 0.2


WEATHER CONDITIONS
 THE FOLLOWING WEATHER WAS RECORDED YESTERDAY.
  NO SIGNIFICANT WEATHER WAS OBSERVED.


RELATIVE HUMIDITY (PERCENT)
 HIGHEST    85           700 AM
 LOWEST     15           400 PM
 AVERAGE    50

..........................................................


THE TOPEKA KS CLIMATE NORMALS FOR TODAY
                         NORMAL    RECORD    YEAR
 MAXIMUM TEMPERATURE (F)   58        82      1907
 MINIMUM TEMPERATURE (F)   34         0      1923


SUNRISE AND SUNSET
MARCH 19 2017.........SUNRISE   727 AM CDT   SUNSET   734 PM CDT
MARCH 20 2017.........SUNRISE   726 AM CDT   SUNSET   735 PM CDT


-  INDICATES NEGATIVE NUMBERS.
R  INDICATES RECORD WAS SET OR TIED.
MM INDICATES DATA IS MISSING.
T  INDICATES TRACE AMOUNT.




$$
