000
CDUS43 KTOP 242136
CLITOP


CLIMATE REPORT
NATIONAL WEATHER SERVICE TOPEKA KS
435 PM CDT THU JUL 24 2014


...................................

...THE TOPEKA KS CLIMATE SUMMARY FOR JULY 24 2014...
VALID TODAY AS OF 0400 PM LOCAL TIME.

CLIMATE NORMAL PERIOD 1981 TO 2010
CLIMATE RECORD PERIOD 1887 TO 2014


WEATHER ITEM   OBSERVED TIME   RECORD YEAR NORMAL DEPARTURE LAST
                VALUE   (LST)  VALUE       VALUE  FROM      YEAR
                                                  NORMAL
..................................................................
TEMPERATURE (F)
 TODAY
  MAXIMUM         89    230 PM 114    1936  90     -1       89
  MINIMUM         65    524 AM  52    1978  69     -4       64
  AVERAGE         77                        79     -2       77

PRECIPITATION (IN)
  TODAY            0.00          2.46 2004   0.11  -0.11     0.00
  MONTH TO DATE    0.95                      3.04  -2.09     0.25
  SINCE JUN 1      7.18                      8.44  -1.26     3.40
  SINCE JAN 1     14.65                     21.55  -6.90    17.73

SNOWFALL (IN)
  TODAY            0.0           T    1981   0.0    0.0      0.0
  MONTH TO DATE    0.0                       0.0    0.0      0.0
  SINCE JAN 1     23.1                      11.3   11.8     24.2
  SINCE JUL 1      0.0                       0.0    0.0      0.0
  SNOW DEPTH       0

DEGREE DAYS
 HEATING
  TODAY            0                         0      0        0
  MONTH TO DATE    0                         0      0        0
  SINCE JUN 1      0                         8     -8        5
  SINCE JUL 1      0                         0      0        0

 COOLING
  TODAY           12                        14     -2       12
  MONTH TO DATE  276                       331    -55      373
  SINCE JUN 1    612                       615     -3      710
  SINCE JAN 1    829                       741     88      855
..................................................................


WIND (MPH)
  HIGHEST WIND SPEED    20   HIGHEST WIND DIRECTION    SE (140)
  HIGHEST GUST SPEED    24   HIGHEST GUST DIRECTION    SE (140)
  AVERAGE WIND SPEED     7.5



WEATHER CONDITIONS
 THE FOLLOWING WEATHER WAS RECORDED TODAY.
  NO SIGNIFICANT WEATHER WAS OBSERVED.


RELATIVE HUMIDITY (PERCENT)
 HIGHEST    87           500 AM
 LOWEST     40           300 PM
 AVERAGE    64

..........................................................


THE TOPEKA KS CLIMATE NORMALS FOR TOMORROW
                         NORMAL    RECORD    YEAR
 MAXIMUM TEMPERATURE (F)   90       110      1936
 MINIMUM TEMPERATURE (F)   69        53      1975
                                             1887


SUNRISE AND SUNSET
JULY 24 2014..........SUNRISE   616 AM CDT   SUNSET   841 PM CDT
JULY 25 2014..........SUNRISE   617 AM CDT   SUNSET   841 PM CDT


-  INDICATES NEGATIVE NUMBERS.
R  INDICATES RECORD WAS SET OR TIED.
MM INDICATES DATA IS MISSING.
T  INDICATES TRACE AMOUNT.




$$
