000
CDUS43 KTOP 160633
CLITOP


CLIMATE REPORT
NATIONAL WEATHER SERVICE TOPEKA KS
132 AM CDT MON MAY 16 2016


...................................

...THE TOPEKA KS CLIMATE SUMMARY FOR MAY 15 2016...

CLIMATE NORMAL PERIOD 1981 TO 2010
CLIMATE RECORD PERIOD 1887 TO 2016


WEATHER ITEM   OBSERVED TIME   RECORD YEAR NORMAL DEPARTURE LAST
                VALUE   (LST)  VALUE       VALUE  FROM      YEAR
                                                  NORMAL
..................................................................
TEMPERATURE (F)
 YESTERDAY
  MAXIMUM         66   1219 PM  95    1944  76    -10       78
  MINIMUM         41    518 AM  32    1907  54    -13       57
  AVERAGE         54                        65    -11       68

PRECIPITATION (IN)
  YESTERDAY        0.15          1.66 1990   0.16  -0.01      T
  MONTH TO DATE    2.82                      2.33   0.49     3.00
  SINCE MAR 1     12.04                      8.35   3.69     6.17
  SINCE JAN 1     13.31                     10.53   2.78     8.16

SNOWFALL (IN)
  YESTERDAY        0.0           T    1990   0.0    0.0      0.0
  MONTH TO DATE    T                         0.0    0.0      0.0
  SINCE JAN 1      3.7                      11.3   -7.6      7.9
  SINCE JUL 1      4.9                      17.8  -12.9     10.3
  SNOW DEPTH       0

DEGREE DAYS
 HEATING
  YESTERDAY       11                         3      8        0
  MONTH TO DATE   71                        67      4       35
  SINCE MAR 1    708                      1017   -309      816
  SINCE JUL 1   3960                      4984  -1024     4817

 COOLING
  YESTERDAY        0                         3     -3        3
  MONTH TO DATE   18                        31    -13       39
  SINCE MAR 1     36                        59    -23       44
  SINCE JAN 1     36                        59    -23       44
..................................................................


WIND (MPH)
  HIGHEST WIND SPEED    14   HIGHEST WIND DIRECTION     S (180)
  HIGHEST GUST SPEED    17   HIGHEST GUST DIRECTION     S (200)
  AVERAGE WIND SPEED     4.6


SKY COVER
  AVERAGE SKY COVER 0.4


WEATHER CONDITIONS
 THE FOLLOWING WEATHER WAS RECORDED YESTERDAY.
  LIGHT RAIN
  FOG


RELATIVE HUMIDITY (PERCENT)
 HIGHEST    89           500 AM
 LOWEST     30          1200 PM
 AVERAGE    60

..........................................................


THE TOPEKA KS CLIMATE NORMALS FOR TODAY
                         NORMAL    RECORD    YEAR
 MAXIMUM TEMPERATURE (F)   76        95      1931
 MINIMUM TEMPERATURE (F)   54        34      1890


SUNRISE AND SUNSET
MAY 16 2016...........SUNRISE   608 AM CDT   SUNSET   830 PM CDT
MAY 17 2016...........SUNRISE   607 AM CDT   SUNSET   831 PM CDT


-  INDICATES NEGATIVE NUMBERS.
R  INDICATES RECORD WAS SET OR TIED.
MM INDICATES DATA IS MISSING.
T  INDICATES TRACE AMOUNT.




$$
