000
CDUS43 KTOP 280634
CLITOP


CLIMATE REPORT
NATIONAL WEATHER SERVICE TOPEKA KS
132 AM CDT THU MAY 28 2015


...................................

...THE TOPEKA KS CLIMATE SUMMARY FOR MAY 27 2015...

CLIMATE NORMAL PERIOD 1981 TO 2010
CLIMATE RECORD PERIOD 1887 TO 2015


WEATHER ITEM   OBSERVED TIME   RECORD YEAR NORMAL DEPARTURE LAST
                VALUE   (LST)  VALUE       VALUE  FROM      YEAR
                                                  NORMAL
..................................................................
TEMPERATURE (F)
 YESTERDAY
  MAXIMUM         81    456 PM  92    2006  79      2       86
  MINIMUM         56    514 AM  37    1907  58     -2       62
  AVERAGE         69                        68      1       74

PRECIPITATION (IN)
  YESTERDAY        0.00          3.62 1935   0.16  -0.16     0.00
  MONTH TO DATE    9.01                      4.28   4.73     1.62
  SINCE MAR 1     12.18                     10.30   1.88     5.80
  SINCE JAN 1     14.17                     12.48   1.69     7.46

SNOWFALL (IN)
  YESTERDAY        0.0           0.0    MM   0.0    0.0      0.0
  MONTH TO DATE    0.0                       0.0    0.0       T
  SINCE JAN 1      7.9                      11.3   -3.4     23.1
  SINCE JUL 1     10.3                      17.8   -7.5     27.4
  SNOW DEPTH       0

DEGREE DAYS
 HEATING
  YESTERDAY        0                         1     -1        0
  MONTH TO DATE   87                        93     -6       96
  SINCE MAR 1    868                      1043   -175     1118
  SINCE JUL 1   4869                      5010   -141     5440

 COOLING
  YESTERDAY        4                         5     -1        9
  MONTH TO DATE   68                        78    -10      141
  SINCE MAR 1     73                       106    -33      164
  SINCE JAN 1     73                       106    -33      164
..................................................................


WIND (MPH)
  HIGHEST WIND SPEED    12   HIGHEST WIND DIRECTION    SE (130)
  HIGHEST GUST SPEED    16   HIGHEST GUST DIRECTION    SE (130)
  AVERAGE WIND SPEED     4.1


SKY COVER
  AVERAGE SKY COVER 0.1


WEATHER CONDITIONS
 THE FOLLOWING WEATHER WAS RECORDED YESTERDAY.
  NO SIGNIFICANT WEATHER WAS OBSERVED.


RELATIVE HUMIDITY (PERCENT)
 HIGHEST    97           100 AM
 LOWEST     36           300 PM
 AVERAGE    67

..........................................................


THE TOPEKA KS CLIMATE NORMALS FOR TODAY
                         NORMAL    RECORD    YEAR
 MAXIMUM TEMPERATURE (F)   80        93      2012
                                             1998
 MINIMUM TEMPERATURE (F)   58        36      1992


SUNRISE AND SUNSET
MAY 28 2015...........SUNRISE   601 AM CDT   SUNSET   839 PM CDT
MAY 29 2015...........SUNRISE   600 AM CDT   SUNSET   840 PM CDT


-  INDICATES NEGATIVE NUMBERS.
R  INDICATES RECORD WAS SET OR TIED.
MM INDICATES DATA IS MISSING.
T  INDICATES TRACE AMOUNT.




$$
